{"id":4816,"date":"2022-04-06T12:00:47","date_gmt":"2022-04-06T10:00:47","guid":{"rendered":"https:\/\/affordablehousingactivation.org\/?post_type=tribe_events&#038;p=4816"},"modified":"2022-04-07T15:51:57","modified_gmt":"2022-04-07T13:51:57","slug":"sao-paulo-elisabete-franca-executive-secretary-sao-paulo-housing-department","status":"publish","type":"exemplary_case","link":"https:\/\/affordablehousingactivation.org\/es\/casos-de-exito\/sao-paulo-elisabete-franca-executive-secretary-sao-paulo-housing-department\/","title":{"rendered":"Sao Paulo: Elisabete Fran\u00e7a, Secretaria Ejecutiva del Departamento de Vivienda de Sao Paulo"},"content":{"rendered":"<p><span data-contrast=\"auto\">Gestora p\u00fablica desde la d\u00e9cada de 1990, ha contribuido a la formulaci\u00f3n e implementaci\u00f3n de pol\u00edticas p\u00fablicas relacionadas con programas de vivienda, recuperaci\u00f3n ambiental en zonas precarias y movilidad urbana, especialmente en la ciudad de S\u00e3o Paulo.\u00a0\u00a0<\/span><span data-ccp-props=\"{&quot;201341983&quot;:0,&quot;335559739&quot;:160,&quot;335559740&quot;:256}\">\u00a0<\/span><\/p>\n<p><span data-contrast=\"auto\">De 2005 a 2012, fue responsable del mayor proyecto de mejoramiento de favelas en Am\u00e9rica Latina, el Programa de Mejoramiento de Favelas de la Municipalidad de S\u00e3o Paulo, premiado con el Pergamino de Honor de ONU-H\u00e1bitat, en 2012.\u202f<\/span><span data-ccp-props=\"{&quot;201341983&quot;:0,&quot;335559739&quot;:160,&quot;335559740&quot;:256}\">\u00a0<\/span><\/p>\n<p><span data-contrast=\"auto\">Desde 2005, ha coordinado varios estudios con socios internacionales, con el fin de divulgar las acciones del municipio en el \u00e1rea de la vivienda social, con la Escuela de Posgrado de Arquitectura de la Universidad de Columbia, la Escuela de Posgrado de Dise\u00f1o de la Universidad de Harvard y la ETH, con la Bienal Internacional de Arquitectura de Rotterdam y Aedes Pfefferberg.\u202f\u00a0<\/span><span data-ccp-props=\"{&quot;201341983&quot;:0,&quot;335559739&quot;:160,&quot;335559740&quot;:256}\">\u00a0<\/span><\/p>\n<p><span data-contrast=\"auto\">Tambi\u00e9n se ha dedicado a divulgar la producci\u00f3n de proyectos de vivienda social y programas de mejora de barrios marginales, organizando varias exposiciones y publicaciones. Fue comisaria del Pabell\u00f3n de Brasil en la Bienal de Venecia de 2002 y coordinadora del Comit\u00e9 Cient\u00edfico del Congreso Internacional de Arquitectos UIA2021RIO.\u00a0\u00a0<\/span><span data-ccp-props=\"{&quot;201341983&quot;:0,&quot;335559739&quot;:160,&quot;335559740&quot;:256}\">\u00a0<\/span><\/p>\n","protected":false},"excerpt":{"rendered":"<p>Elisabete Fran\u00e7a es actualmente directora ejecutiva del Programa Mananciais en el Departamento de Vivienda de la ciudad de S\u00e3o Paulo y profesora de la Funda\u00e7\u00e3o Armando \u00c1lvares Penteado.\u00a0\u00a0\u00a0<\/p>\n","protected":false},"featured_media":3129,"parent":0,"template":"","meta":{"_price":"","_stock":"","_tribe_ticket_header":"","_tribe_default_ticket_provider":"Tribe__Tickets_Plus__Commerce__WooCommerce__Main","_tribe_ticket_capacity":"0","_ticket_start_date":"","_ticket_end_date":"","_tribe_ticket_show_description":"","_tribe_ticket_show_not_going":false,"_tribe_ticket_use_global_stock":"","_tribe_ticket_global_stock_level":"","_global_stock_mode":"","_global_stock_cap":"","_tribe_rsvp_for_event":"","_tribe_ticket_going_count":"","_tribe_ticket_not_going_count":"","_tribe_tickets_list":[],"_tribe_ticket_has_attendee_info_fields":false},"barrera":[113],"acf":[],"_links":{"self":[{"href":"https:\/\/affordablehousingactivation.org\/es\/wp-json\/wp\/v2\/exemplary_case\/4816"}],"collection":[{"href":"https:\/\/affordablehousingactivation.org\/es\/wp-json\/wp\/v2\/exemplary_case"}],"about":[{"href":"https:\/\/affordablehousingactivation.org\/es\/wp-json\/wp\/v2\/types\/exemplary_case"}],"wp:featuredmedia":[{"embeddable":true,"href":"https:\/\/affordablehousingactivation.org\/es\/wp-json\/wp\/v2\/media\/3129"}],"wp:attachment":[{"href":"https:\/\/affordablehousingactivation.org\/es\/wp-json\/wp\/v2\/media?parent=4816"}],"wp:term":[{"taxonomy":"barrera","embeddable":true,"href":"https:\/\/affordablehousingactivation.org\/es\/wp-json\/wp\/v2\/barrera?post=4816"}],"curies":[{"name":"wp","href":"https:\/\/api.w.org\/{rel}","templated":true}]}}

Sao Paulo: Elisabete França, Secretaria Ejecutiva del Departamento de Vivienda de Sao Paulo

<p><span data-contrast="auto">Gestora pública desde la década de 1990, ha contribuido a la formulación e implementación de políticas públicas relacionadas con programas de vivienda, recuperación ambiental en zonas precarias y movilidad urbana, especialmente en la ciudad de São Paulo.  </span><span data-ccp-props="{&quot;201341983&quot;:0,&quot;335559739&quot;:160,&quot;335559740&quot;:256}"> </span></p>
<p><span data-contrast="auto">De 2005 a 2012, fue responsable del mayor proyecto de mejoramiento de favelas en América Latina, el Programa de Mejoramiento de Favelas de la Municipalidad de São Paulo, premiado con el Pergamino de Honor de ONU-Hábitat, en 2012. </span><span data-ccp-props="{&quot;201341983&quot;:0,&quot;335559739&quot;:160,&quot;335559740&quot;:256}"> </span></p>
<p><span data-contrast="auto">Desde 2005, ha coordinado varios estudios con socios internacionales, con el fin de divulgar las acciones del municipio en el área de la vivienda social, con la Escuela de Posgrado de Arquitectura de la Universidad de Columbia, la Escuela de Posgrado de Diseño de la Universidad de Harvard y la ETH, con la Bienal Internacional de Arquitectura de Rotterdam y Aedes Pfefferberg.  </span><span data-ccp-props="{&quot;201341983&quot;:0,&quot;335559739&quot;:160,&quot;335559740&quot;:256}"> </span></p>
<p><span data-contrast="auto">También se ha dedicado a divulgar la producción de proyectos de vivienda social y programas de mejora de barrios marginales, organizando varias exposiciones y publicaciones. Fue comisaria del Pabellón de Brasil en la Bienal de Venecia de 2002 y coordinadora del Comité Científico del Congreso Internacional de Arquitectos UIA2021RIO.  </span><span data-ccp-props="{&quot;201341983&quot;:0,&quot;335559739&quot;:160,&quot;335559740&quot;:256}"> </span></p>

<p>Elisabete França es actualmente directora ejecutiva del Programa Mananciais en el Departamento de Vivienda de la ciudad de São Paulo y profesora de la Fundação Armando Álvares Penteado.   </p>
