{"id":6609,"date":"2022-04-26T19:05:33","date_gmt":"2022-04-26T17:05:33","guid":{"rendered":"https:\/\/affordablehousingactivation.org\/?post_type=tribe_events&#038;p=6609"},"modified":"2022-04-26T19:05:33","modified_gmt":"2022-04-26T17:05:33","slug":"prater-street-social-housing","status":"publish","type":"exemplary_case","link":"https:\/\/affordablehousingactivation.org\/es\/casos-de-exito\/prater-street-social-housing\/","title":{"rendered":"Pr\u00e1ter Street Social Housing"},"content":{"rendered":"<p><span data-contrast=\"auto\">Consequently, although the project responds to the heights and proportions of the surrounding buildings, the choice of materials and dynamic facade articulated by horizontal elements, creates a singular identity. Between the two volumes, a rectangular form that continues the block and an L-shaped one that completes the corner, a garden has been generated providing sunlight and ventilation to the apartments and which can be seen from the street.<\/span><span data-ccp-props=\"{&quot;201341983&quot;:0,&quot;335559739&quot;:160,&quot;335559740&quot;:259}\">\u00a0<\/span><\/p>\n<p><span data-contrast=\"auto\">The street facades with their characteristic slim balconies and overhangs wrap around the garden, augmented by elevated walkways that connect the two buildings. The various apartment types have in common a clear and flexible layout and from the two rooftop terraces there are panoramic views over the city.<\/span><span data-ccp-props=\"{&quot;201341983&quot;:0,&quot;335559739&quot;:160,&quot;335559740&quot;:259}\">\u00a0<\/span><\/p>\n<p><span data-ccp-props=\"{&quot;201341983&quot;:0,&quot;335559739&quot;:160,&quot;335559740&quot;:259}\"> <img loading=\"lazy\" class=\"alignnone size-medium wp-image-6612\" src=\"https:\/\/affordablehousingactivation.org\/web\/app\/uploads\/2022\/04\/136-2977.jpg\" alt=\"\" width=\"203\" height=\"270\" title=\"\"> <img loading=\"lazy\" class=\"alignnone size-full wp-image-6614\" src=\"https:\/\/affordablehousingactivation.org\/web\/app\/uploads\/2022\/04\/136-2976.jpg\" alt=\"\" width=\"203\" height=\"270\" title=\"\"><\/span><\/p>\n<p aria-level=\"3\"><b><span data-contrast=\"none\">Name of work in English<\/span><\/b><span data-ccp-props=\"{&quot;134233117&quot;:true,&quot;134233118&quot;:true,&quot;201341983&quot;:0,&quot;335559738&quot;:75,&quot;335559740&quot;:240}\">\u00a0<\/span><\/p>\n<p><span data-contrast=\"none\">Pr\u00e1ter Street Social Housing<\/span><span data-ccp-props=\"{&quot;134233117&quot;:true,&quot;134233118&quot;:true,&quot;201341983&quot;:0,&quot;335559739&quot;:150,&quot;335559740&quot;:240}\">\u00a0<\/span><\/p>\n<p aria-level=\"3\"><b><span data-contrast=\"none\">Name of work in original language<\/span><\/b><span data-ccp-props=\"{&quot;134233117&quot;:true,&quot;134233118&quot;:true,&quot;201341983&quot;:0,&quot;335559738&quot;:75,&quot;335559740&quot;:240}\">\u00a0<\/span><\/p>\n<p><span data-contrast=\"none\">Pr\u00e1ter utcai \u00f6nkorm\u00e1nyzati lak\u00f3\u00e9p\u00fclet<\/span><span data-ccp-props=\"{&quot;134233117&quot;:true,&quot;134233118&quot;:true,&quot;201341983&quot;:0,&quot;335559739&quot;:150,&quot;335559740&quot;:240}\">\u00a0<\/span><\/p>\n<p aria-level=\"3\"><b><span data-contrast=\"none\">Placement<\/span><\/b><span data-ccp-props=\"{&quot;134233117&quot;:true,&quot;134233118&quot;:true,&quot;201341983&quot;:0,&quot;335559738&quot;:75,&quot;335559740&quot;:240}\">\u00a0<\/span><\/p>\n<p><span data-contrast=\"none\">Shortlisted<\/span><span data-ccp-props=\"{&quot;134233117&quot;:true,&quot;134233118&quot;:true,&quot;201341983&quot;:0,&quot;335559739&quot;:150,&quot;335559740&quot;:240}\">\u00a0<\/span><\/p>\n<p aria-level=\"3\"><b><span data-contrast=\"none\">Prize year<\/span><\/b><span data-ccp-props=\"{&quot;134233117&quot;:true,&quot;134233118&quot;:true,&quot;201341983&quot;:0,&quot;335559738&quot;:75,&quot;335559740&quot;:240}\">\u00a0<\/span><\/p>\n<p><span data-contrast=\"none\">2009<\/span><span data-ccp-props=\"{&quot;134233117&quot;:true,&quot;134233118&quot;:true,&quot;201341983&quot;:0,&quot;335559739&quot;:150,&quot;335559740&quot;:240}\">\u00a0<\/span><\/p>\n<p aria-level=\"3\"><b><span data-contrast=\"none\">Location<\/span><\/b><span data-ccp-props=\"{&quot;134233117&quot;:true,&quot;134233118&quot;:true,&quot;201341983&quot;:0,&quot;335559738&quot;:75,&quot;335559740&quot;:240}\">\u00a0<\/span><\/p>\n<p><span data-contrast=\"none\">Budapest, Hungary<\/span><span data-ccp-props=\"{&quot;134233117&quot;:true,&quot;134233118&quot;:true,&quot;201341983&quot;:0,&quot;335559739&quot;:150,&quot;335559740&quot;:240}\">\u00a0<\/span><\/p>\n<p aria-level=\"3\"><b><span data-contrast=\"none\">Year completed<\/span><\/b><span data-ccp-props=\"{&quot;134233117&quot;:true,&quot;134233118&quot;:true,&quot;201341983&quot;:0,&quot;335559738&quot;:75,&quot;335559740&quot;:240}\">\u00a0<\/span><\/p>\n<p><span data-contrast=\"none\">2008 (Year began 2006)<\/span><span data-ccp-props=\"{&quot;134233117&quot;:true,&quot;134233118&quot;:true,&quot;201341983&quot;:0,&quot;335559739&quot;:150,&quot;335559740&quot;:240}\">\u00a0<\/span><\/p>\n<p aria-level=\"3\"><b><span data-contrast=\"none\">Studios<\/span><\/b><span data-ccp-props=\"{&quot;134233117&quot;:true,&quot;134233118&quot;:true,&quot;201341983&quot;:0,&quot;335559738&quot;:75,&quot;335559740&quot;:240}\">\u00a0<\/span><\/p>\n<p><a href=\"http:\/\/www.plant.co.hu\/\" target=\"_blank\" rel=\"noopener\"><span data-contrast=\"none\">PLANT &#8211; Atelier Peter Kis Kft.<\/span><\/a><span data-ccp-props=\"{&quot;134233117&quot;:true,&quot;134233118&quot;:true,&quot;201341983&quot;:0,&quot;335559739&quot;:150,&quot;335559740&quot;:240}\">\u00a0<\/span><\/p>\n<p aria-level=\"3\"><b><span data-contrast=\"none\">Authors<\/span><\/b><span data-ccp-props=\"{&quot;134233117&quot;:true,&quot;134233118&quot;:true,&quot;201341983&quot;:0,&quot;335559738&quot;:75,&quot;335559740&quot;:240}\">\u00a0<\/span><\/p>\n<ul>\n<li><span data-contrast=\"none\">P\u00e9ter Kis (1969 Hungary); Csaba Valkai (1976 Hungary)<\/span><span data-ccp-props=\"{&quot;134233117&quot;:true,&quot;134233118&quot;:true,&quot;201341983&quot;:0,&quot;335559739&quot;:150,&quot;335559740&quot;:240}\">\u00a0<\/span><\/li>\n<\/ul>\n<p aria-level=\"3\"><b><span data-contrast=\"none\">Collaborators<\/span><\/b><span data-ccp-props=\"{&quot;134233117&quot;:true,&quot;134233118&quot;:true,&quot;201341983&quot;:0,&quot;335559738&quot;:75,&quot;335559740&quot;:240}\">\u00a0<\/span><\/p>\n<ul>\n<li><b><span data-contrast=\"none\">Acoustical:<\/span><\/b><span data-contrast=\"none\">\u202fDr. Karsai Elekn<\/span><\/li>\n<li><b><span data-contrast=\"none\">Structural engineering:<\/span><\/b><span data-contrast=\"none\">\u202fP Markovits\u202f<\/span><\/li>\n<li><b><span data-contrast=\"none\">Electrical:<\/span><\/b><span data-contrast=\"none\">\u202fDezso Sax\u202f<\/span><\/li>\n<li><b><span data-contrast=\"none\">Fire consulting:<\/span><\/b><span data-contrast=\"none\">\u202fS Venczel\u202f<\/span><\/li>\n<li><b><span data-contrast=\"none\">Construction:<\/span><\/b><span data-contrast=\"none\">\u202fAttila Farsang\u202f<\/span><\/li>\n<li><b><span data-contrast=\"none\">Construction company:<\/span><\/b><span data-contrast=\"none\">\u202fH\u202f<\/span><\/li>\n<li><b><span data-contrast=\"none\">Coordination:<\/span><\/b><span data-contrast=\"none\">\u202fR\u202f<\/span><\/li>\n<li><b><span data-contrast=\"none\">Landscape architect:<\/span><\/b><span data-contrast=\"none\">\u202fs73 Moh\u202f<\/span><\/li>\n<li><b><span data-contrast=\"none\">Environmental:<\/span><\/b><span data-contrast=\"none\">\u202fAndr Kotschy\u202f<\/span><\/li>\n<li><b><span data-contrast=\"none\">Others:<\/span><\/b><span data-contrast=\"none\">\u202fL K, K\u202f<\/span><\/li>\n<li><b><span data-contrast=\"none\">Mechanical:<\/span><\/b><span data-contrast=\"none\">\u202fAndr Oltvai<\/span><span data-ccp-props=\"{&quot;201341983&quot;:0,&quot;335559739&quot;:160,&quot;335559740&quot;:259}\">\u00a0<\/span><\/li>\n<\/ul>\n<p aria-level=\"3\"><b><span data-contrast=\"none\">Program<\/span><\/b><span data-ccp-props=\"{&quot;134233117&quot;:true,&quot;134233118&quot;:true,&quot;201341983&quot;:0,&quot;335559738&quot;:75,&quot;335559740&quot;:240}\">\u00a0<\/span><\/p>\n<p><span data-contrast=\"none\">Collective housing<\/span><span data-ccp-props=\"{&quot;201341983&quot;:0,&quot;335559739&quot;:160,&quot;335559740&quot;:259}\">\u00a0<\/span><\/p>\n<p aria-level=\"3\"><b><span data-contrast=\"none\">Map<\/span><\/b><span data-ccp-props=\"{&quot;134233117&quot;:true,&quot;134233118&quot;:true,&quot;201341983&quot;:0,&quot;335559738&quot;:75,&quot;335559740&quot;:240}\">\u00a0<\/span><\/p>\n<p><span data-contrast=\"none\">LatLng: (47.486881, 19.075670)<\/span><span data-ccp-props=\"{&quot;134233117&quot;:true,&quot;134233118&quot;:true,&quot;201341983&quot;:0,&quot;335559739&quot;:150,&quot;335559740&quot;:240}\">\u00a0<\/span><\/p>\n<p><img loading=\"lazy\" class=\"alignnone size-medium wp-image-6534\" src=\"https:\/\/affordablehousingactivation.org\/web\/app\/uploads\/2022\/04\/NOU-LOGO-FMVRB_vector-1-300x151.jpg\" alt=\"\" width=\"300\" height=\"151\" srcset=\"https:\/\/affordablehousingactivation.org\/\/web\/app\/uploads\/2022\/04\/NOU-LOGO-FMVRB_vector-1-300x151.jpg 300w, https:\/\/affordablehousingactivation.org\/\/web\/app\/uploads\/2022\/04\/NOU-LOGO-FMVRB_vector-1-1024x514.jpg 1024w, https:\/\/affordablehousingactivation.org\/\/web\/app\/uploads\/2022\/04\/NOU-LOGO-FMVRB_vector-1-768x386.jpg 768w, https:\/\/affordablehousingactivation.org\/\/web\/app\/uploads\/2022\/04\/NOU-LOGO-FMVRB_vector-1-900x452.jpg 900w, https:\/\/affordablehousingactivation.org\/\/web\/app\/uploads\/2022\/04\/NOU-LOGO-FMVRB_vector-1-600x301.jpg 600w, https:\/\/affordablehousingactivation.org\/\/web\/app\/uploads\/2022\/04\/NOU-LOGO-FMVRB_vector-1.jpg 1171w\" sizes=\"(max-width: 300px) 100vw, 300px\" title=\"\"><\/p>\n","protected":false},"excerpt":{"rendered":"<p>The design approach for this infill project was based on both its urban role of finishing the site as well as the development of a distinctive character for the social housing.<\/p>\n","protected":false},"featured_media":6618,"parent":0,"template":"","meta":{"_price":"","_stock":"","_tribe_ticket_header":"","_tribe_default_ticket_provider":"Tribe__Tickets_Plus__Commerce__WooCommerce__Main","_tribe_ticket_capacity":"0","_ticket_start_date":"","_ticket_end_date":"","_tribe_ticket_show_description":"","_tribe_ticket_show_not_going":false,"_tribe_ticket_use_global_stock":"","_tribe_ticket_global_stock_level":"","_global_stock_mode":"","_global_stock_cap":"","_tribe_rsvp_for_event":"","_tribe_ticket_going_count":"","_tribe_ticket_not_going_count":"","_tribe_tickets_list":[],"_tribe_ticket_has_attendee_info_fields":false},"barrera":[117],"acf":[],"_links":{"self":[{"href":"https:\/\/affordablehousingactivation.org\/es\/wp-json\/wp\/v2\/exemplary_case\/6609"}],"collection":[{"href":"https:\/\/affordablehousingactivation.org\/es\/wp-json\/wp\/v2\/exemplary_case"}],"about":[{"href":"https:\/\/affordablehousingactivation.org\/es\/wp-json\/wp\/v2\/types\/exemplary_case"}],"wp:featuredmedia":[{"embeddable":true,"href":"https:\/\/affordablehousingactivation.org\/es\/wp-json\/wp\/v2\/media\/6618"}],"wp:attachment":[{"href":"https:\/\/affordablehousingactivation.org\/es\/wp-json\/wp\/v2\/media?parent=6609"}],"wp:term":[{"taxonomy":"barrera","embeddable":true,"href":"https:\/\/affordablehousingactivation.org\/es\/wp-json\/wp\/v2\/barrera?post=6609"}],"curies":[{"name":"wp","href":"https:\/\/api.w.org\/{rel}","templated":true}]}}

Práter Street Social Housing

<p><span data-contrast="auto">Consequently, although the project responds to the heights and proportions of the surrounding buildings, the choice of materials and dynamic facade articulated by horizontal elements, creates a singular identity. Between the two volumes, a rectangular form that continues the block and an L-shaped one that completes the corner, a garden has been generated providing sunlight and ventilation to the apartments and which can be seen from the street.</span><span data-ccp-props="{&quot;201341983&quot;:0,&quot;335559739&quot;:160,&quot;335559740&quot;:259}"> </span></p>
<p><span data-contrast="auto">The street facades with their characteristic slim balconies and overhangs wrap around the garden, augmented by elevated walkways that connect the two buildings. The various apartment types have in common a clear and flexible layout and from the two rooftop terraces there are panoramic views over the city.</span><span data-ccp-props="{&quot;201341983&quot;:0,&quot;335559739&quot;:160,&quot;335559740&quot;:259}"> </span></p>
<p><span data-ccp-props="{&quot;201341983&quot;:0,&quot;335559739&quot;:160,&quot;335559740&quot;:259}"> <img loading="lazy" class="alignnone size-medium wp-image-6612" src="https://affordablehousingactivation.org/web/app/uploads/2022/04/136-2977.jpg" alt="" width="203" height="270" title=""> <img loading="lazy" class="alignnone size-full wp-image-6614" src="https://affordablehousingactivation.org/web/app/uploads/2022/04/136-2976.jpg" alt="" width="203" height="270" title=""></span></p>
<p aria-level="3"><b><span data-contrast="none">Name of work in English</span></b><span data-ccp-props="{&quot;134233117&quot;:true,&quot;134233118&quot;:true,&quot;201341983&quot;:0,&quot;335559738&quot;:75,&quot;335559740&quot;:240}"> </span></p>
<p><span data-contrast="none">Práter Street Social Housing</span><span data-ccp-props="{&quot;134233117&quot;:true,&quot;134233118&quot;:true,&quot;201341983&quot;:0,&quot;335559739&quot;:150,&quot;335559740&quot;:240}"> </span></p>
<p aria-level="3"><b><span data-contrast="none">Name of work in original language</span></b><span data-ccp-props="{&quot;134233117&quot;:true,&quot;134233118&quot;:true,&quot;201341983&quot;:0,&quot;335559738&quot;:75,&quot;335559740&quot;:240}"> </span></p>
<p><span data-contrast="none">Práter utcai önkormányzati lakóépület</span><span data-ccp-props="{&quot;134233117&quot;:true,&quot;134233118&quot;:true,&quot;201341983&quot;:0,&quot;335559739&quot;:150,&quot;335559740&quot;:240}"> </span></p>
<p aria-level="3"><b><span data-contrast="none">Placement</span></b><span data-ccp-props="{&quot;134233117&quot;:true,&quot;134233118&quot;:true,&quot;201341983&quot;:0,&quot;335559738&quot;:75,&quot;335559740&quot;:240}"> </span></p>
<p><span data-contrast="none">Shortlisted</span><span data-ccp-props="{&quot;134233117&quot;:true,&quot;134233118&quot;:true,&quot;201341983&quot;:0,&quot;335559739&quot;:150,&quot;335559740&quot;:240}"> </span></p>
<p aria-level="3"><b><span data-contrast="none">Prize year</span></b><span data-ccp-props="{&quot;134233117&quot;:true,&quot;134233118&quot;:true,&quot;201341983&quot;:0,&quot;335559738&quot;:75,&quot;335559740&quot;:240}"> </span></p>
<p><span data-contrast="none">2009</span><span data-ccp-props="{&quot;134233117&quot;:true,&quot;134233118&quot;:true,&quot;201341983&quot;:0,&quot;335559739&quot;:150,&quot;335559740&quot;:240}"> </span></p>
<p aria-level="3"><b><span data-contrast="none">Location</span></b><span data-ccp-props="{&quot;134233117&quot;:true,&quot;134233118&quot;:true,&quot;201341983&quot;:0,&quot;335559738&quot;:75,&quot;335559740&quot;:240}"> </span></p>
<p><span data-contrast="none">Budapest, Hungary</span><span data-ccp-props="{&quot;134233117&quot;:true,&quot;134233118&quot;:true,&quot;201341983&quot;:0,&quot;335559739&quot;:150,&quot;335559740&quot;:240}"> </span></p>
<p aria-level="3"><b><span data-contrast="none">Year completed</span></b><span data-ccp-props="{&quot;134233117&quot;:true,&quot;134233118&quot;:true,&quot;201341983&quot;:0,&quot;335559738&quot;:75,&quot;335559740&quot;:240}"> </span></p>
<p><span data-contrast="none">2008 (Year began 2006)</span><span data-ccp-props="{&quot;134233117&quot;:true,&quot;134233118&quot;:true,&quot;201341983&quot;:0,&quot;335559739&quot;:150,&quot;335559740&quot;:240}"> </span></p>
<p aria-level="3"><b><span data-contrast="none">Studios</span></b><span data-ccp-props="{&quot;134233117&quot;:true,&quot;134233118&quot;:true,&quot;201341983&quot;:0,&quot;335559738&quot;:75,&quot;335559740&quot;:240}"> </span></p>
<p><a href="http://www.plant.co.hu/" target="_blank" rel="noopener"><span data-contrast="none">PLANT &#8211; Atelier Peter Kis Kft.</span></a><span data-ccp-props="{&quot;134233117&quot;:true,&quot;134233118&quot;:true,&quot;201341983&quot;:0,&quot;335559739&quot;:150,&quot;335559740&quot;:240}"> </span></p>
<p aria-level="3"><b><span data-contrast="none">Authors</span></b><span data-ccp-props="{&quot;134233117&quot;:true,&quot;134233118&quot;:true,&quot;201341983&quot;:0,&quot;335559738&quot;:75,&quot;335559740&quot;:240}"> </span></p>
<ul>
<li><span data-contrast="none">Péter Kis (1969 Hungary); Csaba Valkai (1976 Hungary)</span><span data-ccp-props="{&quot;134233117&quot;:true,&quot;134233118&quot;:true,&quot;201341983&quot;:0,&quot;335559739&quot;:150,&quot;335559740&quot;:240}"> </span></li>
</ul>
<p aria-level="3"><b><span data-contrast="none">Collaborators</span></b><span data-ccp-props="{&quot;134233117&quot;:true,&quot;134233118&quot;:true,&quot;201341983&quot;:0,&quot;335559738&quot;:75,&quot;335559740&quot;:240}"> </span></p>
<ul>
<li><b><span data-contrast="none">Acoustical:</span></b><span data-contrast="none"> Dr. Karsai Elekn</span></li>
<li><b><span data-contrast="none">Structural engineering:</span></b><span data-contrast="none"> P Markovits </span></li>
<li><b><span data-contrast="none">Electrical:</span></b><span data-contrast="none"> Dezso Sax </span></li>
<li><b><span data-contrast="none">Fire consulting:</span></b><span data-contrast="none"> S Venczel </span></li>
<li><b><span data-contrast="none">Construction:</span></b><span data-contrast="none"> Attila Farsang </span></li>
<li><b><span data-contrast="none">Construction company:</span></b><span data-contrast="none"> H </span></li>
<li><b><span data-contrast="none">Coordination:</span></b><span data-contrast="none"> R </span></li>
<li><b><span data-contrast="none">Landscape architect:</span></b><span data-contrast="none"> s73 Moh </span></li>
<li><b><span data-contrast="none">Environmental:</span></b><span data-contrast="none"> Andr Kotschy </span></li>
<li><b><span data-contrast="none">Others:</span></b><span data-contrast="none"> L K, K </span></li>
<li><b><span data-contrast="none">Mechanical:</span></b><span data-contrast="none"> Andr Oltvai</span><span data-ccp-props="{&quot;201341983&quot;:0,&quot;335559739&quot;:160,&quot;335559740&quot;:259}"> </span></li>
</ul>
<p aria-level="3"><b><span data-contrast="none">Program</span></b><span data-ccp-props="{&quot;134233117&quot;:true,&quot;134233118&quot;:true,&quot;201341983&quot;:0,&quot;335559738&quot;:75,&quot;335559740&quot;:240}"> </span></p>
<p><span data-contrast="none">Collective housing</span><span data-ccp-props="{&quot;201341983&quot;:0,&quot;335559739&quot;:160,&quot;335559740&quot;:259}"> </span></p>
<p aria-level="3"><b><span data-contrast="none">Map</span></b><span data-ccp-props="{&quot;134233117&quot;:true,&quot;134233118&quot;:true,&quot;201341983&quot;:0,&quot;335559738&quot;:75,&quot;335559740&quot;:240}"> </span></p>
<p><span data-contrast="none">LatLng: (47.486881, 19.075670)</span><span data-ccp-props="{&quot;134233117&quot;:true,&quot;134233118&quot;:true,&quot;201341983&quot;:0,&quot;335559739&quot;:150,&quot;335559740&quot;:240}"> </span></p>
<p><img loading="lazy" class="alignnone size-medium wp-image-6534" src="https://affordablehousingactivation.org/web/app/uploads/2022/04/NOU-LOGO-FMVRB_vector-1-300x151.jpg" alt="" width="300" height="151" srcset="https://affordablehousingactivation.org//web/app/uploads/2022/04/NOU-LOGO-FMVRB_vector-1-300x151.jpg 300w, https://affordablehousingactivation.org//web/app/uploads/2022/04/NOU-LOGO-FMVRB_vector-1-1024x514.jpg 1024w, https://affordablehousingactivation.org//web/app/uploads/2022/04/NOU-LOGO-FMVRB_vector-1-768x386.jpg 768w, https://affordablehousingactivation.org//web/app/uploads/2022/04/NOU-LOGO-FMVRB_vector-1-900x452.jpg 900w, https://affordablehousingactivation.org//web/app/uploads/2022/04/NOU-LOGO-FMVRB_vector-1-600x301.jpg 600w, https://affordablehousingactivation.org//web/app/uploads/2022/04/NOU-LOGO-FMVRB_vector-1.jpg 1171w" sizes="(max-width: 300px) 100vw, 300px" title=""></p>
