{"id":7554,"date":"2022-05-02T21:27:12","date_gmt":"2022-05-02T19:27:12","guid":{"rendered":"https:\/\/affordablehousingactivation.org\/?post_type=tribe_events&#038;p=7554"},"modified":"2022-05-03T17:18:22","modified_gmt":"2022-05-03T15:18:22","slug":"conferencias-vi-congreso-internacional-de-arquitectura-la-ciudad-que-queremos","status":"publish","type":"exemplary_case","link":"https:\/\/affordablehousingactivation.org\/es\/casos-de-exito\/conferencias-vi-congreso-internacional-de-arquitectura-la-ciudad-que-queremos\/","title":{"rendered":"Conferencias VI Congreso Internacional de Arquitectura \u2018La ciudad que queremos\u2019"},"content":{"rendered":"<p><span data-contrast=\"auto\">La sexta edici\u00f3n del Congreso, bajo el t\u00edtulo \u2018La ciudad que queremos\u2019, y dirigido por el arquitecto y soci\u00f3logo Jos\u00e9 Mar\u00eda Ezquiaga, mantiene la l\u00ednea de investigaci\u00f3n y debate sobre el fen\u00f3meno urbano. Con la participaci\u00f3n de figuras consolidadas del pensamiento y la pr\u00e1ctica sobre la ciudad junto con representantes de las nuevas y de las futuras generaciones, buscando un intercambio de experiencias y deseos que se traduzca en ideas y propuestas para un mejor futuro para todos. Incluye conferencias de Anne Lacaton, Joan Clos, Mohan Munasinghe, Feniosky Pe\u00f1a-Mora, M\u00aa \u00c1neles Dur\u00e1n o 300.000 km\/s.<\/span><span data-ccp-props=\"{}\">\u00a0<\/span><\/p>\n<h2><span data-ccp-props=\"{}\">\u00a010 Septiembre<\/span><\/h2>\n<p><a href=\"https:\/\/youtu.be\/cR1P2UaY6fk\" target=\"_blank\" rel=\"noopener\">https:\/\/youtu.be\/cR1P2UaY6fk<\/a><\/p>\n<p><iframe loading=\"lazy\" title=\"LA CIUDAD QUE QUEREMOS - VI Congreso Internacional 2021 (10 septiembre)\" width=\"800\" height=\"450\" src=\"https:\/\/www.youtube.com\/embed\/cR1P2UaY6fk?feature=oembed\" frameborder=\"0\" allow=\"accelerometer; autoplay; clipboard-write; encrypted-media; gyroscope; picture-in-picture\" allowfullscreen><\/iframe><\/p>\n<h2>9 Septiembre<\/h2>\n<p><a href=\"https:\/\/youtu.be\/3QL2qhfHWrM\" target=\"_blank\" rel=\"noopener\">https:\/\/youtu.be\/3QL2qhfHWrM<\/a><\/p>\n<p><iframe loading=\"lazy\" title=\"LA CIUDAD QUE QUEREMOS - VI Congreso Internacional 2021 (9 septiembre)\" width=\"800\" height=\"450\" src=\"https:\/\/www.youtube.com\/embed\/3QL2qhfHWrM?feature=oembed\" frameborder=\"0\" allow=\"accelerometer; autoplay; clipboard-write; encrypted-media; gyroscope; picture-in-picture\" allowfullscreen><\/iframe><\/p>\n<h2><span data-contrast=\"none\">8 Septiembre<\/span><\/h2>\n<p><a href=\"https:\/\/youtu.be\/iuc0D36oigQ\" target=\"_blank\" rel=\"noopener\">https:\/\/youtu.be\/iuc0D36oigQ<\/a><\/p>\n<p><iframe loading=\"lazy\" title=\"LA CIUDAD QUE QUEREMOS - VI Congreso Internacional 2021 (8 septiembre)\" width=\"800\" height=\"450\" src=\"https:\/\/www.youtube.com\/embed\/iuc0D36oigQ?feature=oembed\" frameborder=\"0\" allow=\"accelerometer; autoplay; clipboard-write; encrypted-media; gyroscope; picture-in-picture\" allowfullscreen><\/iframe><\/p>\n","protected":false},"excerpt":{"rendered":"<p>La Fundaci\u00f3n Arquitectura y Sociedad organiza un Congreso Internacional de Arquitectura de forma bianual en Pamplona desde 2010.<\/p>\n","protected":false},"featured_media":7561,"parent":0,"template":"","meta":{"_price":"","_stock":"","_tribe_ticket_header":"","_tribe_default_ticket_provider":"Tribe__Tickets_Plus__Commerce__WooCommerce__Main","_tribe_ticket_capacity":"0","_ticket_start_date":"","_ticket_end_date":"","_tribe_ticket_show_description":"","_tribe_ticket_show_not_going":false,"_tribe_ticket_use_global_stock":"","_tribe_ticket_global_stock_level":"","_global_stock_mode":"","_global_stock_cap":"","_tribe_rsvp_for_event":"","_tribe_ticket_going_count":"","_tribe_ticket_not_going_count":"","_tribe_tickets_list":[],"_tribe_ticket_has_attendee_info_fields":false},"barrera":[113,117,114],"acf":[],"_links":{"self":[{"href":"https:\/\/affordablehousingactivation.org\/es\/wp-json\/wp\/v2\/exemplary_case\/7554"}],"collection":[{"href":"https:\/\/affordablehousingactivation.org\/es\/wp-json\/wp\/v2\/exemplary_case"}],"about":[{"href":"https:\/\/affordablehousingactivation.org\/es\/wp-json\/wp\/v2\/types\/exemplary_case"}],"wp:featuredmedia":[{"embeddable":true,"href":"https:\/\/affordablehousingactivation.org\/es\/wp-json\/wp\/v2\/media\/7561"}],"wp:attachment":[{"href":"https:\/\/affordablehousingactivation.org\/es\/wp-json\/wp\/v2\/media?parent=7554"}],"wp:term":[{"taxonomy":"barrera","embeddable":true,"href":"https:\/\/affordablehousingactivation.org\/es\/wp-json\/wp\/v2\/barrera?post=7554"}],"curies":[{"name":"wp","href":"https:\/\/api.w.org\/{rel}","templated":true}]}}

<p><span data-contrast="auto">La sexta edición del Congreso, bajo el título ‘La ciudad que queremos’, y dirigido por el arquitecto y sociólogo José María Ezquiaga, mantiene la línea de investigación y debate sobre el fenómeno urbano. Con la participación de figuras consolidadas del pensamiento y la práctica sobre la ciudad junto con representantes de las nuevas y de las futuras generaciones, buscando un intercambio de experiencias y deseos que se traduzca en ideas y propuestas para un mejor futuro para todos. Incluye conferencias de Anne Lacaton, Joan Clos, Mohan Munasinghe, Feniosky Peña-Mora, Mª Áneles Durán o 300.000 km/s.</span><span data-ccp-props="{}"> </span></p>
<h2><span data-ccp-props="{}"> 10 Septiembre</span></h2>
<p><a href="https://youtu.be/cR1P2UaY6fk" target="_blank" rel="noopener">https://youtu.be/cR1P2UaY6fk</a></p>
<p><iframe loading="lazy" title="LA CIUDAD QUE QUEREMOS - VI Congreso Internacional 2021 (10 septiembre)" width="800" height="450" src="https://www.youtube.com/embed/cR1P2UaY6fk?feature=oembed" frameborder="0" allow="accelerometer; autoplay; clipboard-write; encrypted-media; gyroscope; picture-in-picture" allowfullscreen></iframe></p>
<h2>9 Septiembre</h2>
<p><a href="https://youtu.be/3QL2qhfHWrM" target="_blank" rel="noopener">https://youtu.be/3QL2qhfHWrM</a></p>
<p><iframe loading="lazy" title="LA CIUDAD QUE QUEREMOS - VI Congreso Internacional 2021 (9 septiembre)" width="800" height="450" src="https://www.youtube.com/embed/3QL2qhfHWrM?feature=oembed" frameborder="0" allow="accelerometer; autoplay; clipboard-write; encrypted-media; gyroscope; picture-in-picture" allowfullscreen></iframe></p>
<h2><span data-contrast="none">8 Septiembre</span></h2>
<p><a href="https://youtu.be/iuc0D36oigQ" target="_blank" rel="noopener">https://youtu.be/iuc0D36oigQ</a></p>
<p><iframe loading="lazy" title="LA CIUDAD QUE QUEREMOS - VI Congreso Internacional 2021 (8 septiembre)" width="800" height="450" src="https://www.youtube.com/embed/iuc0D36oigQ?feature=oembed" frameborder="0" allow="accelerometer; autoplay; clipboard-write; encrypted-media; gyroscope; picture-in-picture" allowfullscreen></iframe></p>

<p>La Fundación Arquitectura y Sociedad organiza un Congreso Internacional de Arquitectura de forma bianual en Pamplona desde 2010.</p>
