{"id":8280,"date":"2022-05-05T20:10:58","date_gmt":"2022-05-05T18:10:58","guid":{"rendered":"https:\/\/affordablehousingactivation.org\/?post_type=tribe_events&#038;p=8280"},"modified":"2022-05-09T19:28:15","modified_gmt":"2022-05-09T17:28:15","slug":"leyes-y-regulaciones","status":"publish","type":"exemplary_case","link":"https:\/\/affordablehousingactivation.org\/es\/casos-de-exito\/leyes-y-regulaciones\/","title":{"rendered":"Leyes y regulaciones"},"content":{"rendered":"<h2><b><span data-contrast=\"auto\">Fomentar la movilidad residencial de los inquilinos de viviendas sociales: La pol\u00edtica inglesa del derecho a la mudanza (Reino Unido)<\/span><\/b><span data-ccp-props=\"{&quot;134233117&quot;:true,&quot;134233118&quot;:true,&quot;335551550&quot;:6,&quot;335551620&quot;:6}\">\u00a0<\/span><\/h2>\n<p><span data-contrast=\"auto\">En 2015, el Gobierno brit\u00e1nico aprob\u00f3 el derecho a mudarse en el marco del nuevo Reglamento de Asignaci\u00f3n de Viviendas para Inglaterra. Esta garant\u00eda elimin\u00f3 los requisitos de residencia o de cola para las viviendas sociales si los futuros inquilinos se trasladan para acceder a un empleo o a una formaci\u00f3n. Para ello, los anteriores criterios de \u00abdificultad\u00bb se han ampliado a quienes se trasladan por motivos de trabajo. Desde entonces, las autoridades locales est\u00e1n obligadas a ofrecer un m\u00ednimo del 1% de su parque de viviendas en el marco del r\u00e9gimen de derecho a la mudanza.\u202f<\/span><span data-ccp-props=\"{&quot;134233117&quot;:true,&quot;134233118&quot;:true,&quot;335551550&quot;:6,&quot;335551620&quot;:6}\">\u00a0<\/span><\/p>\n<p><span data-contrast=\"auto\">Anteriormente, los posibles inquilinos del ayuntamiento o de la asociaci\u00f3n de la vivienda a menudo ten\u00edan que sacrificar su contrato de alquiler regulado para aceptar un trabajo en otro lugar, lo que desincentivaba el empleo, ya que las listas de espera eran a menudo largas y las opciones de alquiler privado demasiado caras para estos hogares. La nueva normativa elimina, por tanto, los obst\u00e1culos relacionados con las prestaciones de alquiler y la asequibilidad de la vivienda en los traslados relacionados con el empleo y fomenta la movilidad residencial dentro del sector de la vivienda social y entre distritos. No est\u00e1 claro si el programa de Derecho a la Mudanza ha catalizado los traslados entre distritos y ha reducido algunas de las barreras a la movilidad.\u202f<\/span><span data-ccp-props=\"{&quot;134233117&quot;:true,&quot;134233118&quot;:true,&quot;335551550&quot;:6,&quot;335551620&quot;:6}\">\u00a0<\/span><\/p>\n<h2><span data-contrast=\"auto\">M\u00e1s informaci\u00f3n:<\/span><span data-ccp-props=\"{&quot;134233117&quot;:true,&quot;134233118&quot;:true,&quot;335551550&quot;:6,&quot;335551620&quot;:6}\">\u00a0<\/span><\/h2>\n<p><span data-contrast=\"auto\">OCDE \u201cVivienda social: una parte clave de la pol\u00edtica de vivienda pasada y futura\u201d. Fuentes:<\/span><span data-ccp-props=\"{}\">\u00a0<\/span><\/p>\n<ol>\n<li><a href=\"https:\/\/www.oecd.org\/social\/social-housing-policy-brief-2020.pdf\" target=\"_blank\" rel=\"noopener\"><span data-contrast=\"none\">https:\/\/www.oecd.org\/social\/social-housing-policy-brief-2020.pdf<\/span><\/a><span data-contrast=\"none\"> ,<\/span><span data-ccp-props=\"{}\">\u00a0<\/span><\/li>\n<li><a href=\"http:\/\/www.legislation.gov.uk\/uksi\/2015\/967\/pdfs\/uksi_20150967_en.pdf\" target=\"_blank\" rel=\"noopener\"><span data-contrast=\"none\">www.legislation.gov.uk\/uksi\/2015\/967\/pdfs\/uksi_20150967_en.pdf,<\/span><\/a> <a href=\"http:\/\/www.gov.uk\/government\/news\/new-support-for-social-tenants-who-want-to-work\" target=\"_blank\" rel=\"noopener\"><span data-contrast=\"none\">www.gov.uk\/government\/news\/new-support-for-social-tenants-who-want-to-work<\/span><\/a><span data-ccp-props=\"{}\">\u00a0<\/span><\/li>\n<\/ol>\n<p><span data-ccp-props=\"{&quot;134233117&quot;:true,&quot;134233118&quot;:true,&quot;335551550&quot;:6,&quot;335551620&quot;:6}\">\u00a0<\/span><\/p>\n<p><span data-ccp-props=\"{&quot;134233117&quot;:true,&quot;134233118&quot;:true,&quot;335551550&quot;:6,&quot;335551620&quot;:6}\">\u00a0<\/span><\/p>\n","protected":false},"excerpt":{"rendered":"<p>\u3164<\/p>\n","protected":false},"featured_media":6657,"parent":0,"template":"","meta":{"_price":"","_stock":"","_tribe_ticket_header":"","_tribe_default_ticket_provider":"Tribe__Tickets_Plus__Commerce__WooCommerce__Main","_tribe_ticket_capacity":"0","_ticket_start_date":"","_ticket_end_date":"","_tribe_ticket_show_description":"","_tribe_ticket_show_not_going":false,"_tribe_ticket_use_global_stock":"","_tribe_ticket_global_stock_level":"","_global_stock_mode":"","_global_stock_cap":"","_tribe_rsvp_for_event":"","_tribe_ticket_going_count":"","_tribe_ticket_not_going_count":"","_tribe_tickets_list":[],"_tribe_ticket_has_attendee_info_fields":false},"barrera":[116],"acf":[],"_links":{"self":[{"href":"https:\/\/affordablehousingactivation.org\/es\/wp-json\/wp\/v2\/exemplary_case\/8280"}],"collection":[{"href":"https:\/\/affordablehousingactivation.org\/es\/wp-json\/wp\/v2\/exemplary_case"}],"about":[{"href":"https:\/\/affordablehousingactivation.org\/es\/wp-json\/wp\/v2\/types\/exemplary_case"}],"wp:featuredmedia":[{"embeddable":true,"href":"https:\/\/affordablehousingactivation.org\/es\/wp-json\/wp\/v2\/media\/6657"}],"wp:attachment":[{"href":"https:\/\/affordablehousingactivation.org\/es\/wp-json\/wp\/v2\/media?parent=8280"}],"wp:term":[{"taxonomy":"barrera","embeddable":true,"href":"https:\/\/affordablehousingactivation.org\/es\/wp-json\/wp\/v2\/barrera?post=8280"}],"curies":[{"name":"wp","href":"https:\/\/api.w.org\/{rel}","templated":true}]}}

<h2><b><span data-contrast="auto">Fomentar la movilidad residencial de los inquilinos de viviendas sociales: La política inglesa del derecho a la mudanza (Reino Unido)</span></b><span data-ccp-props="{&quot;134233117&quot;:true,&quot;134233118&quot;:true,&quot;335551550&quot;:6,&quot;335551620&quot;:6}"> </span></h2>
<p><span data-contrast="auto">En 2015, el Gobierno británico aprobó el derecho a mudarse en el marco del nuevo Reglamento de Asignación de Viviendas para Inglaterra. Esta garantía eliminó los requisitos de residencia o de cola para las viviendas sociales si los futuros inquilinos se trasladan para acceder a un empleo o a una formación. Para ello, los anteriores criterios de «dificultad» se han ampliado a quienes se trasladan por motivos de trabajo. Desde entonces, las autoridades locales están obligadas a ofrecer un mínimo del 1% de su parque de viviendas en el marco del régimen de derecho a la mudanza. </span><span data-ccp-props="{&quot;134233117&quot;:true,&quot;134233118&quot;:true,&quot;335551550&quot;:6,&quot;335551620&quot;:6}"> </span></p>
<p><span data-contrast="auto">Anteriormente, los posibles inquilinos del ayuntamiento o de la asociación de la vivienda a menudo tenían que sacrificar su contrato de alquiler regulado para aceptar un trabajo en otro lugar, lo que desincentivaba el empleo, ya que las listas de espera eran a menudo largas y las opciones de alquiler privado demasiado caras para estos hogares. La nueva normativa elimina, por tanto, los obstáculos relacionados con las prestaciones de alquiler y la asequibilidad de la vivienda en los traslados relacionados con el empleo y fomenta la movilidad residencial dentro del sector de la vivienda social y entre distritos. No está claro si el programa de Derecho a la Mudanza ha catalizado los traslados entre distritos y ha reducido algunas de las barreras a la movilidad. </span><span data-ccp-props="{&quot;134233117&quot;:true,&quot;134233118&quot;:true,&quot;335551550&quot;:6,&quot;335551620&quot;:6}"> </span></p>
<h2><span data-contrast="auto">Más información:</span><span data-ccp-props="{&quot;134233117&quot;:true,&quot;134233118&quot;:true,&quot;335551550&quot;:6,&quot;335551620&quot;:6}"> </span></h2>
<p><span data-contrast="auto">OCDE “Vivienda social: una parte clave de la política de vivienda pasada y futura”. Fuentes:</span><span data-ccp-props="{}"> </span></p>
<ol>
<li><a href="https://www.oecd.org/social/social-housing-policy-brief-2020.pdf" target="_blank" rel="noopener"><span data-contrast="none">https://www.oecd.org/social/social-housing-policy-brief-2020.pdf</span></a><span data-contrast="none"> ,</span><span data-ccp-props="{}"> </span></li>
<li><a href="http://www.legislation.gov.uk/uksi/2015/967/pdfs/uksi_20150967_en.pdf" target="_blank" rel="noopener"><span data-contrast="none">www.legislation.gov.uk/uksi/2015/967/pdfs/uksi_20150967_en.pdf,</span></a> <a href="http://www.gov.uk/government/news/new-support-for-social-tenants-who-want-to-work" target="_blank" rel="noopener"><span data-contrast="none">www.gov.uk/government/news/new-support-for-social-tenants-who-want-to-work</span></a><span data-ccp-props="{}"> </span></li>
</ol>
<p><span data-ccp-props="{&quot;134233117&quot;:true,&quot;134233118&quot;:true,&quot;335551550&quot;:6,&quot;335551620&quot;:6}"> </span></p>
<p><span data-ccp-props="{&quot;134233117&quot;:true,&quot;134233118&quot;:true,&quot;335551550&quot;:6,&quot;335551620&quot;:6}"> </span></p>

<p>ㅤ</p>
