{"id":8528,"date":"2022-05-07T13:02:15","date_gmt":"2022-05-07T11:02:15","guid":{"rendered":"https:\/\/affordablehousingactivation.org\/?post_type=exemplary_case&#038;p=8528"},"modified":"2022-05-07T13:03:31","modified_gmt":"2022-05-07T11:03:31","slug":"carabanchel-29","status":"publish","type":"exemplary_case","link":"https:\/\/affordablehousingactivation.org\/es\/casos-de-exito\/carabanchel-29\/","title":{"rendered":"CARABANCHEL 29"},"content":{"rendered":"<p>Se trata de dos edificios de geometr\u00eda quebrada con tres espacios p\u00fablicos de distinto car\u00e1cter, en torno a los que girar\u00e1 la actividad social del vecindario. Se encontrar\u00e1n en dos niveles -de acuerdo con el desnivel presente en las calles perimetrales- de modo que sean accesibles desde las mismas, produci\u00e9ndose desde ellos el acceso a los cuatro portales que distribuyen a las viviendas.<\/p>\n<p>Adem\u00e1s de los espacios p\u00fablicos exteriores se construir\u00e1n varios interiores donde los vecinos puedan reunirse en invierno.<\/p>\n<p><img loading=\"lazy\" class=\"alignnone size-medium wp-image-8524\" src=\"https:\/\/affordablehousingactivation.org\/web\/app\/uploads\/2022\/05\/CARABANCHEL-29-002-300x200.jpg\" alt=\"\" width=\"300\" height=\"200\" srcset=\"https:\/\/affordablehousingactivation.org\/\/web\/app\/uploads\/2022\/05\/CARABANCHEL-29-002-300x200.jpg 300w, https:\/\/affordablehousingactivation.org\/\/web\/app\/uploads\/2022\/05\/CARABANCHEL-29-002-1024x682.jpg 1024w, https:\/\/affordablehousingactivation.org\/\/web\/app\/uploads\/2022\/05\/CARABANCHEL-29-002-768x512.jpg 768w, https:\/\/affordablehousingactivation.org\/\/web\/app\/uploads\/2022\/05\/CARABANCHEL-29-002-1536x1024.jpg 1536w, https:\/\/affordablehousingactivation.org\/\/web\/app\/uploads\/2022\/05\/CARABANCHEL-29-002-900x600.jpg 900w, https:\/\/affordablehousingactivation.org\/\/web\/app\/uploads\/2022\/05\/CARABANCHEL-29-002-600x400.jpg 600w, https:\/\/affordablehousingactivation.org\/\/web\/app\/uploads\/2022\/05\/CARABANCHEL-29-002.jpg 1664w\" sizes=\"(max-width: 300px) 100vw, 300px\" title=\"\"> <img loading=\"lazy\" class=\"alignnone size-medium wp-image-8522\" src=\"https:\/\/affordablehousingactivation.org\/web\/app\/uploads\/2022\/05\/CARABANCHEL-29-005-300x200.jpg\" alt=\"\" width=\"300\" height=\"200\" srcset=\"https:\/\/affordablehousingactivation.org\/\/web\/app\/uploads\/2022\/05\/CARABANCHEL-29-005-300x200.jpg 300w, https:\/\/affordablehousingactivation.org\/\/web\/app\/uploads\/2022\/05\/CARABANCHEL-29-005-1024x682.jpg 1024w, https:\/\/affordablehousingactivation.org\/\/web\/app\/uploads\/2022\/05\/CARABANCHEL-29-005-768x512.jpg 768w, https:\/\/affordablehousingactivation.org\/\/web\/app\/uploads\/2022\/05\/CARABANCHEL-29-005-1536x1024.jpg 1536w, https:\/\/affordablehousingactivation.org\/\/web\/app\/uploads\/2022\/05\/CARABANCHEL-29-005-900x600.jpg 900w, https:\/\/affordablehousingactivation.org\/\/web\/app\/uploads\/2022\/05\/CARABANCHEL-29-005-600x400.jpg 600w, https:\/\/affordablehousingactivation.org\/\/web\/app\/uploads\/2022\/05\/CARABANCHEL-29-005.jpg 1664w\" sizes=\"(max-width: 300px) 100vw, 300px\" title=\"\"><\/p>\n<h2>Otros datos de inter\u00e9s<\/h2>\n<p>15.800.000 \u20ac (+IVA)<\/p>\n<p><strong>Proyecto<\/strong><\/p>\n<p>Totem Arquitectos Asociados S.L.P<\/p>\n<p><strong>Empresa constructora<\/strong><\/p>\n<p>VDR MULTIVA, S.L.<\/p>\n<p><strong>Programa de viviendas<\/strong><\/p>\n<p>1D, 2D y 3D (41+78+40)<\/p>\n<p>203 PLAZAS DE GARAJE<\/p>\n<p><img loading=\"lazy\" class=\"alignnone size-medium wp-image-8477\" src=\"https:\/\/affordablehousingactivation.org\/web\/app\/uploads\/2022\/05\/emvs-1-300x193.jpg\" alt=\"\" width=\"300\" height=\"193\" srcset=\"https:\/\/affordablehousingactivation.org\/\/web\/app\/uploads\/2022\/05\/emvs-1-300x193.jpg 300w, https:\/\/affordablehousingactivation.org\/\/web\/app\/uploads\/2022\/05\/emvs-1.jpg 400w\" sizes=\"(max-width: 300px) 100vw, 300px\" title=\"\"><\/p>\n","protected":false},"excerpt":{"rendered":"<p>La mayor\u00eda de las edificaciones del Ensanche de Carabanchel son bloques rodeados de espacios verdes de car\u00e1cter privado. Sin embargo, en esta ocasi\u00f3n, el proyecto propone la construcci\u00f3n de un espacio p\u00fablico de alta calidad que fomente la interacci\u00f3n entre los vecinos y entre \u00e9stos y su entorno.<\/p>\n","protected":false},"featured_media":8527,"parent":0,"template":"","meta":{"_price":"","_stock":"","_tribe_ticket_header":"","_tribe_default_ticket_provider":"","_tribe_ticket_capacity":"0","_ticket_start_date":"","_ticket_end_date":"","_tribe_ticket_show_description":"","_tribe_ticket_show_not_going":false,"_tribe_ticket_use_global_stock":"","_tribe_ticket_global_stock_level":"","_global_stock_mode":"","_global_stock_cap":"","_tribe_rsvp_for_event":"","_tribe_ticket_going_count":"","_tribe_ticket_not_going_count":"","_tribe_tickets_list":[],"_tribe_ticket_has_attendee_info_fields":false},"barrera":[],"acf":[],"_links":{"self":[{"href":"https:\/\/affordablehousingactivation.org\/es\/wp-json\/wp\/v2\/exemplary_case\/8528"}],"collection":[{"href":"https:\/\/affordablehousingactivation.org\/es\/wp-json\/wp\/v2\/exemplary_case"}],"about":[{"href":"https:\/\/affordablehousingactivation.org\/es\/wp-json\/wp\/v2\/types\/exemplary_case"}],"wp:featuredmedia":[{"embeddable":true,"href":"https:\/\/affordablehousingactivation.org\/es\/wp-json\/wp\/v2\/media\/8527"}],"wp:attachment":[{"href":"https:\/\/affordablehousingactivation.org\/es\/wp-json\/wp\/v2\/media?parent=8528"}],"wp:term":[{"taxonomy":"barrera","embeddable":true,"href":"https:\/\/affordablehousingactivation.org\/es\/wp-json\/wp\/v2\/barrera?post=8528"}],"curies":[{"name":"wp","href":"https:\/\/api.w.org\/{rel}","templated":true}]}}

<p>Se trata de dos edificios de geometría quebrada con tres espacios públicos de distinto carácter, en torno a los que girará la actividad social del vecindario. Se encontrarán en dos niveles -de acuerdo con el desnivel presente en las calles perimetrales- de modo que sean accesibles desde las mismas, produciéndose desde ellos el acceso a los cuatro portales que distribuyen a las viviendas.</p>
<p>Además de los espacios públicos exteriores se construirán varios interiores donde los vecinos puedan reunirse en invierno.</p>
<p><img loading="lazy" class="alignnone size-medium wp-image-8524" src="https://affordablehousingactivation.org/web/app/uploads/2022/05/CARABANCHEL-29-002-300x200.jpg" alt="" width="300" height="200" srcset="https://affordablehousingactivation.org//web/app/uploads/2022/05/CARABANCHEL-29-002-300x200.jpg 300w, https://affordablehousingactivation.org//web/app/uploads/2022/05/CARABANCHEL-29-002-1024x682.jpg 1024w, https://affordablehousingactivation.org//web/app/uploads/2022/05/CARABANCHEL-29-002-768x512.jpg 768w, https://affordablehousingactivation.org//web/app/uploads/2022/05/CARABANCHEL-29-002-1536x1024.jpg 1536w, https://affordablehousingactivation.org//web/app/uploads/2022/05/CARABANCHEL-29-002-900x600.jpg 900w, https://affordablehousingactivation.org//web/app/uploads/2022/05/CARABANCHEL-29-002-600x400.jpg 600w, https://affordablehousingactivation.org//web/app/uploads/2022/05/CARABANCHEL-29-002.jpg 1664w" sizes="(max-width: 300px) 100vw, 300px" title=""> <img loading="lazy" class="alignnone size-medium wp-image-8522" src="https://affordablehousingactivation.org/web/app/uploads/2022/05/CARABANCHEL-29-005-300x200.jpg" alt="" width="300" height="200" srcset="https://affordablehousingactivation.org//web/app/uploads/2022/05/CARABANCHEL-29-005-300x200.jpg 300w, https://affordablehousingactivation.org//web/app/uploads/2022/05/CARABANCHEL-29-005-1024x682.jpg 1024w, https://affordablehousingactivation.org//web/app/uploads/2022/05/CARABANCHEL-29-005-768x512.jpg 768w, https://affordablehousingactivation.org//web/app/uploads/2022/05/CARABANCHEL-29-005-1536x1024.jpg 1536w, https://affordablehousingactivation.org//web/app/uploads/2022/05/CARABANCHEL-29-005-900x600.jpg 900w, https://affordablehousingactivation.org//web/app/uploads/2022/05/CARABANCHEL-29-005-600x400.jpg 600w, https://affordablehousingactivation.org//web/app/uploads/2022/05/CARABANCHEL-29-005.jpg 1664w" sizes="(max-width: 300px) 100vw, 300px" title=""></p>
<h2>Otros datos de interés</h2>
<p>15.800.000 € (+IVA)</p>
<p><strong>Proyecto</strong></p>
<p>Totem Arquitectos Asociados S.L.P</p>
<p><strong>Empresa constructora</strong></p>
<p>VDR MULTIVA, S.L.</p>
<p><strong>Programa de viviendas</strong></p>
<p>1D, 2D y 3D (41+78+40)</p>
<p>203 PLAZAS DE GARAJE</p>
<p><img loading="lazy" class="alignnone size-medium wp-image-8477" src="https://affordablehousingactivation.org/web/app/uploads/2022/05/emvs-1-300x193.jpg" alt="" width="300" height="193" srcset="https://affordablehousingactivation.org//web/app/uploads/2022/05/emvs-1-300x193.jpg 300w, https://affordablehousingactivation.org//web/app/uploads/2022/05/emvs-1.jpg 400w" sizes="(max-width: 300px) 100vw, 300px" title=""></p>

<p>La mayoría de las edificaciones del Ensanche de Carabanchel son bloques rodeados de espacios verdes de carácter privado. Sin embargo, en esta ocasión, el proyecto propone la construcción de un espacio público de alta calidad que fomente la interacción entre los vecinos y entre éstos y su entorno.</p>
