{"id":8990,"date":"2022-05-11T19:42:11","date_gmt":"2022-05-11T17:42:11","guid":{"rendered":"https:\/\/affordablehousingactivation.org\/exemplary-cases\/new-european-bauhaus\/"},"modified":"2022-05-11T19:44:28","modified_gmt":"2022-05-11T17:44:28","slug":"new-european-bauhaus","status":"publish","type":"exemplary_case","link":"https:\/\/affordablehousingactivation.org\/es\/casos-de-exito\/new-european-bauhaus\/","title":{"rendered":"New European Bauhaus"},"content":{"rendered":"<p>La<strong> Nueva Bauhaus Europea<\/strong> es una iniciativa creativa e interdisciplinar que conecta el Pacto Verde Europeo con nuestros espacios y experiencias vitales. Concebido como un movimiento basado en la sostenibilidad, la inclusi\u00f3n y la est\u00e9tica.<\/p>\n<p>Pretende ser un puente entre el mundo de la ciencia y la tecnolog\u00eda, as\u00ed como el mundo del arte y la cultura. Es una iniciativa intr\u00ednsecamente ligada a la vida de los ciudadanos y de las ciudades.<\/p>\n<p>Marcos Ros, miembro del Grupo de Socialistas y Dem\u00f3cratas y miembro de la Comisi\u00f3n de Cultura, Educaci\u00f3n y Deporte; as\u00ed como miembro suplente de la Comisi\u00f3n de Medio Ambiente, ha lanzado hace quince d\u00edas el Grupo de Amistad de la Nueva Bauhaus Europea en el Parlamento Europeo, que cuenta con m\u00e1s de 30 parlamentarios interesados en esta iniciativa.<\/p>\n","protected":false},"excerpt":{"rendered":"<p>\u3164<\/p>\n","protected":false},"featured_media":8758,"parent":0,"template":"","meta":{"_price":"","_stock":"","_tribe_ticket_header":"","_tribe_default_ticket_provider":"","_tribe_ticket_capacity":"0","_ticket_start_date":"","_ticket_end_date":"","_tribe_ticket_show_description":"","_tribe_ticket_show_not_going":false,"_tribe_ticket_use_global_stock":"","_tribe_ticket_global_stock_level":"","_global_stock_mode":"","_global_stock_cap":"","_tribe_rsvp_for_event":"","_tribe_ticket_going_count":"","_tribe_ticket_not_going_count":"","_tribe_tickets_list":[],"_tribe_ticket_has_attendee_info_fields":false},"barrera":[117],"acf":[],"_links":{"self":[{"href":"https:\/\/affordablehousingactivation.org\/es\/wp-json\/wp\/v2\/exemplary_case\/8990"}],"collection":[{"href":"https:\/\/affordablehousingactivation.org\/es\/wp-json\/wp\/v2\/exemplary_case"}],"about":[{"href":"https:\/\/affordablehousingactivation.org\/es\/wp-json\/wp\/v2\/types\/exemplary_case"}],"wp:featuredmedia":[{"embeddable":true,"href":"https:\/\/affordablehousingactivation.org\/es\/wp-json\/wp\/v2\/media\/8758"}],"wp:attachment":[{"href":"https:\/\/affordablehousingactivation.org\/es\/wp-json\/wp\/v2\/media?parent=8990"}],"wp:term":[{"taxonomy":"barrera","embeddable":true,"href":"https:\/\/affordablehousingactivation.org\/es\/wp-json\/wp\/v2\/barrera?post=8990"}],"curies":[{"name":"wp","href":"https:\/\/api.w.org\/{rel}","templated":true}]}}

<p>La<strong> Nueva Bauhaus Europea</strong> es una iniciativa creativa e interdisciplinar que conecta el Pacto Verde Europeo con nuestros espacios y experiencias vitales. Concebido como un movimiento basado en la sostenibilidad, la inclusión y la estética.</p>
<p>Pretende ser un puente entre el mundo de la ciencia y la tecnología, así como el mundo del arte y la cultura. Es una iniciativa intrínsecamente ligada a la vida de los ciudadanos y de las ciudades.</p>
<p>Marcos Ros, miembro del Grupo de Socialistas y Demócratas y miembro de la Comisión de Cultura, Educación y Deporte; así como miembro suplente de la Comisión de Medio Ambiente, ha lanzado hace quince días el Grupo de Amistad de la Nueva Bauhaus Europea en el Parlamento Europeo, que cuenta con más de 30 parlamentarios interesados en esta iniciativa.</p>

<p>ㅤ</p>
