{"id":9035,"date":"2022-05-12T16:15:23","date_gmt":"2022-05-12T14:15:23","guid":{"rendered":"https:\/\/affordablehousingactivation.org\/exemplary-cases\/barcelona-javier-buron-and-laia-grau-barcelona-city-council\/"},"modified":"2022-05-12T16:23:02","modified_gmt":"2022-05-12T14:23:02","slug":"barcelona-javier-buron-and-laia-grau-barcelona-city-council","status":"publish","type":"exemplary_case","link":"https:\/\/affordablehousingactivation.org\/es\/casos-de-exito\/barcelona-javier-buron-and-laia-grau-barcelona-city-council\/","title":{"rendered":"Barcelona: Javier Bur\u00f3n y Laia Grau, Ayuntamiento de Barcelona"},"content":{"rendered":"<p><strong>Javier Bur\u00f3n<\/strong>, ex consultor de pol\u00edticas p\u00fablicas, abogado especializado en derecho p\u00fablico (Cuatrecasas Gon\u00e7alves Pereira), Subsecretario de Vivienda y Director de Planificaci\u00f3n del Gobierno Vasco, asesor jur\u00eddico y econ\u00f3mico de diputados en el Parlamento Vasco y en el Congreso de los Diputados.<\/p>\n<p>Estudi\u00f3 en el North Andover High School (MA USA), en la Universidad de Deusto (licenciatura en Derecho, econom\u00eda y m\u00e1ster en impuestos), en la KU Leuven (LLM) y en la Universidad del Pa\u00eds Vasco (m\u00e1ster en Administraci\u00f3n de Empresas y doctorando -a\u00fan en curso- en Derecho Constitucional).<\/p>\n<p>Colaborador en diferentes periodos de AVS (Asociaci\u00f3n Espa\u00f1ola de Vivienda P\u00fablica), GHS (Asociaci\u00f3n Catalana de Profesionales de la Vivienda Social), ENHR (Red Europea de Investigaci\u00f3n en Vivienda), Grupo de Trabajo de Vivienda de Eurocities y Housing Europe (Asociaci\u00f3n Europea de Vivienda Social).<\/p>\n<p>Docente y conferenciante ocasional en los \u00e1mbitos de la reforma administrativa y la vivienda en diferentes universidades.<\/p>\n<p><strong>Laia Grau,<\/strong> arquitecta-urbanista por la Universidad Polit\u00e8cnica de Catalunya y posgrado en G\u00e9nero e Igualdad por la Universitat Aut\u00f2noma de Barcelona.<\/p>\n<p>En 2017-2019 se incorpora como socia al despacho de TerritorisXLM como especialista en asesoramiento municipal en materia de planificaci\u00f3n urban\u00edstica, y temas estrat\u00e9gicos de ciudad y territorio. Desde 2018 es miembro del patronato de la fundaci\u00f3n Barcelona Institute of Technology for the Habitat (BIT Habitat). Forma parte de la comisi\u00f3n abierta de mujeres del COAC.<\/p>\n<p>Desde 2006 ha formado parte del cuerpo especial de arquitectos de la Generalitat de Catalunya, desempe\u00f1ando diferentes funciones, hasta 2013 como responsable de la comarca del Bages de la Comisi\u00f3n Territorial de Urbanismo de Barcelona del Departamento de Territorio Sostenibilidad, asesorando a ayuntamientos en materia de planificaci\u00f3n urban\u00edstica. Ha colaborado tambi\u00e9n en la redacci\u00f3n de los Planes Directores urban\u00edsticos de desarrollo econ\u00f3mico, promovidos por la Generalitat de Catalunya. Desde 1999 hasta 2006 colabor\u00f3 \u200b\u200bcon el despacho Jornet-Llop-Pastor arquitectes, en proyectos de planeamiento a diversas escalas, especializ\u00e1ndose en temas de ordenaci\u00f3n urbana y espacio p\u00fablico.<\/p>\n","protected":false},"excerpt":{"rendered":"<p>\u3164<\/p>\n","protected":false},"featured_media":9037,"parent":0,"template":"","meta":{"_price":"","_stock":"","_tribe_ticket_header":"","_tribe_default_ticket_provider":"","_tribe_ticket_capacity":"0","_ticket_start_date":"","_ticket_end_date":"","_tribe_ticket_show_description":"","_tribe_ticket_show_not_going":false,"_tribe_ticket_use_global_stock":"","_tribe_ticket_global_stock_level":"","_global_stock_mode":"","_global_stock_cap":"","_tribe_rsvp_for_event":"","_tribe_ticket_going_count":"","_tribe_ticket_not_going_count":"","_tribe_tickets_list":[],"_tribe_ticket_has_attendee_info_fields":false},"barrera":[113],"acf":[],"_links":{"self":[{"href":"https:\/\/affordablehousingactivation.org\/es\/wp-json\/wp\/v2\/exemplary_case\/9035"}],"collection":[{"href":"https:\/\/affordablehousingactivation.org\/es\/wp-json\/wp\/v2\/exemplary_case"}],"about":[{"href":"https:\/\/affordablehousingactivation.org\/es\/wp-json\/wp\/v2\/types\/exemplary_case"}],"wp:featuredmedia":[{"embeddable":true,"href":"https:\/\/affordablehousingactivation.org\/es\/wp-json\/wp\/v2\/media\/9037"}],"wp:attachment":[{"href":"https:\/\/affordablehousingactivation.org\/es\/wp-json\/wp\/v2\/media?parent=9035"}],"wp:term":[{"taxonomy":"barrera","embeddable":true,"href":"https:\/\/affordablehousingactivation.org\/es\/wp-json\/wp\/v2\/barrera?post=9035"}],"curies":[{"name":"wp","href":"https:\/\/api.w.org\/{rel}","templated":true}]}}

Barcelona: Javier Burón y Laia Grau, Ayuntamiento de Barcelona

<p><strong>Javier Burón</strong>, ex consultor de políticas públicas, abogado especializado en derecho público (Cuatrecasas Gonçalves Pereira), Subsecretario de Vivienda y Director de Planificación del Gobierno Vasco, asesor jurídico y económico de diputados en el Parlamento Vasco y en el Congreso de los Diputados.</p>
<p>Estudió en el North Andover High School (MA USA), en la Universidad de Deusto (licenciatura en Derecho, economía y máster en impuestos), en la KU Leuven (LLM) y en la Universidad del País Vasco (máster en Administración de Empresas y doctorando -aún en curso- en Derecho Constitucional).</p>
<p>Colaborador en diferentes periodos de AVS (Asociación Española de Vivienda Pública), GHS (Asociación Catalana de Profesionales de la Vivienda Social), ENHR (Red Europea de Investigación en Vivienda), Grupo de Trabajo de Vivienda de Eurocities y Housing Europe (Asociación Europea de Vivienda Social).</p>
<p>Docente y conferenciante ocasional en los ámbitos de la reforma administrativa y la vivienda en diferentes universidades.</p>
<p><strong>Laia Grau,</strong> arquitecta-urbanista por la Universidad Politècnica de Catalunya y posgrado en Género e Igualdad por la Universitat Autònoma de Barcelona.</p>
<p>En 2017-2019 se incorpora como socia al despacho de TerritorisXLM como especialista en asesoramiento municipal en materia de planificación urbanística, y temas estratégicos de ciudad y territorio. Desde 2018 es miembro del patronato de la fundación Barcelona Institute of Technology for the Habitat (BIT Habitat). Forma parte de la comisión abierta de mujeres del COAC.</p>
<p>Desde 2006 ha formado parte del cuerpo especial de arquitectos de la Generalitat de Catalunya, desempeñando diferentes funciones, hasta 2013 como responsable de la comarca del Bages de la Comisión Territorial de Urbanismo de Barcelona del Departamento de Territorio Sostenibilidad, asesorando a ayuntamientos en materia de planificación urbanística. Ha colaborado también en la redacción de los Planes Directores urbanísticos de desarrollo económico, promovidos por la Generalitat de Catalunya. Desde 1999 hasta 2006 colaboró ​​con el despacho Jornet-Llop-Pastor arquitectes, en proyectos de planeamiento a diversas escalas, especializándose en temas de ordenación urbana y espacio público.</p>

<p>ㅤ</p>
