{"id":9179,"date":"2022-05-17T10:06:11","date_gmt":"2022-05-17T08:06:11","guid":{"rendered":"https:\/\/affordablehousingactivation.org\/?post_type=exemplary_case&#038;p=9179"},"modified":"2022-05-17T16:18:20","modified_gmt":"2022-05-17T14:18:20","slug":"deficit-cero-una-alianza-para-reducir-el-deficit-urbano-habitacional","status":"publish","type":"exemplary_case","link":"https:\/\/affordablehousingactivation.org\/es\/casos-de-exito\/deficit-cero-una-alianza-para-reducir-el-deficit-urbano-habitacional\/","title":{"rendered":"D\u00e9ficit Cero, una alianza para reducir el d\u00e9ficit urbano habitacional"},"content":{"rendered":"<h2>Streaming links<\/h2>\n<ul>\n<li><a href=\"https:\/\/youtu.be\/_iYEwW3B9vI\" target=\"_blank\" rel=\"noopener\">https:\/\/youtu.be\/_iYEwW3B9vI<\/a><\/li>\n<\/ul>\n<p><iframe loading=\"lazy\" title=\"D\u00e9ficit Cero, una alianza para reducir el d\u00e9ficit urbano habitacional\" width=\"800\" height=\"450\" src=\"https:\/\/www.youtube.com\/embed\/_iYEwW3B9vI?feature=oembed\" frameborder=\"0\" allow=\"accelerometer; autoplay; clipboard-write; encrypted-media; gyroscope; picture-in-picture\" allowfullscreen><\/iframe><\/p>\n<ul>\n<li><a href=\"https:\/\/youtu.be\/VsfvF8ZmYRc\" target=\"_blank\" rel=\"noopener\">https:\/\/youtu.be\/VsfvF8ZmYRc<\/a><\/li>\n<\/ul>\n<p><iframe loading=\"lazy\" title=\"Sebasti\u00e1n Bowen: \u201cDebi\u00e9ramos ser capaces de llegar al d\u00e9ficit habitacional cero antes de 2030\u201d\" width=\"800\" height=\"450\" src=\"https:\/\/www.youtube.com\/embed\/VsfvF8ZmYRc?feature=oembed\" frameborder=\"0\" allow=\"accelerometer; autoplay; clipboard-write; encrypted-media; gyroscope; picture-in-picture\" allowfullscreen><\/iframe><\/p>\n<ul>\n<li><a href=\"https:\/\/youtu.be\/pC717v20kJw\" target=\"_blank\" rel=\"noopener\">https:\/\/youtu.be\/pC717v20kJw<\/a><\/li>\n<\/ul>\n<p><iframe loading=\"lazy\" title=\"Un largo viaje | D\u00e9ficit Cero\" width=\"800\" height=\"450\" src=\"https:\/\/www.youtube.com\/embed\/pC717v20kJw?feature=oembed\" frameborder=\"0\" allow=\"accelerometer; autoplay; clipboard-write; encrypted-media; gyroscope; picture-in-picture\" allowfullscreen><\/iframe><\/p>\n<h2><span data-contrast=\"auto\">Organizadores<\/span><\/h2>\n<p><span data-contrast=\"none\"><strong>Deficit Cero<\/strong> es una Corporaci\u00f3n de derecho privado que nace de la Fundaci\u00f3n techo, orientada, desde hace 25 a\u00f1os, en los asentamientos populares para superar la pobreza a trav\u00e9s de la formaci\u00f3n y acci\u00f3n conjunta de sus pobladores y pobladoras, j\u00f3venes voluntarios y voluntarias, y otros actores en Chile y Latinoam\u00e9rica en alianza con la Camara Chilena de la Construcci\u00f3n la cual promueve el desarrollo y fomento de la construcci\u00f3n como palanca fundamental para el desarrollo del pa\u00eds junto con apoyar el bienestar de los chilenos, especialmente de los trabajadores de la construcci\u00f3n y sus familias junto con aportar en contribuir en mejorar la pol\u00edtica P\u00fablica.<\/span><br \/>\n<span data-contrast=\"none\">D\u00e9ficit Cero naci\u00f3 como una iniciativa impulsada por TECHO-Chile a partir de las dram\u00e1ticas cifras de su Catastro de Campamentos 2021. Bajo la premisa de que el problema de fondo es el dif\u00edcil acceso a la vivienda en nuestras ciudades, la fundaci\u00f3n hizo un amplio llamado a unirnos para enfrentar esta emergencia nacional y juntxs hacer posible el d\u00e9ficit habitacional cero.<\/span><span data-ccp-props=\"{&quot;134233117&quot;:true,&quot;134233118&quot;:true}\">\u00a0<\/span><\/p>\n<p><span data-contrast=\"none\">Hoy, D\u00e9ficit Cero es un organismo integrado por diversos actores sociales, acad\u00e9micos, privados, p\u00fablicos, ONG\u2019s y comit\u00e9s de vivienda que buscan trabajar colaborativamente para encauzar el encuentro entre la crisis y la oportunidad, planteando un objetivo ambicioso pero concreto y factible, que contenga al mismo tiempo, sentido de urgencia y una mirada de futuro.<\/span><span data-ccp-props=\"{&quot;134233117&quot;:true,&quot;134233118&quot;:true}\">\u00a0<\/span><\/p>\n<p><a href=\"http:\/\/www.deficitcero.cl\/\" target=\"_blank\" rel=\"noopener\"><span data-contrast=\"none\">http:\/\/www.deficitcero.cl\/<\/span><\/a><span data-ccp-props=\"{}\">\u00a0<\/span><\/p>\n<p><span data-ccp-props=\"{}\">\u00a0<\/span><\/p>\n","protected":false},"excerpt":{"rendered":"<p>Corporaci\u00f3n que se crea con la misi\u00f3n de generar una mayor, mejor, m\u00e1s diversa y m\u00e1s r\u00e1pida oferta habitacional asequible para las familias <\/p>\n","protected":false},"featured_media":9180,"parent":0,"template":"","meta":{"_price":"","_stock":"","_tribe_ticket_header":"","_tribe_default_ticket_provider":"","_tribe_ticket_capacity":"0","_ticket_start_date":"","_ticket_end_date":"","_tribe_ticket_show_description":"","_tribe_ticket_show_not_going":false,"_tribe_ticket_use_global_stock":"","_tribe_ticket_global_stock_level":"","_global_stock_mode":"","_global_stock_cap":"","_tribe_rsvp_for_event":"","_tribe_ticket_going_count":"","_tribe_ticket_not_going_count":"","_tribe_tickets_list":[],"_tribe_ticket_has_attendee_info_fields":false},"barrera":[113,117,114,119],"acf":[],"_links":{"self":[{"href":"https:\/\/affordablehousingactivation.org\/es\/wp-json\/wp\/v2\/exemplary_case\/9179"}],"collection":[{"href":"https:\/\/affordablehousingactivation.org\/es\/wp-json\/wp\/v2\/exemplary_case"}],"about":[{"href":"https:\/\/affordablehousingactivation.org\/es\/wp-json\/wp\/v2\/types\/exemplary_case"}],"wp:featuredmedia":[{"embeddable":true,"href":"https:\/\/affordablehousingactivation.org\/es\/wp-json\/wp\/v2\/media\/9180"}],"wp:attachment":[{"href":"https:\/\/affordablehousingactivation.org\/es\/wp-json\/wp\/v2\/media?parent=9179"}],"wp:term":[{"taxonomy":"barrera","embeddable":true,"href":"https:\/\/affordablehousingactivation.org\/es\/wp-json\/wp\/v2\/barrera?post=9179"}],"curies":[{"name":"wp","href":"https:\/\/api.w.org\/{rel}","templated":true}]}}

Déficit Cero, una alianza para reducir el déficit urbano habitacional

<h2>Streaming links</h2>
<ul>
<li><a href="https://youtu.be/_iYEwW3B9vI" target="_blank" rel="noopener">https://youtu.be/_iYEwW3B9vI</a></li>
</ul>
<p><iframe loading="lazy" title="Déficit Cero, una alianza para reducir el déficit urbano habitacional" width="800" height="450" src="https://www.youtube.com/embed/_iYEwW3B9vI?feature=oembed" frameborder="0" allow="accelerometer; autoplay; clipboard-write; encrypted-media; gyroscope; picture-in-picture" allowfullscreen></iframe></p>
<ul>
<li><a href="https://youtu.be/VsfvF8ZmYRc" target="_blank" rel="noopener">https://youtu.be/VsfvF8ZmYRc</a></li>
</ul>
<p><iframe loading="lazy" title="Sebastián Bowen: “Debiéramos ser capaces de llegar al déficit habitacional cero antes de 2030”" width="800" height="450" src="https://www.youtube.com/embed/VsfvF8ZmYRc?feature=oembed" frameborder="0" allow="accelerometer; autoplay; clipboard-write; encrypted-media; gyroscope; picture-in-picture" allowfullscreen></iframe></p>
<ul>
<li><a href="https://youtu.be/pC717v20kJw" target="_blank" rel="noopener">https://youtu.be/pC717v20kJw</a></li>
</ul>
<p><iframe loading="lazy" title="Un largo viaje | Déficit Cero" width="800" height="450" src="https://www.youtube.com/embed/pC717v20kJw?feature=oembed" frameborder="0" allow="accelerometer; autoplay; clipboard-write; encrypted-media; gyroscope; picture-in-picture" allowfullscreen></iframe></p>
<h2><span data-contrast="auto">Organizadores</span></h2>
<p><span data-contrast="none"><strong>Deficit Cero</strong> es una Corporación de derecho privado que nace de la Fundación techo, orientada, desde hace 25 años, en los asentamientos populares para superar la pobreza a través de la formación y acción conjunta de sus pobladores y pobladoras, jóvenes voluntarios y voluntarias, y otros actores en Chile y Latinoamérica en alianza con la Camara Chilena de la Construcción la cual promueve el desarrollo y fomento de la construcción como palanca fundamental para el desarrollo del país junto con apoyar el bienestar de los chilenos, especialmente de los trabajadores de la construcción y sus familias junto con aportar en contribuir en mejorar la política Pública.</span><br />
<span data-contrast="none">Déficit Cero nació como una iniciativa impulsada por TECHO-Chile a partir de las dramáticas cifras de su Catastro de Campamentos 2021. Bajo la premisa de que el problema de fondo es el difícil acceso a la vivienda en nuestras ciudades, la fundación hizo un amplio llamado a unirnos para enfrentar esta emergencia nacional y juntxs hacer posible el déficit habitacional cero.</span><span data-ccp-props="{&quot;134233117&quot;:true,&quot;134233118&quot;:true}"> </span></p>
<p><span data-contrast="none">Hoy, Déficit Cero es un organismo integrado por diversos actores sociales, académicos, privados, públicos, ONG’s y comités de vivienda que buscan trabajar colaborativamente para encauzar el encuentro entre la crisis y la oportunidad, planteando un objetivo ambicioso pero concreto y factible, que contenga al mismo tiempo, sentido de urgencia y una mirada de futuro.</span><span data-ccp-props="{&quot;134233117&quot;:true,&quot;134233118&quot;:true}"> </span></p>
<p><a href="http://www.deficitcero.cl/" target="_blank" rel="noopener"><span data-contrast="none">http://www.deficitcero.cl/</span></a><span data-ccp-props="{}"> </span></p>
<p><span data-ccp-props="{}"> </span></p>

<p>Corporación que se crea con la misión de generar una mayor, mejor, más diversa y más rápida oferta habitacional asequible para las familias </p>
