{"id":9722,"date":"2022-06-24T18:47:34","date_gmt":"2022-06-24T16:47:34","guid":{"rendered":"https:\/\/affordablehousingactivation.org\/exemplary-cases\/por-que-invertir-en-el-mundo-rural-el-caso-de-la-sierra-de-la-demanda-conferencia-en-sima-academy-2022\/"},"modified":"2022-06-24T18:47:34","modified_gmt":"2022-06-24T16:47:34","slug":"por-que-invertir-en-el-mundo-rural-el-caso-de-la-sierra-de-la-demanda-conferencia-en-sima-academy-2022","status":"publish","type":"exemplary_case","link":"https:\/\/affordablehousingactivation.org\/es\/casos-de-exito\/por-que-invertir-en-el-mundo-rural-el-caso-de-la-sierra-de-la-demanda-conferencia-en-sima-academy-2022\/","title":{"rendered":"\u00bfPor qu\u00e9 invertir en el mundo rural? \u2013 El caso de la Sierra de la Demanda &#8211; Conferencia en SIMA Academy 2022"},"content":{"rendered":"<p><span data-contrast=\"auto\">AGALSA &#8211; Sierra de la Demanda es el grupo de acci\u00f3n local que act\u00faa en el territorio de la Sierra de la Demanda burgalesa (sureste de Burgos), en donde viene trabajando en el desarrollo socioecon\u00f3mico de la zona desde el a\u00f1o 1994, apoy\u00e1ndose en el concurso, participaci\u00f3n y colaboraci\u00f3n de todos los agentes p\u00fablicos y privados.<\/span><span data-ccp-props=\"{&quot;201341983&quot;:0,&quot;335551550&quot;:6,&quot;335551620&quot;:6,&quot;335559739&quot;:160,&quot;335559740&quot;:259}\">\u00a0<\/span><\/p>\n<p><span data-contrast=\"auto\">Como Grupo de Acci\u00f3n Local es una asociaci\u00f3n sin \u00e1nimo de lucro, en nuestro caso adem\u00e1s declarada de utilidad p\u00fablica y en cuyos \u00f3rganos de direcci\u00f3n y participaci\u00f3n est\u00e1n integrados y representados la mayor\u00eda de los grupos de inter\u00e9s locales (entidades locales, agentes econ\u00f3micos, sociales, culturales, etc&#8230;).<\/span><span data-ccp-props=\"{&quot;201341983&quot;:0,&quot;335551550&quot;:6,&quot;335551620&quot;:6,&quot;335559739&quot;:160,&quot;335559740&quot;:259}\">\u00a0<\/span><\/p>\n<p><span data-contrast=\"auto\">Queremos facilitar que el sector inmobiliario pueda proveer de vivienda asequible en nuestro territorio compuesto por 114 pueblos en una extensi\u00f3n de 1.949 km2.<\/span><span data-ccp-props=\"{&quot;201341983&quot;:0,&quot;335551550&quot;:6,&quot;335551620&quot;:6,&quot;335559739&quot;:160,&quot;335559740&quot;:259}\">\u00a0<\/span><\/p>\n<h2>Streaming Link:<\/h2>\n<ul>\n<li><a href=\"https:\/\/www.youtube.com\/watch?v=tyk3ig-h224\" target=\"_blank\" rel=\"noopener\"><span data-contrast=\"none\">https:\/\/www.youtube.com\/watch?v=tyk3ig-h224<\/span><\/a><\/li>\n<\/ul>\n<p><iframe loading=\"lazy\" title=\"SIMA ACADEMY 2022. 26 MAYO. 16:45\" width=\"800\" height=\"450\" src=\"https:\/\/www.youtube.com\/embed\/tyk3ig-h224?feature=oembed\" frameborder=\"0\" allow=\"accelerometer; autoplay; clipboard-write; encrypted-media; gyroscope; picture-in-picture\" allowfullscreen><\/iframe><\/p>\n","protected":false},"excerpt":{"rendered":"<p>AGALSA &#8211; Sierra de la Demanda es el grupo de acci\u00f3n local que act\u00faa en el territorio de la Sierra de la Demanda burgalesa (sureste de Burgos), en donde viene [&hellip;]<\/p>\n","protected":false},"featured_media":9721,"parent":0,"template":"","meta":{"_price":"","_stock":"","_tribe_ticket_header":"","_tribe_default_ticket_provider":"","_tribe_ticket_capacity":"0","_ticket_start_date":"","_ticket_end_date":"","_tribe_ticket_show_description":"","_tribe_ticket_show_not_going":false,"_tribe_ticket_use_global_stock":"","_tribe_ticket_global_stock_level":"","_global_stock_mode":"","_global_stock_cap":"","_tribe_rsvp_for_event":"","_tribe_ticket_going_count":"","_tribe_ticket_not_going_count":"","_tribe_tickets_list":[],"_tribe_ticket_has_attendee_info_fields":false},"barrera":[113,117,119],"acf":[],"_links":{"self":[{"href":"https:\/\/affordablehousingactivation.org\/es\/wp-json\/wp\/v2\/exemplary_case\/9722"}],"collection":[{"href":"https:\/\/affordablehousingactivation.org\/es\/wp-json\/wp\/v2\/exemplary_case"}],"about":[{"href":"https:\/\/affordablehousingactivation.org\/es\/wp-json\/wp\/v2\/types\/exemplary_case"}],"wp:featuredmedia":[{"embeddable":true,"href":"https:\/\/affordablehousingactivation.org\/es\/wp-json\/wp\/v2\/media\/9721"}],"wp:attachment":[{"href":"https:\/\/affordablehousingactivation.org\/es\/wp-json\/wp\/v2\/media?parent=9722"}],"wp:term":[{"taxonomy":"barrera","embeddable":true,"href":"https:\/\/affordablehousingactivation.org\/es\/wp-json\/wp\/v2\/barrera?post=9722"}],"curies":[{"name":"wp","href":"https:\/\/api.w.org\/{rel}","templated":true}]}}

¿Por qué invertir en el mundo rural? – El caso de la Sierra de la Demanda &#8211; Conferencia en SIMA Academy 2022

<p><span data-contrast="auto">AGALSA &#8211; Sierra de la Demanda es el grupo de acción local que actúa en el territorio de la Sierra de la Demanda burgalesa (sureste de Burgos), en donde viene trabajando en el desarrollo socioeconómico de la zona desde el año 1994, apoyándose en el concurso, participación y colaboración de todos los agentes públicos y privados.</span><span data-ccp-props="{&quot;201341983&quot;:0,&quot;335551550&quot;:6,&quot;335551620&quot;:6,&quot;335559739&quot;:160,&quot;335559740&quot;:259}"> </span></p>
<p><span data-contrast="auto">Como Grupo de Acción Local es una asociación sin ánimo de lucro, en nuestro caso además declarada de utilidad pública y en cuyos órganos de dirección y participación están integrados y representados la mayoría de los grupos de interés locales (entidades locales, agentes económicos, sociales, culturales, etc&#8230;).</span><span data-ccp-props="{&quot;201341983&quot;:0,&quot;335551550&quot;:6,&quot;335551620&quot;:6,&quot;335559739&quot;:160,&quot;335559740&quot;:259}"> </span></p>
<p><span data-contrast="auto">Queremos facilitar que el sector inmobiliario pueda proveer de vivienda asequible en nuestro territorio compuesto por 114 pueblos en una extensión de 1.949 km2.</span><span data-ccp-props="{&quot;201341983&quot;:0,&quot;335551550&quot;:6,&quot;335551620&quot;:6,&quot;335559739&quot;:160,&quot;335559740&quot;:259}"> </span></p>
<h2>Streaming Link:</h2>
<ul>
<li><a href="https://www.youtube.com/watch?v=tyk3ig-h224" target="_blank" rel="noopener"><span data-contrast="none">https://www.youtube.com/watch?v=tyk3ig-h224</span></a></li>
</ul>
<p><iframe loading="lazy" title="SIMA ACADEMY 2022. 26 MAYO. 16:45" width="800" height="450" src="https://www.youtube.com/embed/tyk3ig-h224?feature=oembed" frameborder="0" allow="accelerometer; autoplay; clipboard-write; encrypted-media; gyroscope; picture-in-picture" allowfullscreen></iframe></p>

<p>AGALSA &#8211; Sierra de la Demanda es el grupo de acción local que actúa en el territorio de la Sierra de la Demanda burgalesa (sureste de Burgos), en donde viene [&hellip;]</p>
