{"id":116,"date":"2021-12-09T16:41:16","date_gmt":"2021-12-09T15:41:16","guid":{"rendered":"https:\/\/affordablehousingactivation.org\/?post_type=experts&#038;p=116"},"modified":"2022-03-24T11:32:25","modified_gmt":"2022-03-24T10:32:25","slug":"joan-clos-2","status":"publish","type":"experts","link":"https:\/\/affordablehousingactivation.org\/es\/experts\/joan-clos-2\/","title":{"rendered":"Joan Clos"},"content":{"rendered":"<p><span data-contrast=\"none\">Joan Clos fue Subsecretario General de la ONU y Director Ejecutivo de ONU- H\u00e1bitat\u00a0 (2010-2017),\u00a0 el\u00a0 programa\u00a0 de\u00a0 Naciones\u00a0 Unidas\u00a0 responsable\u00a0 de\u00a0 la promoci\u00f3n de ciudades sostenibles, resilientes y pr\u00f3speras. Durante su mandato, lider\u00f3 la elaboraci\u00f3n de la Nueva Agenda Urbana y fue nombrado Secretario General de la Conferencia H\u00e1bitat III.<\/span><span data-ccp-props=\"{&quot;201341983&quot;:0,&quot;335551550&quot;:6,&quot;335551620&quot;:6,&quot;335559685&quot;:109,&quot;335559737&quot;:52,&quot;335559739&quot;:200,&quot;335559740&quot;:360}\">\u00a0<\/span><\/p>\n<p><span data-contrast=\"none\">Nacido en Barcelona, es un m\u00e9dico con una distinguida carrera en el servicio p\u00fablico y la diplomacia. Se gradu\u00f3 en medicina por la Universidad Aut\u00f3noma de Barcelona, posteriormente se especializ\u00f3 en Salud P\u00fablica y Epidemiolog\u00eda en la Universidad de Edimburgo y se incorpor\u00f3 al gobierno municipal de Barcelona como Director de Salud P\u00fablica, en 1979.<\/span><span data-ccp-props=\"{&quot;201341983&quot;:0,&quot;335551550&quot;:6,&quot;335551620&quot;:6,&quot;335559685&quot;:109,&quot;335559737&quot;:52,&quot;335559739&quot;:200,&quot;335559740&quot;:360}\">\u00a0<\/span><\/p>\n<p><span data-contrast=\"none\">Joan Clos fue elegido dos veces alcalde de Barcelona, desde 1997 hasta 2006, despu\u00e9s de haber sido concejal de la ciudad entre 1983 y 1987, y teniente de alcalde de finanzas y presupuesto jugando un papel clave en la preparaci\u00f3n de los Juegos Ol\u00edmpicos de Barcelona en el 1992.<\/span><span data-ccp-props=\"{&quot;201341983&quot;:0,&quot;335551550&quot;:6,&quot;335551620&quot;:6,&quot;335559685&quot;:109,&quot;335559737&quot;:52,&quot;335559739&quot;:200,&quot;335559740&quot;:360}\">\u00a0<\/span><\/p>\n<p><span data-contrast=\"none\">En su \u00e9poca de alcalde, Clos recibi\u00f3 varios premios, incluyendo la medalla de oro del Royal Institute of British Architects en 1999 por la transformaci\u00f3n de Barcelona y,\u00a0 en\u00a0 2002,\u00a0 el\u00a0 Premio de\u00a0 Honor de ONU-H\u00e1bitat\u00a0 por\u00a0 la\u00a0 promoci\u00f3n\u00a0 de la cooperaci\u00f3n global entre las autoridades locales y las Naciones Unidas.<\/span><span data-ccp-props=\"{&quot;201341983&quot;:0,&quot;335551550&quot;:6,&quot;335551620&quot;:6,&quot;335559685&quot;:109,&quot;335559737&quot;:52,&quot;335559738&quot;:61,&quot;335559739&quot;:200,&quot;335559740&quot;:360}\">\u00a0<\/span><\/p>\n<p><span data-contrast=\"none\">A nivel internacional, en 1998, Clos fue elegido Presidente de Metr\u00f3polis, la red internacional de ciudades. Dos a\u00f1os m\u00e1s tarde, fue elegido Presidente de la Asociaci\u00f3n Mundial de Ciudades y Autoridades Locales. Entre 2000 y 2007, actu\u00f3 como Presidente del Comit\u00e9 Asesor de las Naciones Unidas para Autoridades Locales. Y entre 1997 y 2003, fue miembro del Consejo de Municipios y Regiones de Europa.<\/span><span data-ccp-props=\"{&quot;201341983&quot;:0,&quot;335551550&quot;:6,&quot;335551620&quot;:6,&quot;335559685&quot;:109,&quot;335559737&quot;:52,&quot;335559739&quot;:200,&quot;335559740&quot;:360}\">\u00a0<\/span><\/p>\n<p><span data-contrast=\"none\">Antes de unirse a las Naciones Unidas, entre 2006 y 2008, el Dr. Joan Clos fue Ministro de Industria, Turismo y Comercio de Espa\u00f1a y del 2008 al 2010, fue Embajador Espa\u00f1ol en Turqu\u00eda y Azerbaiy\u00e1n.<\/span><span data-ccp-props=\"{&quot;201341983&quot;:0,&quot;335551550&quot;:6,&quot;335551620&quot;:6,&quot;335559685&quot;:109,&quot;335559737&quot;:52,&quot;335559739&quot;:200,&quot;335559740&quot;:360}\">\u00a0<\/span><\/p>\n<p><span data-contrast=\"none\">En el 2016, recibi\u00f3 la medalla Jane Jacobs de la Fundaci\u00f3n Rockefeller en reconocimiento a su liderazgo en el impulso de la Nueva Agenda Urbana.<\/span><span data-ccp-props=\"{&quot;201341983&quot;:0,&quot;335551550&quot;:6,&quot;335551620&quot;:6,&quot;335559685&quot;:109,&quot;335559737&quot;:52,&quot;335559739&quot;:200,&quot;335559740&quot;:359}\">\u00a0<\/span><\/p>\n","protected":false},"featured_media":1794,"template":"","meta":{"_price":"","_stock":"","_tribe_ticket_header":"","_tribe_default_ticket_provider":"","_tribe_ticket_capacity":"0","_ticket_start_date":"","_ticket_end_date":"","_tribe_ticket_show_description":"","_tribe_ticket_show_not_going":false,"_tribe_ticket_use_global_stock":"","_tribe_ticket_global_stock_level":"","_global_stock_mode":"","_global_stock_cap":"","_tribe_rsvp_for_event":"","_tribe_ticket_going_count":"","_tribe_ticket_not_going_count":"","_tribe_tickets_list":[],"_tribe_ticket_has_attendee_info_fields":false},"categories":[],"barrera":[],"pais":[],"acf":[],"_links":{"self":[{"href":"https:\/\/affordablehousingactivation.org\/es\/wp-json\/wp\/v2\/experts\/116"}],"collection":[{"href":"https:\/\/affordablehousingactivation.org\/es\/wp-json\/wp\/v2\/experts"}],"about":[{"href":"https:\/\/affordablehousingactivation.org\/es\/wp-json\/wp\/v2\/types\/experts"}],"wp:featuredmedia":[{"embeddable":true,"href":"https:\/\/affordablehousingactivation.org\/es\/wp-json\/wp\/v2\/media\/1794"}],"wp:attachment":[{"href":"https:\/\/affordablehousingactivation.org\/es\/wp-json\/wp\/v2\/media?parent=116"}],"wp:term":[{"taxonomy":"category","embeddable":true,"href":"https:\/\/affordablehousingactivation.org\/es\/wp-json\/wp\/v2\/categories?post=116"},{"taxonomy":"barrera","embeddable":true,"href":"https:\/\/affordablehousingactivation.org\/es\/wp-json\/wp\/v2\/barrera?post=116"},{"taxonomy":"pais","embeddable":true,"href":"https:\/\/affordablehousingactivation.org\/es\/wp-json\/wp\/v2\/pais?post=116"}],"curies":[{"name":"wp","href":"https:\/\/api.w.org\/{rel}","templated":true}]}}

<p><span data-contrast="none">Joan Clos fue Subsecretario General de la ONU y Director Ejecutivo de ONU- Hábitat  (2010-2017),  el  programa  de  Naciones  Unidas  responsable  de  la promoción de ciudades sostenibles, resilientes y prósperas. Durante su mandato, lideró la elaboración de la Nueva Agenda Urbana y fue nombrado Secretario General de la Conferencia Hábitat III.</span><span data-ccp-props="{&quot;201341983&quot;:0,&quot;335551550&quot;:6,&quot;335551620&quot;:6,&quot;335559685&quot;:109,&quot;335559737&quot;:52,&quot;335559739&quot;:200,&quot;335559740&quot;:360}"> </span></p>
<p><span data-contrast="none">Nacido en Barcelona, es un médico con una distinguida carrera en el servicio público y la diplomacia. Se graduó en medicina por la Universidad Autónoma de Barcelona, posteriormente se especializó en Salud Pública y Epidemiología en la Universidad de Edimburgo y se incorporó al gobierno municipal de Barcelona como Director de Salud Pública, en 1979.</span><span data-ccp-props="{&quot;201341983&quot;:0,&quot;335551550&quot;:6,&quot;335551620&quot;:6,&quot;335559685&quot;:109,&quot;335559737&quot;:52,&quot;335559739&quot;:200,&quot;335559740&quot;:360}"> </span></p>
<p><span data-contrast="none">Joan Clos fue elegido dos veces alcalde de Barcelona, desde 1997 hasta 2006, después de haber sido concejal de la ciudad entre 1983 y 1987, y teniente de alcalde de finanzas y presupuesto jugando un papel clave en la preparación de los Juegos Olímpicos de Barcelona en el 1992.</span><span data-ccp-props="{&quot;201341983&quot;:0,&quot;335551550&quot;:6,&quot;335551620&quot;:6,&quot;335559685&quot;:109,&quot;335559737&quot;:52,&quot;335559739&quot;:200,&quot;335559740&quot;:360}"> </span></p>
<p><span data-contrast="none">En su época de alcalde, Clos recibió varios premios, incluyendo la medalla de oro del Royal Institute of British Architects en 1999 por la transformación de Barcelona y,  en  2002,  el  Premio de  Honor de ONU-Hábitat  por  la  promoción  de la cooperación global entre las autoridades locales y las Naciones Unidas.</span><span data-ccp-props="{&quot;201341983&quot;:0,&quot;335551550&quot;:6,&quot;335551620&quot;:6,&quot;335559685&quot;:109,&quot;335559737&quot;:52,&quot;335559738&quot;:61,&quot;335559739&quot;:200,&quot;335559740&quot;:360}"> </span></p>
<p><span data-contrast="none">A nivel internacional, en 1998, Clos fue elegido Presidente de Metrópolis, la red internacional de ciudades. Dos años más tarde, fue elegido Presidente de la Asociación Mundial de Ciudades y Autoridades Locales. Entre 2000 y 2007, actuó como Presidente del Comité Asesor de las Naciones Unidas para Autoridades Locales. Y entre 1997 y 2003, fue miembro del Consejo de Municipios y Regiones de Europa.</span><span data-ccp-props="{&quot;201341983&quot;:0,&quot;335551550&quot;:6,&quot;335551620&quot;:6,&quot;335559685&quot;:109,&quot;335559737&quot;:52,&quot;335559739&quot;:200,&quot;335559740&quot;:360}"> </span></p>
<p><span data-contrast="none">Antes de unirse a las Naciones Unidas, entre 2006 y 2008, el Dr. Joan Clos fue Ministro de Industria, Turismo y Comercio de España y del 2008 al 2010, fue Embajador Español en Turquía y Azerbaiyán.</span><span data-ccp-props="{&quot;201341983&quot;:0,&quot;335551550&quot;:6,&quot;335551620&quot;:6,&quot;335559685&quot;:109,&quot;335559737&quot;:52,&quot;335559739&quot;:200,&quot;335559740&quot;:360}"> </span></p>
<p><span data-contrast="none">En el 2016, recibió la medalla Jane Jacobs de la Fundación Rockefeller en reconocimiento a su liderazgo en el impulso de la Nueva Agenda Urbana.</span><span data-ccp-props="{&quot;201341983&quot;:0,&quot;335551550&quot;:6,&quot;335551620&quot;:6,&quot;335559685&quot;:109,&quot;335559737&quot;:52,&quot;335559739&quot;:200,&quot;335559740&quot;:359}"> </span></p>
