{"id":119,"date":"2021-12-09T16:39:57","date_gmt":"2021-12-09T15:39:57","guid":{"rendered":"https:\/\/affordablehousingactivation.org\/?post_type=experts&#038;p=119"},"modified":"2022-03-02T18:11:29","modified_gmt":"2022-03-02T17:11:29","slug":"richard-florida","status":"publish","type":"experts","link":"https:\/\/affordablehousingactivation.org\/es\/experts\/richard-florida\/","title":{"rendered":"Richard Florida"},"content":{"rendered":"<p>Richard Florida es uno de los principales urbanistas del mundo.<\/p>\n<p>Es escritor y periodista, y ha escrito varios bestsellers, como el premiado The Rise of the Creative Class y The New Urban Crisis. Es cofundador de CityLab, la principal publicaci\u00f3n mundial sobre ciudades y urbanismo.<\/p>\n<p>Es investigador y profesor, y ejerce como catedr\u00e1tico en la Escuela de Ciudades de la Universidad de Toronto y en la Rotman School of Management. Anteriormente ha ense\u00f1ado en la Universidad Carnegie Mellon y ha sido profesor visitante en Harvard y el MIT.<\/p>\n<p>Es empresario, como fundador del <a href=\"https:\/\/creativeclass.com\/\" target=\"_blank\" rel=\"noopener\"><span style=\"text-decoration: underline;\">Creative Class Group<\/span><\/a>, que ofrece asesoramiento estrat\u00e9gico a empresas, fundaciones y gobiernos de todo el mundo, y forma parte de los consejos de administraci\u00f3n de varias empresas de desarrollo inmobiliario, empresas de capital riesgo y fondos de inversi\u00f3n.<\/p>\n","protected":false},"featured_media":8970,"template":"","meta":{"_price":"","_stock":"","_tribe_ticket_header":"","_tribe_default_ticket_provider":"","_tribe_ticket_capacity":"0","_ticket_start_date":"","_ticket_end_date":"","_tribe_ticket_show_description":"","_tribe_ticket_show_not_going":false,"_tribe_ticket_use_global_stock":"","_tribe_ticket_global_stock_level":"","_global_stock_mode":"","_global_stock_cap":"","_tribe_rsvp_for_event":"","_tribe_ticket_going_count":"","_tribe_ticket_not_going_count":"","_tribe_tickets_list":[],"_tribe_ticket_has_attendee_info_fields":false},"categories":[],"barrera":[],"pais":[],"acf":[],"_links":{"self":[{"href":"https:\/\/affordablehousingactivation.org\/es\/wp-json\/wp\/v2\/experts\/119"}],"collection":[{"href":"https:\/\/affordablehousingactivation.org\/es\/wp-json\/wp\/v2\/experts"}],"about":[{"href":"https:\/\/affordablehousingactivation.org\/es\/wp-json\/wp\/v2\/types\/experts"}],"wp:featuredmedia":[{"embeddable":true,"href":"https:\/\/affordablehousingactivation.org\/es\/wp-json\/wp\/v2\/media\/8970"}],"wp:attachment":[{"href":"https:\/\/affordablehousingactivation.org\/es\/wp-json\/wp\/v2\/media?parent=119"}],"wp:term":[{"taxonomy":"category","embeddable":true,"href":"https:\/\/affordablehousingactivation.org\/es\/wp-json\/wp\/v2\/categories?post=119"},{"taxonomy":"barrera","embeddable":true,"href":"https:\/\/affordablehousingactivation.org\/es\/wp-json\/wp\/v2\/barrera?post=119"},{"taxonomy":"pais","embeddable":true,"href":"https:\/\/affordablehousingactivation.org\/es\/wp-json\/wp\/v2\/pais?post=119"}],"curies":[{"name":"wp","href":"https:\/\/api.w.org\/{rel}","templated":true}]}}

<p>Richard Florida es uno de los principales urbanistas del mundo.</p>
<p>Es escritor y periodista, y ha escrito varios bestsellers, como el premiado The Rise of the Creative Class y The New Urban Crisis. Es cofundador de CityLab, la principal publicación mundial sobre ciudades y urbanismo.</p>
<p>Es investigador y profesor, y ejerce como catedrático en la Escuela de Ciudades de la Universidad de Toronto y en la Rotman School of Management. Anteriormente ha enseñado en la Universidad Carnegie Mellon y ha sido profesor visitante en Harvard y el MIT.</p>
<p>Es empresario, como fundador del <a href="https://creativeclass.com/" target="_blank" rel="noopener"><span style="text-decoration: underline;">Creative Class Group</span></a>, que ofrece asesoramiento estratégico a empresas, fundaciones y gobiernos de todo el mundo, y forma parte de los consejos de administración de varias empresas de desarrollo inmobiliario, empresas de capital riesgo y fondos de inversión.</p>
