{"id":1871,"date":"2022-03-15T16:36:03","date_gmt":"2022-03-15T15:36:03","guid":{"rendered":"https:\/\/affordablehousingactivation.org\/?post_type=experts&#038;p=1871"},"modified":"2022-03-21T11:01:01","modified_gmt":"2022-03-21T10:01:01","slug":"carlos-bruce","status":"publish","type":"experts","link":"https:\/\/affordablehousingactivation.org\/es\/experts\/carlos-bruce\/","title":{"rendered":"Carlos Bruce"},"content":{"rendered":"<p><span data-contrast=\"auto\">Pol\u00edtico y empresario nacido en Lima el 24 de febrero de 1957. Economista de la Universidad de Lima con un M\u00e1ster en Planeamiento Territorial y Gesti\u00f3n Ambiental de la Universidad de Barcelona.\u00a0<\/span><span data-ccp-props=\"{&quot;201341983&quot;:0,&quot;335551550&quot;:6,&quot;335551620&quot;:6,&quot;335559738&quot;:240,&quot;335559739&quot;:160,&quot;335559740&quot;:276}\">\u00a0<\/span><\/p>\n<p><span data-contrast=\"auto\">En el ejecutivo se desempe\u00f1\u00f3 como ministro de la Presidencia y tambi\u00e9n como ministro de Vivienda, Construcci\u00f3n y Saneamiento en tres oportunidades. Fue presidente del Fondo de Cooperaci\u00f3n Para El Desarrollo Social FONCODES y presidente del Fondo MIVIVIENDA. Adem\u00e1s, ha sido miembro del directorio del Fondo Nacional de Financiamiento de Estado FONAFE y de la Agencia de Promoci\u00f3n de la Inversi\u00f3n Privada PROINVERSION.\u00a0\u00a0<\/span><span data-ccp-props=\"{&quot;201341983&quot;:0,&quot;335551550&quot;:6,&quot;335551620&quot;:6,&quot;335559738&quot;:240,&quot;335559739&quot;:160,&quot;335559740&quot;:276}\">\u00a0<\/span><\/p>\n<p><span data-contrast=\"auto\">En el legislativo fue Congresista de la Rep\u00fablica elegido en tres periodos consecutivos. En este poder del Estado ha ocupado, entre otros cargos el de vocero portavoz de su grupo parlamentario en dos oportunidades, presidente de la Comisi\u00f3n de Comercio Exterior y Turismo, de la Comisi\u00f3n Especial Pro &#8211; Inversi\u00f3n y de la Comisi\u00f3n de Econom\u00eda, Banca y Finanzas.\u00a0<\/span><span data-ccp-props=\"{&quot;201341983&quot;:0,&quot;335551550&quot;:6,&quot;335551620&quot;:6,&quot;335559738&quot;:240,&quot;335559739&quot;:160,&quot;335559740&quot;:276}\">\u00a0<\/span><\/p>\n<p><span data-contrast=\"auto\">En el sector privado ha sido presidente de la Asociaci\u00f3n de Exportadores ADEX, vicepresidente de la C\u00e1mara de Comercio Internacional CCI (Capitulo Per\u00fa) y miembro del Consejo Directivo de CONFIEP.\u00a0 Asimismo, fue profesor de la Facultad de Econom\u00eda de la Universidad de Lima. Tambi\u00e9n ha sido Gerente y director de varias empresas vinculadas al sector construcci\u00f3n y comercio exterior. Actualmente es presidente del Directorio de una empresa del sector gastron\u00f3mico y columnista del diario Peru21.<\/span><span data-ccp-props=\"{&quot;201341983&quot;:0,&quot;335551550&quot;:6,&quot;335551620&quot;:6,&quot;335559738&quot;:240,&quot;335559739&quot;:160,&quot;335559740&quot;:276}\">\u00a0<\/span><\/p>\n","protected":false},"featured_media":2520,"template":"","meta":{"_price":"","_stock":"","_tribe_ticket_header":"","_tribe_default_ticket_provider":"","_tribe_ticket_capacity":"0","_ticket_start_date":"","_ticket_end_date":"","_tribe_ticket_show_description":"","_tribe_ticket_show_not_going":false,"_tribe_ticket_use_global_stock":"","_tribe_ticket_global_stock_level":"","_global_stock_mode":"","_global_stock_cap":"","_tribe_rsvp_for_event":"","_tribe_ticket_going_count":"","_tribe_ticket_not_going_count":"","_tribe_tickets_list":[],"_tribe_ticket_has_attendee_info_fields":false},"categories":[],"barrera":[114],"pais":[],"acf":[],"_links":{"self":[{"href":"https:\/\/affordablehousingactivation.org\/es\/wp-json\/wp\/v2\/experts\/1871"}],"collection":[{"href":"https:\/\/affordablehousingactivation.org\/es\/wp-json\/wp\/v2\/experts"}],"about":[{"href":"https:\/\/affordablehousingactivation.org\/es\/wp-json\/wp\/v2\/types\/experts"}],"wp:featuredmedia":[{"embeddable":true,"href":"https:\/\/affordablehousingactivation.org\/es\/wp-json\/wp\/v2\/media\/2520"}],"wp:attachment":[{"href":"https:\/\/affordablehousingactivation.org\/es\/wp-json\/wp\/v2\/media?parent=1871"}],"wp:term":[{"taxonomy":"category","embeddable":true,"href":"https:\/\/affordablehousingactivation.org\/es\/wp-json\/wp\/v2\/categories?post=1871"},{"taxonomy":"barrera","embeddable":true,"href":"https:\/\/affordablehousingactivation.org\/es\/wp-json\/wp\/v2\/barrera?post=1871"},{"taxonomy":"pais","embeddable":true,"href":"https:\/\/affordablehousingactivation.org\/es\/wp-json\/wp\/v2\/pais?post=1871"}],"curies":[{"name":"wp","href":"https:\/\/api.w.org\/{rel}","templated":true}]}}

<p><span data-contrast="auto">Político y empresario nacido en Lima el 24 de febrero de 1957. Economista de la Universidad de Lima con un Máster en Planeamiento Territorial y Gestión Ambiental de la Universidad de Barcelona. </span><span data-ccp-props="{&quot;201341983&quot;:0,&quot;335551550&quot;:6,&quot;335551620&quot;:6,&quot;335559738&quot;:240,&quot;335559739&quot;:160,&quot;335559740&quot;:276}"> </span></p>
<p><span data-contrast="auto">En el ejecutivo se desempeñó como ministro de la Presidencia y también como ministro de Vivienda, Construcción y Saneamiento en tres oportunidades. Fue presidente del Fondo de Cooperación Para El Desarrollo Social FONCODES y presidente del Fondo MIVIVIENDA. Además, ha sido miembro del directorio del Fondo Nacional de Financiamiento de Estado FONAFE y de la Agencia de Promoción de la Inversión Privada PROINVERSION.  </span><span data-ccp-props="{&quot;201341983&quot;:0,&quot;335551550&quot;:6,&quot;335551620&quot;:6,&quot;335559738&quot;:240,&quot;335559739&quot;:160,&quot;335559740&quot;:276}"> </span></p>
<p><span data-contrast="auto">En el legislativo fue Congresista de la República elegido en tres periodos consecutivos. En este poder del Estado ha ocupado, entre otros cargos el de vocero portavoz de su grupo parlamentario en dos oportunidades, presidente de la Comisión de Comercio Exterior y Turismo, de la Comisión Especial Pro &#8211; Inversión y de la Comisión de Economía, Banca y Finanzas. </span><span data-ccp-props="{&quot;201341983&quot;:0,&quot;335551550&quot;:6,&quot;335551620&quot;:6,&quot;335559738&quot;:240,&quot;335559739&quot;:160,&quot;335559740&quot;:276}"> </span></p>
<p><span data-contrast="auto">En el sector privado ha sido presidente de la Asociación de Exportadores ADEX, vicepresidente de la Cámara de Comercio Internacional CCI (Capitulo Perú) y miembro del Consejo Directivo de CONFIEP.  Asimismo, fue profesor de la Facultad de Economía de la Universidad de Lima. También ha sido Gerente y director de varias empresas vinculadas al sector construcción y comercio exterior. Actualmente es presidente del Directorio de una empresa del sector gastronómico y columnista del diario Peru21.</span><span data-ccp-props="{&quot;201341983&quot;:0,&quot;335551550&quot;:6,&quot;335551620&quot;:6,&quot;335559738&quot;:240,&quot;335559739&quot;:160,&quot;335559740&quot;:276}"> </span></p>
