{"id":1875,"date":"2022-03-15T17:12:02","date_gmt":"2022-03-15T16:12:02","guid":{"rendered":"https:\/\/affordablehousingactivation.org\/?post_type=experts&#038;p=1875"},"modified":"2022-04-20T13:17:31","modified_gmt":"2022-04-20T11:17:31","slug":"amira-osman","status":"publish","type":"experts","link":"https:\/\/affordablehousingactivation.org\/es\/experts\/amira-osman\/","title":{"rendered":"Amira Osman"},"content":{"rendered":"<p><span data-contrast=\"auto\">Amira Osman es una arquitecta sudanesa\/sudafricana, investigadora, acad\u00e9mica, activista, oradora y autora. Es profesora de arquitectura en la Universidad Tecnol\u00f3gica de Tshwane y ocupa la c\u00e1tedra de investigaci\u00f3n SARChI: DST\/NRF\/SACN en transformaci\u00f3n espacial (cambio positivo en el entorno construido).\u00a0<\/span><span data-ccp-props=\"{&quot;201341983&quot;:0,&quot;335551550&quot;:6,&quot;335551620&quot;:6,&quot;335559739&quot;:160,&quot;335559740&quot;:276}\">\u00a0<\/span><\/p>\n<p><span data-contrast=\"auto\">Amira se doctor\u00f3 en Arquitectura por la Universidad de Pretoria en 2004. Fue convocante del Congreso Mundial de la Vivienda (2005) y de Asentamientos Humanos Sostenibles: el desaf\u00edo urbano (2012); prest\u00f3 sus servicios a la Uni\u00f3n Internacional de Arquitectos (UIA) y al Instituto Sudafricano de Arquitectos (SAIA) como relatora general de la UIA 2014 en Durban y jefa del Comit\u00e9 Cient\u00edfico del evento inclinado ARQUITECTURA EN OTRO LUGAR.<\/span><span data-ccp-props=\"{&quot;201341983&quot;:0,&quot;335551550&quot;:6,&quot;335551620&quot;:6,&quot;335559739&quot;:160,&quot;335559740&quot;:276}\">\u00a0<\/span><\/p>\n<p><span data-contrast=\"auto\">M\u00e1s recientemente, fue presidenta del Comit\u00e9 Organizador Local de la 9\u00aa Conferencia Internacional sobre Tecnolog\u00eda Apropiada (9\u00aa ICAT 2020). Actualmente, Amira es coordinadora conjunta de la red internacional CIB W104 Open Building Implementation y vicepresidenta del Instituto Sudafricano de Arquitectos (SAIA) y ser\u00e1 la anfitriona de la conferencia A City is [Not] a Tree: the Urban Ecologies of Divided Cities en 2022. <\/span><span data-ccp-props=\"{&quot;201341983&quot;:0,&quot;335551550&quot;:6,&quot;335551620&quot;:6,&quot;335559739&quot;:160,&quot;335559740&quot;:276}\">\u00a0<\/span><\/p>\n<p><span data-contrast=\"auto\">Es la directora de la organizaci\u00f3n PLATFORM100, que es un grupo de reflexi\u00f3n y un veh\u00edculo de colaboraci\u00f3n para promover el cambio en las conversaciones y la pr\u00e1ctica en torno a la arquitectura, el espacio y las ciudades.\u00a0<\/span><span data-ccp-props=\"{&quot;201341983&quot;:0,&quot;335551550&quot;:6,&quot;335551620&quot;:6,&quot;335559739&quot;:160,&quot;335559740&quot;:276}\">\u00a0<\/span><\/p>\n<p><span data-contrast=\"auto\">Amira es arquitecta profesional registrada (SACAP 7267) y editora de la serie de libros The Built Environment in Emerging Economies (BEinEE). Amira tiene una amplia experiencia en el comisariado de eventos internacionales, la coordinaci\u00f3n de programas y exposiciones complejas en t\u00e9rminos de dise\u00f1o, la conceptualizaci\u00f3n de contenidos y la gesti\u00f3n de diversos equipos.<\/span><span data-ccp-props=\"{&quot;201341983&quot;:0,&quot;335551550&quot;:6,&quot;335551620&quot;:6,&quot;335559739&quot;:160,&quot;335559740&quot;:276}\">\u00a0<\/span><\/p>\n","protected":false},"featured_media":2108,"template":"","meta":{"_price":"","_stock":"","_tribe_ticket_header":"","_tribe_default_ticket_provider":"","_tribe_ticket_capacity":"0","_ticket_start_date":"","_ticket_end_date":"","_tribe_ticket_show_description":"","_tribe_ticket_show_not_going":false,"_tribe_ticket_use_global_stock":"","_tribe_ticket_global_stock_level":"","_global_stock_mode":"","_global_stock_cap":"","_tribe_rsvp_for_event":"","_tribe_ticket_going_count":"","_tribe_ticket_not_going_count":"","_tribe_tickets_list":[],"_tribe_ticket_has_attendee_info_fields":false},"categories":[],"barrera":[113],"pais":[],"acf":[],"_links":{"self":[{"href":"https:\/\/affordablehousingactivation.org\/es\/wp-json\/wp\/v2\/experts\/1875"}],"collection":[{"href":"https:\/\/affordablehousingactivation.org\/es\/wp-json\/wp\/v2\/experts"}],"about":[{"href":"https:\/\/affordablehousingactivation.org\/es\/wp-json\/wp\/v2\/types\/experts"}],"wp:featuredmedia":[{"embeddable":true,"href":"https:\/\/affordablehousingactivation.org\/es\/wp-json\/wp\/v2\/media\/2108"}],"wp:attachment":[{"href":"https:\/\/affordablehousingactivation.org\/es\/wp-json\/wp\/v2\/media?parent=1875"}],"wp:term":[{"taxonomy":"category","embeddable":true,"href":"https:\/\/affordablehousingactivation.org\/es\/wp-json\/wp\/v2\/categories?post=1875"},{"taxonomy":"barrera","embeddable":true,"href":"https:\/\/affordablehousingactivation.org\/es\/wp-json\/wp\/v2\/barrera?post=1875"},{"taxonomy":"pais","embeddable":true,"href":"https:\/\/affordablehousingactivation.org\/es\/wp-json\/wp\/v2\/pais?post=1875"}],"curies":[{"name":"wp","href":"https:\/\/api.w.org\/{rel}","templated":true}]}}

<p><span data-contrast="auto">Amira Osman es una arquitecta sudanesa/sudafricana, investigadora, académica, activista, oradora y autora. Es profesora de arquitectura en la Universidad Tecnológica de Tshwane y ocupa la cátedra de investigación SARChI: DST/NRF/SACN en transformación espacial (cambio positivo en el entorno construido). </span><span data-ccp-props="{&quot;201341983&quot;:0,&quot;335551550&quot;:6,&quot;335551620&quot;:6,&quot;335559739&quot;:160,&quot;335559740&quot;:276}"> </span></p>
<p><span data-contrast="auto">Amira se doctoró en Arquitectura por la Universidad de Pretoria en 2004. Fue convocante del Congreso Mundial de la Vivienda (2005) y de Asentamientos Humanos Sostenibles: el desafío urbano (2012); prestó sus servicios a la Unión Internacional de Arquitectos (UIA) y al Instituto Sudafricano de Arquitectos (SAIA) como relatora general de la UIA 2014 en Durban y jefa del Comité Científico del evento inclinado ARQUITECTURA EN OTRO LUGAR.</span><span data-ccp-props="{&quot;201341983&quot;:0,&quot;335551550&quot;:6,&quot;335551620&quot;:6,&quot;335559739&quot;:160,&quot;335559740&quot;:276}"> </span></p>
<p><span data-contrast="auto">Más recientemente, fue presidenta del Comité Organizador Local de la 9ª Conferencia Internacional sobre Tecnología Apropiada (9ª ICAT 2020). Actualmente, Amira es coordinadora conjunta de la red internacional CIB W104 Open Building Implementation y vicepresidenta del Instituto Sudafricano de Arquitectos (SAIA) y será la anfitriona de la conferencia A City is [Not] a Tree: the Urban Ecologies of Divided Cities en 2022. </span><span data-ccp-props="{&quot;201341983&quot;:0,&quot;335551550&quot;:6,&quot;335551620&quot;:6,&quot;335559739&quot;:160,&quot;335559740&quot;:276}"> </span></p>
<p><span data-contrast="auto">Es la directora de la organización PLATFORM100, que es un grupo de reflexión y un vehículo de colaboración para promover el cambio en las conversaciones y la práctica en torno a la arquitectura, el espacio y las ciudades. </span><span data-ccp-props="{&quot;201341983&quot;:0,&quot;335551550&quot;:6,&quot;335551620&quot;:6,&quot;335559739&quot;:160,&quot;335559740&quot;:276}"> </span></p>
<p><span data-contrast="auto">Amira es arquitecta profesional registrada (SACAP 7267) y editora de la serie de libros The Built Environment in Emerging Economies (BEinEE). Amira tiene una amplia experiencia en el comisariado de eventos internacionales, la coordinación de programas y exposiciones complejas en términos de diseño, la conceptualización de contenidos y la gestión de diversos equipos.</span><span data-ccp-props="{&quot;201341983&quot;:0,&quot;335551550&quot;:6,&quot;335551620&quot;:6,&quot;335559739&quot;:160,&quot;335559740&quot;:276}"> </span></p>
