{"id":1938,"date":"2022-03-16T09:49:33","date_gmt":"2022-03-16T08:49:33","guid":{"rendered":"https:\/\/affordablehousingactivation.org\/?post_type=experts&#038;p=1938"},"modified":"2022-03-24T11:28:05","modified_gmt":"2022-03-24T10:28:05","slug":"johann-baar","status":"publish","type":"experts","link":"https:\/\/affordablehousingactivation.org\/es\/experts\/johann-baar\/","title":{"rendered":"Johann Baar"},"content":{"rendered":"<p><span data-contrast=\"auto\">Johann Baar es miembro del Consejo Ejecutivo de la Fundaci\u00f3n Hilti y dirige su \u00e1rea de programas \u00abVivienda asequible y tecnolog\u00eda\u00bb.\u00a0 En este puesto, impulsa iniciativas a gran escala en todo el sur del mundo con el objetivo de cambiar la forma de construir y vivir de las familias con bajos ingresos. Una de las prioridades es el desarrollo de soluciones t\u00e9cnicas para conseguir viviendas mejores y m\u00e1s seguras.\u00a0<\/span><span data-ccp-props=\"{&quot;201341983&quot;:0,&quot;335551550&quot;:6,&quot;335551620&quot;:6,&quot;335559738&quot;:240,&quot;335559739&quot;:160,&quot;335559740&quot;:360}\">\u00a0<\/span><\/p>\n<p><span data-contrast=\"auto\">En 2019, Johann fue nombrado administrador de la Fundaci\u00f3n Base Bahay en Manila, Filipinas. Tambi\u00e9n es miembro de los Consejos Asesores de Architecture in Development y del Urban Housing Partitioners Hub.\u00a0\u00a0<\/span><span data-ccp-props=\"{&quot;201341983&quot;:0,&quot;335551550&quot;:6,&quot;335551620&quot;:6,&quot;335559738&quot;:240,&quot;335559739&quot;:160,&quot;335559740&quot;:360}\">\u00a0<\/span><\/p>\n<p><span data-contrast=\"auto\">Anteriormente, Johann trabaj\u00f3 con la Fundaci\u00f3n Robert Bosch, donde estableci\u00f3 la Academia Robert Bosch como un espacio para que los responsables de la toma de decisiones a nivel internacional realicen un intercambio confidencial sobre temas de relevancia mundial. Anteriormente ocup\u00f3 puestos en la Canciller\u00eda Federal alemana y en el Ministerio Federal de Asuntos Exteriores.\u00a0\u00a0<\/span><span data-ccp-props=\"{&quot;201341983&quot;:0,&quot;335551550&quot;:6,&quot;335551620&quot;:6,&quot;335559738&quot;:240,&quot;335559739&quot;:160,&quot;335559740&quot;:360}\">\u00a0<\/span><\/p>\n<p><span data-contrast=\"auto\">Tras sus estudios en Alemania, Polonia y Hungr\u00eda, Johann obtuvo un m\u00e1ster en pol\u00edticas p\u00fablicas en la Hertie School of Governance de Berl\u00edn.<\/span><span data-ccp-props=\"{&quot;201341983&quot;:0,&quot;335551550&quot;:6,&quot;335551620&quot;:6,&quot;335559738&quot;:240,&quot;335559739&quot;:160,&quot;335559740&quot;:360}\">\u00a0<\/span><\/p>\n","protected":false},"featured_media":2312,"template":"","meta":{"_price":"","_stock":"","_tribe_ticket_header":"","_tribe_default_ticket_provider":"","_tribe_ticket_capacity":"0","_ticket_start_date":"","_ticket_end_date":"","_tribe_ticket_show_description":"","_tribe_ticket_show_not_going":false,"_tribe_ticket_use_global_stock":"","_tribe_ticket_global_stock_level":"","_global_stock_mode":"","_global_stock_cap":"","_tribe_rsvp_for_event":"","_tribe_ticket_going_count":"","_tribe_ticket_not_going_count":"","_tribe_tickets_list":[],"_tribe_ticket_has_attendee_info_fields":false},"categories":[],"barrera":[119],"pais":[],"acf":[],"_links":{"self":[{"href":"https:\/\/affordablehousingactivation.org\/es\/wp-json\/wp\/v2\/experts\/1938"}],"collection":[{"href":"https:\/\/affordablehousingactivation.org\/es\/wp-json\/wp\/v2\/experts"}],"about":[{"href":"https:\/\/affordablehousingactivation.org\/es\/wp-json\/wp\/v2\/types\/experts"}],"wp:featuredmedia":[{"embeddable":true,"href":"https:\/\/affordablehousingactivation.org\/es\/wp-json\/wp\/v2\/media\/2312"}],"wp:attachment":[{"href":"https:\/\/affordablehousingactivation.org\/es\/wp-json\/wp\/v2\/media?parent=1938"}],"wp:term":[{"taxonomy":"category","embeddable":true,"href":"https:\/\/affordablehousingactivation.org\/es\/wp-json\/wp\/v2\/categories?post=1938"},{"taxonomy":"barrera","embeddable":true,"href":"https:\/\/affordablehousingactivation.org\/es\/wp-json\/wp\/v2\/barrera?post=1938"},{"taxonomy":"pais","embeddable":true,"href":"https:\/\/affordablehousingactivation.org\/es\/wp-json\/wp\/v2\/pais?post=1938"}],"curies":[{"name":"wp","href":"https:\/\/api.w.org\/{rel}","templated":true}]}}

<p><span data-contrast="auto">Johann Baar es miembro del Consejo Ejecutivo de la Fundación Hilti y dirige su área de programas «Vivienda asequible y tecnología».  En este puesto, impulsa iniciativas a gran escala en todo el sur del mundo con el objetivo de cambiar la forma de construir y vivir de las familias con bajos ingresos. Una de las prioridades es el desarrollo de soluciones técnicas para conseguir viviendas mejores y más seguras. </span><span data-ccp-props="{&quot;201341983&quot;:0,&quot;335551550&quot;:6,&quot;335551620&quot;:6,&quot;335559738&quot;:240,&quot;335559739&quot;:160,&quot;335559740&quot;:360}"> </span></p>
<p><span data-contrast="auto">En 2019, Johann fue nombrado administrador de la Fundación Base Bahay en Manila, Filipinas. También es miembro de los Consejos Asesores de Architecture in Development y del Urban Housing Partitioners Hub.  </span><span data-ccp-props="{&quot;201341983&quot;:0,&quot;335551550&quot;:6,&quot;335551620&quot;:6,&quot;335559738&quot;:240,&quot;335559739&quot;:160,&quot;335559740&quot;:360}"> </span></p>
<p><span data-contrast="auto">Anteriormente, Johann trabajó con la Fundación Robert Bosch, donde estableció la Academia Robert Bosch como un espacio para que los responsables de la toma de decisiones a nivel internacional realicen un intercambio confidencial sobre temas de relevancia mundial. Anteriormente ocupó puestos en la Cancillería Federal alemana y en el Ministerio Federal de Asuntos Exteriores.  </span><span data-ccp-props="{&quot;201341983&quot;:0,&quot;335551550&quot;:6,&quot;335551620&quot;:6,&quot;335559738&quot;:240,&quot;335559739&quot;:160,&quot;335559740&quot;:360}"> </span></p>
<p><span data-contrast="auto">Tras sus estudios en Alemania, Polonia y Hungría, Johann obtuvo un máster en políticas públicas en la Hertie School of Governance de Berlín.</span><span data-ccp-props="{&quot;201341983&quot;:0,&quot;335551550&quot;:6,&quot;335551620&quot;:6,&quot;335559738&quot;:240,&quot;335559739&quot;:160,&quot;335559740&quot;:360}"> </span></p>
