{"id":1943,"date":"2022-04-22T16:38:43","date_gmt":"2022-04-22T14:38:43","guid":{"rendered":"https:\/\/affordablehousingactivation.org\/?post_type=experts&#038;p=1943"},"modified":"2022-04-22T16:47:01","modified_gmt":"2022-04-22T14:47:01","slug":"spela-videcnik","status":"publish","type":"experts","link":"https:\/\/affordablehousingactivation.org\/es\/experts\/spela-videcnik\/","title":{"rendered":"\u0160pela Vide\u010dnik"},"content":{"rendered":"<p><span data-contrast=\"auto\">\u0160pela Vide\u010dnik y Rok Oman, ambos licenciados por la Escuela de Arquitectura de Liubliana y la Architectural Association de Londres, crearon OFIS arhitekti en 1996. La oficina tiene su sede en Liubliana y Par\u00eds. Desde su creaci\u00f3n, el estudio ha investigado las relaciones espaciales en diferentes escalas y contextos.\u00a0<\/span><span data-ccp-props=\"{&quot;201341983&quot;:0,&quot;335551550&quot;:6,&quot;335551620&quot;:6,&quot;335559739&quot;:160,&quot;335559740&quot;:259}\">\u00a0<\/span><\/p>\n<p><span data-contrast=\"auto\">Su trabajo de construcci\u00f3n est\u00e1 representado por varios programas, desde edificios p\u00fablicos, deportivos, culturales y religiosos hasta viviendas individuales y m\u00faltiples. Su investigaci\u00f3n acad\u00e9mica combina diferentes intereses y curiosidades. Investigan la identidad europea y local eslovena en el lenguaje arquitect\u00f3nico contempor\u00e1neo, que incluye desde el conocimiento tradicional de los edificios vern\u00e1culos hasta las revitalizaciones, conversiones y nuevas construcciones en la zona alpina.\u00a0<\/span><span data-ccp-props=\"{&quot;201341983&quot;:0,&quot;335551550&quot;:6,&quot;335551620&quot;:6,&quot;335559739&quot;:160,&quot;335559740&quot;:259}\">\u00a0<\/span><\/p>\n<p><span data-contrast=\"auto\">A trav\u00e9s de su investigaci\u00f3n de Habitations in Extreme environments construyen proyectos de varios refugios alpinos en Eslovenia y una casa de cristal en el desierto en Espa\u00f1a. Imparten clases, estudios y talleres en varias escuelas de arquitectura, como la Harvard Graduate School of Design, la Architectural Association de Londres, la Universidad de Hong Kong, la UCLA de Los \u00c1ngeles, el Polit\u00e9cnico de Mil\u00e1n, la ENSA de Par\u00eds Val de Seine y la Facultad de Arquitectura de Liubliana.<\/span><span data-ccp-props=\"{&quot;201341983&quot;:0,&quot;335551550&quot;:6,&quot;335551620&quot;:6,&quot;335559739&quot;:160,&quot;335559740&quot;:259}\">\u00a0<\/span><\/p>\n","protected":false},"featured_media":2129,"template":"","meta":{"_price":"","_stock":"","_tribe_ticket_header":"","_tribe_default_ticket_provider":"","_tribe_ticket_capacity":"0","_ticket_start_date":"","_ticket_end_date":"","_tribe_ticket_show_description":"","_tribe_ticket_show_not_going":false,"_tribe_ticket_use_global_stock":"","_tribe_ticket_global_stock_level":"","_global_stock_mode":"","_global_stock_cap":"","_tribe_rsvp_for_event":"","_tribe_ticket_going_count":"","_tribe_ticket_not_going_count":"","_tribe_tickets_list":[],"_tribe_ticket_has_attendee_info_fields":false},"categories":[],"barrera":[120],"pais":[],"acf":[],"_links":{"self":[{"href":"https:\/\/affordablehousingactivation.org\/es\/wp-json\/wp\/v2\/experts\/1943"}],"collection":[{"href":"https:\/\/affordablehousingactivation.org\/es\/wp-json\/wp\/v2\/experts"}],"about":[{"href":"https:\/\/affordablehousingactivation.org\/es\/wp-json\/wp\/v2\/types\/experts"}],"wp:featuredmedia":[{"embeddable":true,"href":"https:\/\/affordablehousingactivation.org\/es\/wp-json\/wp\/v2\/media\/2129"}],"wp:attachment":[{"href":"https:\/\/affordablehousingactivation.org\/es\/wp-json\/wp\/v2\/media?parent=1943"}],"wp:term":[{"taxonomy":"category","embeddable":true,"href":"https:\/\/affordablehousingactivation.org\/es\/wp-json\/wp\/v2\/categories?post=1943"},{"taxonomy":"barrera","embeddable":true,"href":"https:\/\/affordablehousingactivation.org\/es\/wp-json\/wp\/v2\/barrera?post=1943"},{"taxonomy":"pais","embeddable":true,"href":"https:\/\/affordablehousingactivation.org\/es\/wp-json\/wp\/v2\/pais?post=1943"}],"curies":[{"name":"wp","href":"https:\/\/api.w.org\/{rel}","templated":true}]}}

Špela Videčnik

<p><span data-contrast="auto">Špela Videčnik y Rok Oman, ambos licenciados por la Escuela de Arquitectura de Liubliana y la Architectural Association de Londres, crearon OFIS arhitekti en 1996. La oficina tiene su sede en Liubliana y París. Desde su creación, el estudio ha investigado las relaciones espaciales en diferentes escalas y contextos. </span><span data-ccp-props="{&quot;201341983&quot;:0,&quot;335551550&quot;:6,&quot;335551620&quot;:6,&quot;335559739&quot;:160,&quot;335559740&quot;:259}"> </span></p>
<p><span data-contrast="auto">Su trabajo de construcción está representado por varios programas, desde edificios públicos, deportivos, culturales y religiosos hasta viviendas individuales y múltiples. Su investigación académica combina diferentes intereses y curiosidades. Investigan la identidad europea y local eslovena en el lenguaje arquitectónico contemporáneo, que incluye desde el conocimiento tradicional de los edificios vernáculos hasta las revitalizaciones, conversiones y nuevas construcciones en la zona alpina. </span><span data-ccp-props="{&quot;201341983&quot;:0,&quot;335551550&quot;:6,&quot;335551620&quot;:6,&quot;335559739&quot;:160,&quot;335559740&quot;:259}"> </span></p>
<p><span data-contrast="auto">A través de su investigación de Habitations in Extreme environments construyen proyectos de varios refugios alpinos en Eslovenia y una casa de cristal en el desierto en España. Imparten clases, estudios y talleres en varias escuelas de arquitectura, como la Harvard Graduate School of Design, la Architectural Association de Londres, la Universidad de Hong Kong, la UCLA de Los Ángeles, el Politécnico de Milán, la ENSA de París Val de Seine y la Facultad de Arquitectura de Liubliana.</span><span data-ccp-props="{&quot;201341983&quot;:0,&quot;335551550&quot;:6,&quot;335551620&quot;:6,&quot;335559739&quot;:160,&quot;335559740&quot;:259}"> </span></p>
