{"id":1947,"date":"2022-03-16T10:41:44","date_gmt":"2022-03-16T09:41:44","guid":{"rendered":"https:\/\/affordablehousingactivation.org\/?post_type=experts&#038;p=1947"},"modified":"2022-04-20T23:37:08","modified_gmt":"2022-04-20T21:37:08","slug":"gaetan-siew","status":"publish","type":"experts","link":"https:\/\/affordablehousingactivation.org\/es\/experts\/gaetan-siew\/","title":{"rendered":"Gaetan Siew"},"content":{"rendered":"<p><span class=\"TextRun SCXW99165505 BCX0\" lang=\"ES-ES\" xml:lang=\"ES-ES\" data-contrast=\"none\"><span class=\"NormalTextRun SCXW99165505 BCX0\" data-ccp-charstyle=\"eop\" data-ccp-charstyle-defn=\"{&quot;ObjectId&quot;:&quot;0a9401a4-5cd3-40e5-b42d-fb94a69eebb0|6&quot;,&quot;ClassId&quot;:1073872969,&quot;Properties&quot;:[469775450,&quot;eop&quot;,201340122,&quot;1&quot;,134233614,&quot;true&quot;,469778129,&quot;eop&quot;,335572020,&quot;1&quot;,469778324,&quot;Default Paragraph Font&quot;]}\">Ciudadano del mundo. Ex presidente de la Uni\u00f3n Internacional de Arquitectos UIA, viaj\u00f3 por el mundo para reunirse con instituciones internacionales y gobiernos promoviendo una mayor solidaridad. Con su profundo conocimiento de los hombres, las ciudades y los problemas mundiales, contin\u00faa su misi\u00f3n como director general de la Iniciativa de Liderazgo Creativo Global, centrada en la transformaci\u00f3n de los conocimientos tradicionales en nuevas tecnolog\u00edas. Da conferencias a nivel internacional y ense\u00f1a en Francia y en China.<\/span><\/span><\/p>\n<ul>\n<li><span class=\"TextRun SCXW99165505 BCX0\" lang=\"ES-ES\" xml:lang=\"ES-ES\" data-contrast=\"none\"><span class=\"NormalTextRun SCXW99165505 BCX0\" data-ccp-charstyle=\"eop\" data-ccp-charstyle-defn=\"{&quot;ObjectId&quot;:&quot;0a9401a4-5cd3-40e5-b42d-fb94a69eebb0|6&quot;,&quot;ClassId&quot;:1073872969,&quot;Properties&quot;:[469775450,&quot;eop&quot;,201340122,&quot;1&quot;,134233614,&quot;true&quot;,469778129,&quot;eop&quot;,335572020,&quot;1&quot;,469778324,&quot;Default Paragraph Font&quot;]}\">Es miembro del consejo de administraci\u00f3n y persona de referencia de la Comisi\u00f3n de la UE, ICOMOS, la Universidad de <\/span><span class=\"NormalTextRun SpellingErrorV2 SCXW99165505 BCX0\" data-ccp-charstyle=\"eop\">Shanghai<\/span><span class=\"NormalTextRun SCXW99165505 BCX0\" data-ccp-charstyle=\"eop\"> y de grupos de reflexi\u00f3n de la industria.<\/span><\/span><\/li>\n<li><span class=\"TextRun SCXW99165505 BCX0\" lang=\"ES-ES\" xml:lang=\"ES-ES\" data-contrast=\"none\"><span class=\"NormalTextRun SpellingErrorV2 SCXW99165505 BCX0\" data-ccp-charstyle=\"eop\">Chevalier<\/span><span class=\"NormalTextRun SCXW99165505 BCX0\" data-ccp-charstyle=\"eop\"> de <\/span><span class=\"NormalTextRun SpellingErrorV2 SCXW99165505 BCX0\" data-ccp-charstyle=\"eop\">l&#8217;Ordre<\/span> <span class=\"NormalTextRun SpellingErrorV2 SCXW99165505 BCX0\" data-ccp-charstyle=\"eop\">National<\/span><span class=\"NormalTextRun SCXW99165505 BCX0\" data-ccp-charstyle=\"eop\"> du M\u00e9rite en 2013 y de <\/span><span class=\"NormalTextRun SpellingErrorV2 SCXW99165505 BCX0\" data-ccp-charstyle=\"eop\">l&#8217;Ordre<\/span><span class=\"NormalTextRun SCXW99165505 BCX0\" data-ccp-charstyle=\"eop\"> des <\/span><span class=\"NormalTextRun SpellingErrorV2 SCXW99165505 BCX0\" data-ccp-charstyle=\"eop\">Arts<\/span><span class=\"NormalTextRun SCXW99165505 BCX0\" data-ccp-charstyle=\"eop\"> et des <\/span><span class=\"NormalTextRun SpellingErrorV2 SCXW99165505 BCX0\" data-ccp-charstyle=\"eop\">Lettres<\/span><span class=\"NormalTextRun SCXW99165505 BCX0\" data-ccp-charstyle=\"eop\"> en 2016 de la Rep\u00fablica Francesa.<\/span><\/span><\/li>\n<li><span class=\"TextRun SCXW99165505 BCX0\" lang=\"ES-ES\" xml:lang=\"ES-ES\" data-contrast=\"none\"><span class=\"NormalTextRun SCXW99165505 BCX0\" data-ccp-charstyle=\"eop\">Director del Consejo de Administraci\u00f3n de Futures <\/span><span class=\"NormalTextRun SpellingErrorV2 SCXW99165505 BCX0\" data-ccp-charstyle=\"eop\">Cities<\/span><span class=\"NormalTextRun SCXW99165505 BCX0\" data-ccp-charstyle=\"eop\"> UK 2013-15.<\/span><\/span><\/li>\n<li><span class=\"TextRun SCXW99165505 BCX0\" lang=\"ES-ES\" xml:lang=\"ES-ES\" data-contrast=\"none\"><span class=\"NormalTextRun SCXW99165505 BCX0\" data-ccp-charstyle=\"eop\">Presidente de la Compa\u00f1\u00eda Estatal de Desarrollo de Tierras (Smart <\/span><span class=\"NormalTextRun SpellingErrorV2 SCXW99165505 BCX0\" data-ccp-charstyle=\"eop\">Mauritius<\/span><span class=\"NormalTextRun SCXW99165505 BCX0\" data-ccp-charstyle=\"eop\">)<\/span><span class=\"NormalTextRun SCXW99165505 BCX0\" data-ccp-charstyle=\"eop\"> y<\/span> <span class=\"NormalTextRun SCXW99165505 BCX0\" data-ccp-charstyle=\"eop\">presidente<\/span><span class=\"NormalTextRun SCXW99165505 BCX0\" data-ccp-charstyle=\"eop\"> del Consejo de la Industria de la Construcci\u00f3n<\/span><span class=\"NormalTextRun SCXW99165505 BCX0\" data-ccp-charstyle=\"eop\"> entre<\/span><span class=\"NormalTextRun SCXW99165505 BCX0\" data-ccp-charstyle=\"eop\"> 2015- 18.<\/span><\/span><\/li>\n<li><span class=\"TextRun SCXW99165505 BCX0\" lang=\"ES-ES\" xml:lang=\"ES-ES\" data-contrast=\"none\"><span class=\"NormalTextRun SCXW99165505 BCX0\" data-ccp-charstyle=\"eop\">Enviado especial de ONU H\u00e1bitat desde 2016.<\/span><\/span><\/li>\n<li><span class=\"TextRun SCXW99165505 BCX0\" lang=\"ES-ES\" xml:lang=\"ES-ES\" data-contrast=\"none\"><span class=\"NormalTextRun SCXW99165505 BCX0\" data-ccp-charstyle=\"eop\">Presidente<\/span><span class=\"NormalTextRun SCXW99165505 BCX0\" data-ccp-charstyle=\"eop\"> de la Iniciativa de Desarrollo de Port Louis desde 2017 y de <\/span><span class=\"NormalTextRun SpellingErrorV2 SCXW99165505 BCX0\" data-ccp-charstyle=\"eop\">Africa<\/span> <span class=\"NormalTextRun SpellingErrorV2 SCXW99165505 BCX0\" data-ccp-charstyle=\"eop\">Clean<\/span><span class=\"NormalTextRun SCXW99165505 BCX0\" data-ccp-charstyle=\"eop\"> Energy <\/span><span class=\"NormalTextRun SpellingErrorV2 SCXW99165505 BCX0\" data-ccp-charstyle=\"eop\">Solutions<\/span><span class=\"NormalTextRun SCXW99165505 BCX0\" data-ccp-charstyle=\"eop\"> desde 2019.<\/span><\/span><\/li>\n<li><span class=\"TextRun SCXW99165505 BCX0\" lang=\"ES-ES\" xml:lang=\"ES-ES\" data-contrast=\"none\"><span class=\"NormalTextRun SCXW99165505 BCX0\" data-ccp-charstyle=\"eop\">Miembro de la Chaire ETI <\/span><span class=\"NormalTextRun SpellingErrorV2 SCXW99165505 BCX0\" data-ccp-charstyle=\"eop\">Panth\u00e9on<\/span> <span class=\"NormalTextRun SpellingErrorV2 SCXW99165505 BCX0\" data-ccp-charstyle=\"eop\">Sorbonne<\/span><span class=\"NormalTextRun SCXW99165505 BCX0\" data-ccp-charstyle=\"eop\">. 2022<\/span><span class=\"NormalTextRun SCXW99165505 BCX0\" data-ccp-charstyle=\"eop\"> y<\/span> <span class=\"NormalTextRun SCXW99165505 BCX0\" data-ccp-charstyle=\"eop\">asesor<\/span><span class=\"NormalTextRun SCXW99165505 BCX0\" data-ccp-charstyle=\"eop\"> del Gobierno de Mauricio en su proyecto de viviendas asequibles.<\/span><\/span><span class=\"EOP SCXW99165505 BCX0\" data-ccp-props=\"{&quot;134233117&quot;:true,&quot;134233118&quot;:true,&quot;201341983&quot;:0,&quot;335551550&quot;:6,&quot;335551620&quot;:6,&quot;335559740&quot;:360}\">\u00a0<\/span><\/li>\n<\/ul>\n","protected":false},"featured_media":2124,"template":"","meta":{"_price":"","_stock":"","_tribe_ticket_header":"","_tribe_default_ticket_provider":"","_tribe_ticket_capacity":"0","_ticket_start_date":"","_ticket_end_date":"","_tribe_ticket_show_description":"","_tribe_ticket_show_not_going":false,"_tribe_ticket_use_global_stock":"","_tribe_ticket_global_stock_level":"","_global_stock_mode":"","_global_stock_cap":"","_tribe_rsvp_for_event":"","_tribe_ticket_going_count":"","_tribe_ticket_not_going_count":"","_tribe_tickets_list":[],"_tribe_ticket_has_attendee_info_fields":false},"categories":[],"barrera":[120],"pais":[],"acf":[],"_links":{"self":[{"href":"https:\/\/affordablehousingactivation.org\/es\/wp-json\/wp\/v2\/experts\/1947"}],"collection":[{"href":"https:\/\/affordablehousingactivation.org\/es\/wp-json\/wp\/v2\/experts"}],"about":[{"href":"https:\/\/affordablehousingactivation.org\/es\/wp-json\/wp\/v2\/types\/experts"}],"wp:featuredmedia":[{"embeddable":true,"href":"https:\/\/affordablehousingactivation.org\/es\/wp-json\/wp\/v2\/media\/2124"}],"wp:attachment":[{"href":"https:\/\/affordablehousingactivation.org\/es\/wp-json\/wp\/v2\/media?parent=1947"}],"wp:term":[{"taxonomy":"category","embeddable":true,"href":"https:\/\/affordablehousingactivation.org\/es\/wp-json\/wp\/v2\/categories?post=1947"},{"taxonomy":"barrera","embeddable":true,"href":"https:\/\/affordablehousingactivation.org\/es\/wp-json\/wp\/v2\/barrera?post=1947"},{"taxonomy":"pais","embeddable":true,"href":"https:\/\/affordablehousingactivation.org\/es\/wp-json\/wp\/v2\/pais?post=1947"}],"curies":[{"name":"wp","href":"https:\/\/api.w.org\/{rel}","templated":true}]}}

<p><span class="TextRun SCXW99165505 BCX0" lang="ES-ES" xml:lang="ES-ES" data-contrast="none"><span class="NormalTextRun SCXW99165505 BCX0" data-ccp-charstyle="eop" data-ccp-charstyle-defn="{&quot;ObjectId&quot;:&quot;0a9401a4-5cd3-40e5-b42d-fb94a69eebb0|6&quot;,&quot;ClassId&quot;:1073872969,&quot;Properties&quot;:[469775450,&quot;eop&quot;,201340122,&quot;1&quot;,134233614,&quot;true&quot;,469778129,&quot;eop&quot;,335572020,&quot;1&quot;,469778324,&quot;Default Paragraph Font&quot;]}">Ciudadano del mundo. Ex presidente de la Unión Internacional de Arquitectos UIA, viajó por el mundo para reunirse con instituciones internacionales y gobiernos promoviendo una mayor solidaridad. Con su profundo conocimiento de los hombres, las ciudades y los problemas mundiales, continúa su misión como director general de la Iniciativa de Liderazgo Creativo Global, centrada en la transformación de los conocimientos tradicionales en nuevas tecnologías. Da conferencias a nivel internacional y enseña en Francia y en China.</span></span></p>
<ul>
<li><span class="TextRun SCXW99165505 BCX0" lang="ES-ES" xml:lang="ES-ES" data-contrast="none"><span class="NormalTextRun SCXW99165505 BCX0" data-ccp-charstyle="eop" data-ccp-charstyle-defn="{&quot;ObjectId&quot;:&quot;0a9401a4-5cd3-40e5-b42d-fb94a69eebb0|6&quot;,&quot;ClassId&quot;:1073872969,&quot;Properties&quot;:[469775450,&quot;eop&quot;,201340122,&quot;1&quot;,134233614,&quot;true&quot;,469778129,&quot;eop&quot;,335572020,&quot;1&quot;,469778324,&quot;Default Paragraph Font&quot;]}">Es miembro del consejo de administración y persona de referencia de la Comisión de la UE, ICOMOS, la Universidad de </span><span class="NormalTextRun SpellingErrorV2 SCXW99165505 BCX0" data-ccp-charstyle="eop">Shanghai</span><span class="NormalTextRun SCXW99165505 BCX0" data-ccp-charstyle="eop"> y de grupos de reflexión de la industria.</span></span></li>
<li><span class="TextRun SCXW99165505 BCX0" lang="ES-ES" xml:lang="ES-ES" data-contrast="none"><span class="NormalTextRun SpellingErrorV2 SCXW99165505 BCX0" data-ccp-charstyle="eop">Chevalier</span><span class="NormalTextRun SCXW99165505 BCX0" data-ccp-charstyle="eop"> de </span><span class="NormalTextRun SpellingErrorV2 SCXW99165505 BCX0" data-ccp-charstyle="eop">l&#8217;Ordre</span> <span class="NormalTextRun SpellingErrorV2 SCXW99165505 BCX0" data-ccp-charstyle="eop">National</span><span class="NormalTextRun SCXW99165505 BCX0" data-ccp-charstyle="eop"> du Mérite en 2013 y de </span><span class="NormalTextRun SpellingErrorV2 SCXW99165505 BCX0" data-ccp-charstyle="eop">l&#8217;Ordre</span><span class="NormalTextRun SCXW99165505 BCX0" data-ccp-charstyle="eop"> des </span><span class="NormalTextRun SpellingErrorV2 SCXW99165505 BCX0" data-ccp-charstyle="eop">Arts</span><span class="NormalTextRun SCXW99165505 BCX0" data-ccp-charstyle="eop"> et des </span><span class="NormalTextRun SpellingErrorV2 SCXW99165505 BCX0" data-ccp-charstyle="eop">Lettres</span><span class="NormalTextRun SCXW99165505 BCX0" data-ccp-charstyle="eop"> en 2016 de la República Francesa.</span></span></li>
<li><span class="TextRun SCXW99165505 BCX0" lang="ES-ES" xml:lang="ES-ES" data-contrast="none"><span class="NormalTextRun SCXW99165505 BCX0" data-ccp-charstyle="eop">Director del Consejo de Administración de Futures </span><span class="NormalTextRun SpellingErrorV2 SCXW99165505 BCX0" data-ccp-charstyle="eop">Cities</span><span class="NormalTextRun SCXW99165505 BCX0" data-ccp-charstyle="eop"> UK 2013-15.</span></span></li>
<li><span class="TextRun SCXW99165505 BCX0" lang="ES-ES" xml:lang="ES-ES" data-contrast="none"><span class="NormalTextRun SCXW99165505 BCX0" data-ccp-charstyle="eop">Presidente de la Compañía Estatal de Desarrollo de Tierras (Smart </span><span class="NormalTextRun SpellingErrorV2 SCXW99165505 BCX0" data-ccp-charstyle="eop">Mauritius</span><span class="NormalTextRun SCXW99165505 BCX0" data-ccp-charstyle="eop">)</span><span class="NormalTextRun SCXW99165505 BCX0" data-ccp-charstyle="eop"> y</span> <span class="NormalTextRun SCXW99165505 BCX0" data-ccp-charstyle="eop">presidente</span><span class="NormalTextRun SCXW99165505 BCX0" data-ccp-charstyle="eop"> del Consejo de la Industria de la Construcción</span><span class="NormalTextRun SCXW99165505 BCX0" data-ccp-charstyle="eop"> entre</span><span class="NormalTextRun SCXW99165505 BCX0" data-ccp-charstyle="eop"> 2015- 18.</span></span></li>
<li><span class="TextRun SCXW99165505 BCX0" lang="ES-ES" xml:lang="ES-ES" data-contrast="none"><span class="NormalTextRun SCXW99165505 BCX0" data-ccp-charstyle="eop">Enviado especial de ONU Hábitat desde 2016.</span></span></li>
<li><span class="TextRun SCXW99165505 BCX0" lang="ES-ES" xml:lang="ES-ES" data-contrast="none"><span class="NormalTextRun SCXW99165505 BCX0" data-ccp-charstyle="eop">Presidente</span><span class="NormalTextRun SCXW99165505 BCX0" data-ccp-charstyle="eop"> de la Iniciativa de Desarrollo de Port Louis desde 2017 y de </span><span class="NormalTextRun SpellingErrorV2 SCXW99165505 BCX0" data-ccp-charstyle="eop">Africa</span> <span class="NormalTextRun SpellingErrorV2 SCXW99165505 BCX0" data-ccp-charstyle="eop">Clean</span><span class="NormalTextRun SCXW99165505 BCX0" data-ccp-charstyle="eop"> Energy </span><span class="NormalTextRun SpellingErrorV2 SCXW99165505 BCX0" data-ccp-charstyle="eop">Solutions</span><span class="NormalTextRun SCXW99165505 BCX0" data-ccp-charstyle="eop"> desde 2019.</span></span></li>
<li><span class="TextRun SCXW99165505 BCX0" lang="ES-ES" xml:lang="ES-ES" data-contrast="none"><span class="NormalTextRun SCXW99165505 BCX0" data-ccp-charstyle="eop">Miembro de la Chaire ETI </span><span class="NormalTextRun SpellingErrorV2 SCXW99165505 BCX0" data-ccp-charstyle="eop">Panthéon</span> <span class="NormalTextRun SpellingErrorV2 SCXW99165505 BCX0" data-ccp-charstyle="eop">Sorbonne</span><span class="NormalTextRun SCXW99165505 BCX0" data-ccp-charstyle="eop">. 2022</span><span class="NormalTextRun SCXW99165505 BCX0" data-ccp-charstyle="eop"> y</span> <span class="NormalTextRun SCXW99165505 BCX0" data-ccp-charstyle="eop">asesor</span><span class="NormalTextRun SCXW99165505 BCX0" data-ccp-charstyle="eop"> del Gobierno de Mauricio en su proyecto de viviendas asequibles.</span></span><span class="EOP SCXW99165505 BCX0" data-ccp-props="{&quot;134233117&quot;:true,&quot;134233118&quot;:true,&quot;201341983&quot;:0,&quot;335551550&quot;:6,&quot;335551620&quot;:6,&quot;335559740&quot;:360}"> </span></li>
</ul>
