{"id":2140,"date":"2022-03-17T13:46:35","date_gmt":"2022-03-17T12:46:35","guid":{"rendered":"https:\/\/affordablehousingactivation.org\/?post_type=experts&#038;p=2140"},"modified":"2022-05-10T06:55:32","modified_gmt":"2022-05-10T04:55:32","slug":"ines-sanchez-de-madariaga","status":"publish","type":"experts","link":"https:\/\/affordablehousingactivation.org\/es\/experts\/ines-sanchez-de-madariaga\/","title":{"rendered":"In\u00e9s S\u00e1nchez de Madariaga"},"content":{"rendered":"<p><span data-contrast=\"auto\">Directora C\u00e1tedra UNESCO de G\u00e9nero de la Universidad Polit\u00e9cnica de Madrid y Presidenta del Grupo Asesor de G\u00e9nero de la Directora Ejecutiva de ONU-Habitat. Ex becaria Fulbright, ha sido profesora visitante en Universidad de California Los Angeles (UCLA), Columbia University en Nueva York, London School of Economics, Escuela de Arquitectura Bauhaus. Ha sido miembro del Grupo de Helsinki sobre Mujeres y Ciencia de la Comisi\u00f3n Europea y co-Directora del proyecto Gendered Innovations de la Universidad de Stanford. Ha dirigido medio centenar de proyectos de investigaci\u00f3n financiados por: Comisi\u00f3n Europea, Plan Nacional de I+D+i, bancos multilaterales de desarrollo, y otros organismos p\u00fablicos y privados. Ha sido Directora de la Unidad de Mujeres y Ciencia en Secretar\u00eda de Estado I+D+i, Asesora de la Ministra de Vivienda, Asesora de la Ministra de Ciencia e Innovaci\u00f3n, Subdirectora General de Arquitectura, miembro Consejo de Administraci\u00f3n Sociedad P\u00fablica de Alquiler. Autora de un centenar de art\u00edculos en revistas profesionales y una decena de libros, dos de ellos referencia internacional: Engendering Cities, Routledge, y Fair Shared Cities, Ashgate. Patrona de Plan Internacional, miembro consejo asesor Red Espa\u00f1ola de Desarrollo Sostenible y comit\u00e9 cient\u00edfico de la Fundaci\u00f3n Mujeres por \u00c1frica, Vicepresidenta Asamblea General de Socios de ONU-Habitat.<\/span><span data-ccp-props=\"{&quot;201341983&quot;:0,&quot;335559739&quot;:160,&quot;335559740&quot;:259}\">\u00a0<\/span><\/p>\n<p><span data-ccp-props=\"{&quot;201341983&quot;:0,&quot;335559739&quot;:160,&quot;335559740&quot;:259}\">\u00a0<\/span><\/p>\n","protected":false},"featured_media":2161,"template":"","meta":{"_price":"","_stock":"","_tribe_ticket_header":"","_tribe_default_ticket_provider":"","_tribe_ticket_capacity":"0","_ticket_start_date":"","_ticket_end_date":"","_tribe_ticket_show_description":"","_tribe_ticket_show_not_going":false,"_tribe_ticket_use_global_stock":"","_tribe_ticket_global_stock_level":"","_global_stock_mode":"","_global_stock_cap":"","_tribe_rsvp_for_event":"","_tribe_ticket_going_count":"","_tribe_ticket_not_going_count":"","_tribe_tickets_list":[],"_tribe_ticket_has_attendee_info_fields":false},"categories":[],"barrera":[115],"pais":[],"acf":[],"_links":{"self":[{"href":"https:\/\/affordablehousingactivation.org\/es\/wp-json\/wp\/v2\/experts\/2140"}],"collection":[{"href":"https:\/\/affordablehousingactivation.org\/es\/wp-json\/wp\/v2\/experts"}],"about":[{"href":"https:\/\/affordablehousingactivation.org\/es\/wp-json\/wp\/v2\/types\/experts"}],"wp:featuredmedia":[{"embeddable":true,"href":"https:\/\/affordablehousingactivation.org\/es\/wp-json\/wp\/v2\/media\/2161"}],"wp:attachment":[{"href":"https:\/\/affordablehousingactivation.org\/es\/wp-json\/wp\/v2\/media?parent=2140"}],"wp:term":[{"taxonomy":"category","embeddable":true,"href":"https:\/\/affordablehousingactivation.org\/es\/wp-json\/wp\/v2\/categories?post=2140"},{"taxonomy":"barrera","embeddable":true,"href":"https:\/\/affordablehousingactivation.org\/es\/wp-json\/wp\/v2\/barrera?post=2140"},{"taxonomy":"pais","embeddable":true,"href":"https:\/\/affordablehousingactivation.org\/es\/wp-json\/wp\/v2\/pais?post=2140"}],"curies":[{"name":"wp","href":"https:\/\/api.w.org\/{rel}","templated":true}]}}

Inés Sánchez de Madariaga

<p><span data-contrast="auto">Directora Cátedra UNESCO de Género de la Universidad Politécnica de Madrid y Presidenta del Grupo Asesor de Género de la Directora Ejecutiva de ONU-Habitat. Ex becaria Fulbright, ha sido profesora visitante en Universidad de California Los Angeles (UCLA), Columbia University en Nueva York, London School of Economics, Escuela de Arquitectura Bauhaus. Ha sido miembro del Grupo de Helsinki sobre Mujeres y Ciencia de la Comisión Europea y co-Directora del proyecto Gendered Innovations de la Universidad de Stanford. Ha dirigido medio centenar de proyectos de investigación financiados por: Comisión Europea, Plan Nacional de I+D+i, bancos multilaterales de desarrollo, y otros organismos públicos y privados. Ha sido Directora de la Unidad de Mujeres y Ciencia en Secretaría de Estado I+D+i, Asesora de la Ministra de Vivienda, Asesora de la Ministra de Ciencia e Innovación, Subdirectora General de Arquitectura, miembro Consejo de Administración Sociedad Pública de Alquiler. Autora de un centenar de artículos en revistas profesionales y una decena de libros, dos de ellos referencia internacional: Engendering Cities, Routledge, y Fair Shared Cities, Ashgate. Patrona de Plan Internacional, miembro consejo asesor Red Española de Desarrollo Sostenible y comité científico de la Fundación Mujeres por África, Vicepresidenta Asamblea General de Socios de ONU-Habitat.</span><span data-ccp-props="{&quot;201341983&quot;:0,&quot;335559739&quot;:160,&quot;335559740&quot;:259}"> </span></p>
<p><span data-ccp-props="{&quot;201341983&quot;:0,&quot;335559739&quot;:160,&quot;335559740&quot;:259}"> </span></p>
