{"id":2229,"date":"2022-03-18T12:08:10","date_gmt":"2022-03-18T11:08:10","guid":{"rendered":"https:\/\/affordablehousingactivation.org\/?post_type=experts&#038;p=2229"},"modified":"2022-04-20T19:39:37","modified_gmt":"2022-04-20T17:39:37","slug":"doris-andoni","status":"publish","type":"experts","link":"https:\/\/affordablehousingactivation.org\/es\/experts\/doris-andoni\/","title":{"rendered":"Doris Andoni"},"content":{"rendered":"<p><span data-contrast=\"auto\">Chair del Consejo de Direcci\u00f3n de la Agencia Nacional de la Vivienda y Chair del Comit\u00e9 de Desarrollo Urbano, Vivienda y Ordenaci\u00f3n del Territorio de la UNECE.<\/span><span data-ccp-props=\"{&quot;335551550&quot;:6,&quot;335551620&quot;:6}\">\u00a0<\/span><\/p>\n<p><span data-contrast=\"auto\">Doris Andoni estudi\u00f3 arquitectura y urbanismo y realiz\u00f3 varias especializaciones y formaciones en el \u00e1mbito de la vivienda, el urbanismo y la gesti\u00f3n de proyectos. Trabaj\u00f3 como arquitecta durante varios a\u00f1os y como consultora en diferentes proyectos con financiaci\u00f3n internacional. Como directora ejecutiva de la Agencia Nacional de la Vivienda de Albania, desarroll\u00f3 proyectos de viviendas asequibles y energ\u00e9ticamente eficientes para familias con bajos ingresos. Fue la principal responsable del inicio y la aplicaci\u00f3n de la reforma de la pol\u00edtica de vivienda en la d\u00e9cada de 2000 y de la creaci\u00f3n, la recaudaci\u00f3n de fondos y la aplicaci\u00f3n de importantes programas de vivienda, incluidas las viviendas sociales y las subvenciones de los tipos de inter\u00e9s para las viviendas de bajo coste. Ha defendido la descentralizaci\u00f3n de facto de la vivienda en Albania y es una colaboradora y defensora constante de los gobiernos locales. Su trabajo ha permitido aumentar la contribuci\u00f3n financiera de los presupuestos locales a los proyectos de vivienda. En la actualidad, participa en la reforma de la digitalizaci\u00f3n de la aplicaci\u00f3n y la base de datos de la vivienda.\u00a0<\/span><span data-ccp-props=\"{&quot;335551550&quot;:6,&quot;335551620&quot;:6}\">\u00a0<\/span><\/p>\n<p><span data-contrast=\"auto\">La Sra. Andoni es muy activa en el \u00e1mbito internacional, incluso con organizaciones y agencias de la ONU y europeas. Representa a Albania en el Comit\u00e9 de Desarrollo Urbano, Vivienda y Ordenaci\u00f3n del Territorio de la UNECE y desde 2019 es la presidenta de este Comit\u00e9.<\/span><span data-ccp-props=\"{&quot;335551550&quot;:6,&quot;335551620&quot;:6}\">\u00a0<\/span><\/p>\n<p><span data-contrast=\"auto\">En 2018 fue galardonada con el Premio Alban\u00e9s de Arquitectura por su contribuci\u00f3n a la pol\u00edtica y la legislaci\u00f3n en materia de arquitectura y vivienda en Albania.<\/span><span data-ccp-props=\"{&quot;335551550&quot;:6,&quot;335551620&quot;:6}\">\u00a0<\/span><\/p>\n<p><span data-contrast=\"auto\">Tiene el t\u00edtulo de M\u00e1ster en Gesti\u00f3n de la Vivienda Urbana y es profesora invitada en la Escuela Internacional de Arquitectura y Urbanismo de Tirana.<\/span><span data-ccp-props=\"{&quot;335551550&quot;:6,&quot;335551620&quot;:6}\">\u00a0<\/span><\/p>\n","protected":false},"featured_media":2495,"template":"","meta":{"_price":"","_stock":"","_tribe_ticket_header":"","_tribe_default_ticket_provider":"","_tribe_ticket_capacity":"0","_ticket_start_date":"","_ticket_end_date":"","_tribe_ticket_show_description":"","_tribe_ticket_show_not_going":false,"_tribe_ticket_use_global_stock":"","_tribe_ticket_global_stock_level":"","_global_stock_mode":"","_global_stock_cap":"","_tribe_rsvp_for_event":"","_tribe_ticket_going_count":"","_tribe_ticket_not_going_count":"","_tribe_tickets_list":[],"_tribe_ticket_has_attendee_info_fields":false},"categories":[],"barrera":[114],"pais":[],"acf":[],"_links":{"self":[{"href":"https:\/\/affordablehousingactivation.org\/es\/wp-json\/wp\/v2\/experts\/2229"}],"collection":[{"href":"https:\/\/affordablehousingactivation.org\/es\/wp-json\/wp\/v2\/experts"}],"about":[{"href":"https:\/\/affordablehousingactivation.org\/es\/wp-json\/wp\/v2\/types\/experts"}],"wp:featuredmedia":[{"embeddable":true,"href":"https:\/\/affordablehousingactivation.org\/es\/wp-json\/wp\/v2\/media\/2495"}],"wp:attachment":[{"href":"https:\/\/affordablehousingactivation.org\/es\/wp-json\/wp\/v2\/media?parent=2229"}],"wp:term":[{"taxonomy":"category","embeddable":true,"href":"https:\/\/affordablehousingactivation.org\/es\/wp-json\/wp\/v2\/categories?post=2229"},{"taxonomy":"barrera","embeddable":true,"href":"https:\/\/affordablehousingactivation.org\/es\/wp-json\/wp\/v2\/barrera?post=2229"},{"taxonomy":"pais","embeddable":true,"href":"https:\/\/affordablehousingactivation.org\/es\/wp-json\/wp\/v2\/pais?post=2229"}],"curies":[{"name":"wp","href":"https:\/\/api.w.org\/{rel}","templated":true}]}}

<p><span data-contrast="auto">Chair del Consejo de Dirección de la Agencia Nacional de la Vivienda y Chair del Comité de Desarrollo Urbano, Vivienda y Ordenación del Territorio de la UNECE.</span><span data-ccp-props="{&quot;335551550&quot;:6,&quot;335551620&quot;:6}"> </span></p>
<p><span data-contrast="auto">Doris Andoni estudió arquitectura y urbanismo y realizó varias especializaciones y formaciones en el ámbito de la vivienda, el urbanismo y la gestión de proyectos. Trabajó como arquitecta durante varios años y como consultora en diferentes proyectos con financiación internacional. Como directora ejecutiva de la Agencia Nacional de la Vivienda de Albania, desarrolló proyectos de viviendas asequibles y energéticamente eficientes para familias con bajos ingresos. Fue la principal responsable del inicio y la aplicación de la reforma de la política de vivienda en la década de 2000 y de la creación, la recaudación de fondos y la aplicación de importantes programas de vivienda, incluidas las viviendas sociales y las subvenciones de los tipos de interés para las viviendas de bajo coste. Ha defendido la descentralización de facto de la vivienda en Albania y es una colaboradora y defensora constante de los gobiernos locales. Su trabajo ha permitido aumentar la contribución financiera de los presupuestos locales a los proyectos de vivienda. En la actualidad, participa en la reforma de la digitalización de la aplicación y la base de datos de la vivienda. </span><span data-ccp-props="{&quot;335551550&quot;:6,&quot;335551620&quot;:6}"> </span></p>
<p><span data-contrast="auto">La Sra. Andoni es muy activa en el ámbito internacional, incluso con organizaciones y agencias de la ONU y europeas. Representa a Albania en el Comité de Desarrollo Urbano, Vivienda y Ordenación del Territorio de la UNECE y desde 2019 es la presidenta de este Comité.</span><span data-ccp-props="{&quot;335551550&quot;:6,&quot;335551620&quot;:6}"> </span></p>
<p><span data-contrast="auto">En 2018 fue galardonada con el Premio Albanés de Arquitectura por su contribución a la política y la legislación en materia de arquitectura y vivienda en Albania.</span><span data-ccp-props="{&quot;335551550&quot;:6,&quot;335551620&quot;:6}"> </span></p>
<p><span data-contrast="auto">Tiene el título de Máster en Gestión de la Vivienda Urbana y es profesora invitada en la Escuela Internacional de Arquitectura y Urbanismo de Tirana.</span><span data-ccp-props="{&quot;335551550&quot;:6,&quot;335551620&quot;:6}"> </span></p>
