{"id":2307,"date":"2022-03-18T14:44:57","date_gmt":"2022-03-18T13:44:57","guid":{"rendered":"https:\/\/affordablehousingactivation.org\/?post_type=experts&#038;p=2307"},"modified":"2022-03-19T02:10:43","modified_gmt":"2022-03-19T01:10:43","slug":"bruno-sauer","status":"publish","type":"experts","link":"https:\/\/affordablehousingactivation.org\/es\/experts\/bruno-sauer\/","title":{"rendered":"Bruno Sauer"},"content":{"rendered":"<p><span data-contrast=\"none\">Arquitecto, con M\u00e1ster en Arquitectura y en Urbanismo, Profesor Asociado de la Universidad Europea de Valencia. Ha participado invitado en m\u00faltiples talleres internacionales y conferencias, realizando una amplia actividad investigadora en proyectos europeos como el Proyecto \u201cEcoDistrict-ICT\u201d financiado por la EU-7FP.<\/span><span data-ccp-props=\"{&quot;134233117&quot;:true,&quot;134233118&quot;:true,&quot;201341983&quot;:0,&quot;335559739&quot;:210,&quot;335559740&quot;:240}\">\u00a0<\/span><\/p>\n<p><span data-contrast=\"none\">Ha editado varias publicaciones relacionadas con la arquitectura y el urbanismo sostenible y miembro de jurado de concursos internacionales, compagin\u00e1ndolo con la gesti\u00f3n de un estudio propio denominado Bipolaire con su socio Miguel Arraiz Garcia<\/span><span data-ccp-props=\"{&quot;134233117&quot;:true,&quot;134233118&quot;:true,&quot;201341983&quot;:0,&quot;335559739&quot;:210,&quot;335559740&quot;:240}\">\u00a0<\/span><\/p>\n<p><span data-contrast=\"none\">Actualmente desempe\u00f1a el cargo de director general de Green Building Council Espa\u00f1a donde ha dirigido los principales proyectos desarrollados por la Asociaci\u00f3pn y dispone de un amplio conocimiento de la estrategia y funcionamiento de esta asociaci\u00f3n.<\/span><span data-ccp-props=\"{&quot;134233117&quot;:true,&quot;134233118&quot;:true,&quot;201341983&quot;:0,&quot;335559739&quot;:210,&quot;335559740&quot;:240}\">\u00a0<\/span><\/p>\n<p><span data-contrast=\"none\">Los objetivos de Desarrollo Sostenible marcados por la ONU deben ser impulsados a trave\u0301s de Programas Marco especi\u0301ficos para lograr su desarrollo y que se plasman en Agendas Globales que deben ser aplicadas a cada pa\u00eds. Desde GBCe se propone abordar una agenda de pai\u0301s, alineado con dicha visio\u0301n que aborde no s\u00f3lo la energ\u00eda como factor clave sino el edificio saludable, las energ\u00edas limpias, el trabajo digno, las infraestructuras resilientes, las smart city\u2019s, la economi\u0301a circular, la biodiversidad y el comportamiento ante el cambio clima\u0301tico.<\/span><span data-ccp-props=\"{&quot;134233117&quot;:true,&quot;134233118&quot;:true,&quot;201341983&quot;:0,&quot;335559739&quot;:210,&quot;335559740&quot;:240}\">\u00a0<\/span><\/p>\n","protected":false},"featured_media":2310,"template":"","meta":{"_price":"","_stock":"","_tribe_ticket_header":"","_tribe_default_ticket_provider":"","_tribe_ticket_capacity":"0","_ticket_start_date":"","_ticket_end_date":"","_tribe_ticket_show_description":"","_tribe_ticket_show_not_going":false,"_tribe_ticket_use_global_stock":"","_tribe_ticket_global_stock_level":"","_global_stock_mode":"","_global_stock_cap":"","_tribe_rsvp_for_event":"","_tribe_ticket_going_count":"","_tribe_ticket_not_going_count":"","_tribe_tickets_list":[],"_tribe_ticket_has_attendee_info_fields":false},"categories":[],"barrera":[121],"pais":[],"acf":[],"_links":{"self":[{"href":"https:\/\/affordablehousingactivation.org\/es\/wp-json\/wp\/v2\/experts\/2307"}],"collection":[{"href":"https:\/\/affordablehousingactivation.org\/es\/wp-json\/wp\/v2\/experts"}],"about":[{"href":"https:\/\/affordablehousingactivation.org\/es\/wp-json\/wp\/v2\/types\/experts"}],"wp:featuredmedia":[{"embeddable":true,"href":"https:\/\/affordablehousingactivation.org\/es\/wp-json\/wp\/v2\/media\/2310"}],"wp:attachment":[{"href":"https:\/\/affordablehousingactivation.org\/es\/wp-json\/wp\/v2\/media?parent=2307"}],"wp:term":[{"taxonomy":"category","embeddable":true,"href":"https:\/\/affordablehousingactivation.org\/es\/wp-json\/wp\/v2\/categories?post=2307"},{"taxonomy":"barrera","embeddable":true,"href":"https:\/\/affordablehousingactivation.org\/es\/wp-json\/wp\/v2\/barrera?post=2307"},{"taxonomy":"pais","embeddable":true,"href":"https:\/\/affordablehousingactivation.org\/es\/wp-json\/wp\/v2\/pais?post=2307"}],"curies":[{"name":"wp","href":"https:\/\/api.w.org\/{rel}","templated":true}]}}

<p><span data-contrast="none">Arquitecto, con Máster en Arquitectura y en Urbanismo, Profesor Asociado de la Universidad Europea de Valencia. Ha participado invitado en múltiples talleres internacionales y conferencias, realizando una amplia actividad investigadora en proyectos europeos como el Proyecto “EcoDistrict-ICT” financiado por la EU-7FP.</span><span data-ccp-props="{&quot;134233117&quot;:true,&quot;134233118&quot;:true,&quot;201341983&quot;:0,&quot;335559739&quot;:210,&quot;335559740&quot;:240}"> </span></p>
<p><span data-contrast="none">Ha editado varias publicaciones relacionadas con la arquitectura y el urbanismo sostenible y miembro de jurado de concursos internacionales, compaginándolo con la gestión de un estudio propio denominado Bipolaire con su socio Miguel Arraiz Garcia</span><span data-ccp-props="{&quot;134233117&quot;:true,&quot;134233118&quot;:true,&quot;201341983&quot;:0,&quot;335559739&quot;:210,&quot;335559740&quot;:240}"> </span></p>
<p><span data-contrast="none">Actualmente desempeña el cargo de director general de Green Building Council España donde ha dirigido los principales proyectos desarrollados por la Asociaciópn y dispone de un amplio conocimiento de la estrategia y funcionamiento de esta asociación.</span><span data-ccp-props="{&quot;134233117&quot;:true,&quot;134233118&quot;:true,&quot;201341983&quot;:0,&quot;335559739&quot;:210,&quot;335559740&quot;:240}"> </span></p>
<p><span data-contrast="none">Los objetivos de Desarrollo Sostenible marcados por la ONU deben ser impulsados a través de Programas Marco específicos para lograr su desarrollo y que se plasman en Agendas Globales que deben ser aplicadas a cada país. Desde GBCe se propone abordar una agenda de país, alineado con dicha visión que aborde no sólo la energía como factor clave sino el edificio saludable, las energías limpias, el trabajo digno, las infraestructuras resilientes, las smart city’s, la economía circular, la biodiversidad y el comportamiento ante el cambio climático.</span><span data-ccp-props="{&quot;134233117&quot;:true,&quot;134233118&quot;:true,&quot;201341983&quot;:0,&quot;335559739&quot;:210,&quot;335559740&quot;:240}"> </span></p>
