{"id":2706,"date":"2022-03-21T18:30:32","date_gmt":"2022-03-21T17:30:32","guid":{"rendered":"https:\/\/affordablehousingactivation.org\/?post_type=experts&#038;p=2706"},"modified":"2022-04-20T23:58:52","modified_gmt":"2022-04-20T21:58:52","slug":"margrit-hugentobler","status":"publish","type":"experts","link":"https:\/\/affordablehousingactivation.org\/es\/experts\/margrit-hugentobler\/","title":{"rendered":"Margrit Hugentobler"},"content":{"rendered":"<p><span data-contrast=\"none\">Margrit Hugentobler, licenciada en ciencias sociales y doctora en planificaci\u00f3n urbana, tecnol\u00f3gica y medioambiental (Universidad de Michigan, Ann Arbor, EE.UU.). Tras algunos a\u00f1os de investigaci\u00f3n en Estados Unidos, se incorpor\u00f3 al grupo de investigaci\u00f3n interdisciplinar ETH CASE Center for Architecture, Society &amp; the built Environment (ETH Wohnforum) en el Departamento de Arquitectura de la ETH de Z\u00farich como investigadora asociada y cient\u00edfica senior. Dirigi\u00f3 el grupo de investigaci\u00f3n entre 2009 y 2016.\u00a0<\/span><span data-ccp-props=\"{&quot;134233117&quot;:true,&quot;134233118&quot;:true}\">\u00a0<\/span><\/p>\n<p><span data-contrast=\"none\">\u00c1reas de investigaci\u00f3n: Acceso a la vivienda asequible; calidad de la vivienda, innovaciones en materia de vivienda, cooperativas de vivienda, necesidades de vivienda de las mujeres, los ancianos y los inmigrantes. Es presidenta de una fundaci\u00f3n que facilita el acceso a la vivienda a familias social y econ\u00f3micamente desfavorecidas.\u00a0<\/span><span data-ccp-props=\"{&quot;134233117&quot;:true,&quot;134233118&quot;:true}\">\u00a0<\/span><\/p>\n<p><span data-contrast=\"none\">Tambi\u00e9n es experta en aspectos socioespaciales y uso de edificios en concursos de planificaci\u00f3n arquitect\u00f3nica. Ha publicado en alem\u00e1n e ingl\u00e9s sobre vivienda y desarrollo urbano sostenible, innovaciones en materia de vivienda cooperativa, espacios de vida compartidos y otros temas relacionados con la vivienda.\u00a0\u00a0\u00a0\u00a0\u00a0<\/span><span data-ccp-props=\"{&quot;134233117&quot;:true,&quot;134233118&quot;:true}\">\u00a0<\/span><\/p>\n","protected":false},"featured_media":2707,"template":"","meta":{"_price":"","_stock":"","_tribe_ticket_header":"","_tribe_default_ticket_provider":"","_tribe_ticket_capacity":"0","_ticket_start_date":"","_ticket_end_date":"","_tribe_ticket_show_description":"","_tribe_ticket_show_not_going":false,"_tribe_ticket_use_global_stock":"","_tribe_ticket_global_stock_level":"","_global_stock_mode":"","_global_stock_cap":"","_tribe_rsvp_for_event":"","_tribe_ticket_going_count":"","_tribe_ticket_not_going_count":"","_tribe_tickets_list":[],"_tribe_ticket_has_attendee_info_fields":false},"categories":[],"barrera":[120],"pais":[],"acf":[],"_links":{"self":[{"href":"https:\/\/affordablehousingactivation.org\/es\/wp-json\/wp\/v2\/experts\/2706"}],"collection":[{"href":"https:\/\/affordablehousingactivation.org\/es\/wp-json\/wp\/v2\/experts"}],"about":[{"href":"https:\/\/affordablehousingactivation.org\/es\/wp-json\/wp\/v2\/types\/experts"}],"wp:featuredmedia":[{"embeddable":true,"href":"https:\/\/affordablehousingactivation.org\/es\/wp-json\/wp\/v2\/media\/2707"}],"wp:attachment":[{"href":"https:\/\/affordablehousingactivation.org\/es\/wp-json\/wp\/v2\/media?parent=2706"}],"wp:term":[{"taxonomy":"category","embeddable":true,"href":"https:\/\/affordablehousingactivation.org\/es\/wp-json\/wp\/v2\/categories?post=2706"},{"taxonomy":"barrera","embeddable":true,"href":"https:\/\/affordablehousingactivation.org\/es\/wp-json\/wp\/v2\/barrera?post=2706"},{"taxonomy":"pais","embeddable":true,"href":"https:\/\/affordablehousingactivation.org\/es\/wp-json\/wp\/v2\/pais?post=2706"}],"curies":[{"name":"wp","href":"https:\/\/api.w.org\/{rel}","templated":true}]}}

<p><span data-contrast="none">Margrit Hugentobler, licenciada en ciencias sociales y doctora en planificación urbana, tecnológica y medioambiental (Universidad de Michigan, Ann Arbor, EE.UU.). Tras algunos años de investigación en Estados Unidos, se incorporó al grupo de investigación interdisciplinar ETH CASE Center for Architecture, Society &amp; the built Environment (ETH Wohnforum) en el Departamento de Arquitectura de la ETH de Zúrich como investigadora asociada y científica senior. Dirigió el grupo de investigación entre 2009 y 2016. </span><span data-ccp-props="{&quot;134233117&quot;:true,&quot;134233118&quot;:true}"> </span></p>
<p><span data-contrast="none">Áreas de investigación: Acceso a la vivienda asequible; calidad de la vivienda, innovaciones en materia de vivienda, cooperativas de vivienda, necesidades de vivienda de las mujeres, los ancianos y los inmigrantes. Es presidenta de una fundación que facilita el acceso a la vivienda a familias social y económicamente desfavorecidas. </span><span data-ccp-props="{&quot;134233117&quot;:true,&quot;134233118&quot;:true}"> </span></p>
<p><span data-contrast="none">También es experta en aspectos socioespaciales y uso de edificios en concursos de planificación arquitectónica. Ha publicado en alemán e inglés sobre vivienda y desarrollo urbano sostenible, innovaciones en materia de vivienda cooperativa, espacios de vida compartidos y otros temas relacionados con la vivienda.     </span><span data-ccp-props="{&quot;134233117&quot;:true,&quot;134233118&quot;:true}"> </span></p>
