{"id":3044,"date":"2022-03-24T13:36:55","date_gmt":"2022-03-24T12:36:55","guid":{"rendered":"https:\/\/affordablehousingactivation.org\/?post_type=experts&#038;p=3044"},"modified":"2022-04-20T20:57:11","modified_gmt":"2022-04-20T18:57:11","slug":"ruth-schagemann","status":"publish","type":"experts","link":"https:\/\/affordablehousingactivation.org\/es\/experts\/ruth-schagemann\/","title":{"rendered":"Ruth Schagemann"},"content":{"rendered":"<p><span data-contrast=\"auto\">Ruth Schagemann, (nacida en 1974) es una arquitecta que estudi\u00f3 arquitectura en la Universidad de Braunschweig y en la Universidad de Stuttgart en Alemania. En 2006 fund\u00f3 el estudio de arquitectura VICEVERSA Architektur + Medien junto con su marido. Fue elegida miembro de la junta ejecutiva del Consejo de Arquitectos de Europa (ACE) desde 2016 hasta 2021, coordinadora de la Red Europea de Autoridades Competentes de Arquitectos (ENACA), miembro del Grupo de Coordinaci\u00f3n de Europa de la C\u00e1mara Federal de Arquitectos de Alemania y es jefa del departamento de pol\u00edtica profesional nacional e internacional en la C\u00e1mara de Baden-W\u00fcrttemberg. Desde el 1. Desde el 1 de enero de 2022 es Presidenta del Consejo de Arquitectos de Europa (ACE)<\/span><span data-ccp-props=\"{}\">\u00a0<\/span><\/p>\n<p><span data-contrast=\"auto\">Diplomada en arquitectura por la Universidad de Stuttgart en 2004 y miembro de la C\u00e1mara de Arquitectos de Baden-W\u00fcrttemberg desde 2008.<\/span><span data-ccp-props=\"{}\">\u00a0<\/span><\/p>\n","protected":false},"featured_media":3045,"template":"","meta":{"_price":"","_stock":"","_tribe_ticket_header":"","_tribe_default_ticket_provider":"","_tribe_ticket_capacity":"0","_ticket_start_date":"","_ticket_end_date":"","_tribe_ticket_show_description":"","_tribe_ticket_show_not_going":false,"_tribe_ticket_use_global_stock":"","_tribe_ticket_global_stock_level":"","_global_stock_mode":"","_global_stock_cap":"","_tribe_rsvp_for_event":"","_tribe_ticket_going_count":"","_tribe_ticket_not_going_count":"","_tribe_tickets_list":[],"_tribe_ticket_has_attendee_info_fields":false},"categories":[],"barrera":[116],"pais":[],"acf":[],"_links":{"self":[{"href":"https:\/\/affordablehousingactivation.org\/es\/wp-json\/wp\/v2\/experts\/3044"}],"collection":[{"href":"https:\/\/affordablehousingactivation.org\/es\/wp-json\/wp\/v2\/experts"}],"about":[{"href":"https:\/\/affordablehousingactivation.org\/es\/wp-json\/wp\/v2\/types\/experts"}],"wp:featuredmedia":[{"embeddable":true,"href":"https:\/\/affordablehousingactivation.org\/es\/wp-json\/wp\/v2\/media\/3045"}],"wp:attachment":[{"href":"https:\/\/affordablehousingactivation.org\/es\/wp-json\/wp\/v2\/media?parent=3044"}],"wp:term":[{"taxonomy":"category","embeddable":true,"href":"https:\/\/affordablehousingactivation.org\/es\/wp-json\/wp\/v2\/categories?post=3044"},{"taxonomy":"barrera","embeddable":true,"href":"https:\/\/affordablehousingactivation.org\/es\/wp-json\/wp\/v2\/barrera?post=3044"},{"taxonomy":"pais","embeddable":true,"href":"https:\/\/affordablehousingactivation.org\/es\/wp-json\/wp\/v2\/pais?post=3044"}],"curies":[{"name":"wp","href":"https:\/\/api.w.org\/{rel}","templated":true}]}}

<p><span data-contrast="auto">Ruth Schagemann, (nacida en 1974) es una arquitecta que estudió arquitectura en la Universidad de Braunschweig y en la Universidad de Stuttgart en Alemania. En 2006 fundó el estudio de arquitectura VICEVERSA Architektur + Medien junto con su marido. Fue elegida miembro de la junta ejecutiva del Consejo de Arquitectos de Europa (ACE) desde 2016 hasta 2021, coordinadora de la Red Europea de Autoridades Competentes de Arquitectos (ENACA), miembro del Grupo de Coordinación de Europa de la Cámara Federal de Arquitectos de Alemania y es jefa del departamento de política profesional nacional e internacional en la Cámara de Baden-Württemberg. Desde el 1. Desde el 1 de enero de 2022 es Presidenta del Consejo de Arquitectos de Europa (ACE)</span><span data-ccp-props="{}"> </span></p>
<p><span data-contrast="auto">Diplomada en arquitectura por la Universidad de Stuttgart en 2004 y miembro de la Cámara de Arquitectos de Baden-Württemberg desde 2008.</span><span data-ccp-props="{}"> </span></p>
