{"id":3049,"date":"2022-03-24T13:42:32","date_gmt":"2022-03-24T12:42:32","guid":{"rendered":"https:\/\/affordablehousingactivation.org\/?post_type=experts&#038;p=3049"},"modified":"2022-03-24T13:42:32","modified_gmt":"2022-03-24T12:42:32","slug":"goncalo-byrne","status":"publish","type":"experts","link":"https:\/\/affordablehousingactivation.org\/es\/experts\/goncalo-byrne\/","title":{"rendered":"Gon\u00e7alo Byrne"},"content":{"rendered":"<p><span data-contrast=\"auto\">Gon\u00e7alo Byrne (Alcoba\u00e7a, 1941) es arquitecto por la Escuela de Bellas Artes de Lisboa y licenciado con honores por la Facultad de Arquitectura de la Universidad T\u00e9cnica de Lisboa y por la Facultad de Arquitectura de Alghero, en Italia. En 1975, estableci\u00f3 su propio estudio y, en 1991, fund\u00f3 el estudio Gon\u00e7alo Byrne Arquitectos.\u00a0<\/span><span data-ccp-props=\"{}\">\u00a0<\/span><\/p>\n<p><span data-ccp-props=\"{}\">\u00a0<\/span><\/p>\n<p><span data-contrast=\"auto\">Desde 1970, es miembro del Colegio de Arquitectos de Portugal (n.\u00ba 520), y desde 2008, miembro del Colegio de Arquitectos de la Provincia Italiana de Vicenza (n.\u00ba 2077). Form\u00f3 parte de la Junta Directiva portuguesa de la U.I.A. y fue delegado de la Asamblea y el Congreso Mundial de esta misma organizaci\u00f3n. Entre 1985 y 1987, fue director del Jornal Arquitectos (la revista publicada por el Colegio de Arquitectos de Portugal).<\/span><span data-ccp-props=\"{}\">\u00a0<\/span><\/p>\n<p><span data-ccp-props=\"{}\">\u00a0<\/span><\/p>\n<p><span data-contrast=\"auto\">Byrne ha impartido clases en varias universidades internacionales, como Lausana, Harvard, Venecia, Mendrisio, Lovaina, Pamplona, Mil\u00e1n y la Universidad Estatal de Kansas, entre otras. A menudo es miembro del jurado en numerosos concursos y premios de dise\u00f1o, como por ejemplo para el Premio Mies van der Rohe (a\u00f1o 2017), el Premio Vasco Vilalva atribuido por la Fundaci\u00f3n Calouste Gulbenkian, el Premio de Arquitectura Suiza &#8211; Fundaci\u00f3n de Arquitectura BSI (del que es miembro permanente del consejo consultivo), el Premio Juana de Vega (La Coru\u00f1a), entre otros.<\/span><span data-ccp-props=\"{}\">\u00a0<\/span><\/p>\n<p><span data-ccp-props=\"{}\">\u00a0<\/span><\/p>\n<p><span data-contrast=\"auto\">Su estudio es una referencia en el contexto arquitect\u00f3nico portugu\u00e9s como una \u00absegunda\u00bb escuela para muchos de sus colaboradores que, tras dejar el estudio y establecer sus propias pr\u00e1cticas, a menudo se convierten en coautores de varias obras con Gon\u00e7alo Byrne.<\/span><span data-ccp-props=\"{}\">\u00a0<\/span><\/p>\n","protected":false},"featured_media":3050,"template":"","meta":{"_price":"","_stock":"","_tribe_ticket_header":"","_tribe_default_ticket_provider":"","_tribe_ticket_capacity":"0","_ticket_start_date":"","_ticket_end_date":"","_tribe_ticket_show_description":"","_tribe_ticket_show_not_going":false,"_tribe_ticket_use_global_stock":"","_tribe_ticket_global_stock_level":"","_global_stock_mode":"","_global_stock_cap":"","_tribe_rsvp_for_event":"","_tribe_ticket_going_count":"","_tribe_ticket_not_going_count":"","_tribe_tickets_list":[],"_tribe_ticket_has_attendee_info_fields":false},"categories":[],"barrera":[118],"pais":[],"acf":[],"_links":{"self":[{"href":"https:\/\/affordablehousingactivation.org\/es\/wp-json\/wp\/v2\/experts\/3049"}],"collection":[{"href":"https:\/\/affordablehousingactivation.org\/es\/wp-json\/wp\/v2\/experts"}],"about":[{"href":"https:\/\/affordablehousingactivation.org\/es\/wp-json\/wp\/v2\/types\/experts"}],"wp:featuredmedia":[{"embeddable":true,"href":"https:\/\/affordablehousingactivation.org\/es\/wp-json\/wp\/v2\/media\/3050"}],"wp:attachment":[{"href":"https:\/\/affordablehousingactivation.org\/es\/wp-json\/wp\/v2\/media?parent=3049"}],"wp:term":[{"taxonomy":"category","embeddable":true,"href":"https:\/\/affordablehousingactivation.org\/es\/wp-json\/wp\/v2\/categories?post=3049"},{"taxonomy":"barrera","embeddable":true,"href":"https:\/\/affordablehousingactivation.org\/es\/wp-json\/wp\/v2\/barrera?post=3049"},{"taxonomy":"pais","embeddable":true,"href":"https:\/\/affordablehousingactivation.org\/es\/wp-json\/wp\/v2\/pais?post=3049"}],"curies":[{"name":"wp","href":"https:\/\/api.w.org\/{rel}","templated":true}]}}

Gonçalo Byrne

<p><span data-contrast="auto">Gonçalo Byrne (Alcobaça, 1941) es arquitecto por la Escuela de Bellas Artes de Lisboa y licenciado con honores por la Facultad de Arquitectura de la Universidad Técnica de Lisboa y por la Facultad de Arquitectura de Alghero, en Italia. En 1975, estableció su propio estudio y, en 1991, fundó el estudio Gonçalo Byrne Arquitectos. </span><span data-ccp-props="{}"> </span></p>
<p><span data-ccp-props="{}"> </span></p>
<p><span data-contrast="auto">Desde 1970, es miembro del Colegio de Arquitectos de Portugal (n.º 520), y desde 2008, miembro del Colegio de Arquitectos de la Provincia Italiana de Vicenza (n.º 2077). Formó parte de la Junta Directiva portuguesa de la U.I.A. y fue delegado de la Asamblea y el Congreso Mundial de esta misma organización. Entre 1985 y 1987, fue director del Jornal Arquitectos (la revista publicada por el Colegio de Arquitectos de Portugal).</span><span data-ccp-props="{}"> </span></p>
<p><span data-ccp-props="{}"> </span></p>
<p><span data-contrast="auto">Byrne ha impartido clases en varias universidades internacionales, como Lausana, Harvard, Venecia, Mendrisio, Lovaina, Pamplona, Milán y la Universidad Estatal de Kansas, entre otras. A menudo es miembro del jurado en numerosos concursos y premios de diseño, como por ejemplo para el Premio Mies van der Rohe (año 2017), el Premio Vasco Vilalva atribuido por la Fundación Calouste Gulbenkian, el Premio de Arquitectura Suiza &#8211; Fundación de Arquitectura BSI (del que es miembro permanente del consejo consultivo), el Premio Juana de Vega (La Coruña), entre otros.</span><span data-ccp-props="{}"> </span></p>
<p><span data-ccp-props="{}"> </span></p>
<p><span data-contrast="auto">Su estudio es una referencia en el contexto arquitectónico portugués como una «segunda» escuela para muchos de sus colaboradores que, tras dejar el estudio y establecer sus propias prácticas, a menudo se convierten en coautores de varias obras con Gonçalo Byrne.</span><span data-ccp-props="{}"> </span></p>
