{"id":5798,"date":"2022-04-20T20:28:00","date_gmt":"2022-04-20T18:28:00","guid":{"rendered":"https:\/\/affordablehousingactivation.org\/?post_type=experts&#038;p=5798"},"modified":"2022-05-11T17:32:21","modified_gmt":"2022-05-11T15:32:21","slug":"carlos-martinez","status":"publish","type":"experts","link":"https:\/\/affordablehousingactivation.org\/es\/experts\/carlos-martinez\/","title":{"rendered":"CARLOS MART\u00cdNEZ"},"content":{"rendered":"<p><span data-contrast=\"auto\">Carlos Mart\u00ednez Vel\u00e1zquez es licenciado en Ciencias Pol\u00edticas por el Instituto Tecnol\u00f3gico Aut\u00f3nomo de M\u00e9xico y tiene estudios de posgrado en econom\u00eda en la misma universidad cuenta con una especialidad en Pol\u00edtica y Gesti\u00f3n Energ\u00e9tica y Medioambiental por la Facultad Latinoamericana de Ciencias Sociales.<\/span><span data-ccp-props=\"{&quot;201341983&quot;:0,&quot;335559739&quot;:160,&quot;335559740&quot;:360}\">\u00a0<\/span><\/p>\n<p><span data-contrast=\"auto\">Es especialista en temas de econom\u00eda pol\u00edtica con enfoque social y de protecci\u00f3n de derechos humanos. Ha sido funcionario p\u00fablico desde 2008, desempe\u00f1ando varios cargos en la administraci\u00f3n p\u00fablica federal. Tambi\u00e9n ha colaborado frecuentemente como comentarista en medios de comunicaci\u00f3n y como experto en publicaciones acad\u00e9micas sobre econom\u00eda y derechos humanos.<\/span><span data-ccp-props=\"{&quot;201341983&quot;:0,&quot;335559739&quot;:160,&quot;335559740&quot;:360}\">\u00a0<\/span><\/p>\n<p><span data-contrast=\"auto\">Actualmente es el director general del Instituto del Fondo Nacional de la Vivienda para los Trabajadores, INFONAVIT.<\/span><span data-ccp-props=\"{&quot;201341983&quot;:0,&quot;335559739&quot;:160,&quot;335559740&quot;:360}\">\u00a0<\/span><\/p>\n","protected":false},"featured_media":8948,"template":"","meta":{"_price":"","_stock":"","_tribe_ticket_header":"","_tribe_default_ticket_provider":"","_tribe_ticket_capacity":"0","_ticket_start_date":"","_ticket_end_date":"","_tribe_ticket_show_description":"","_tribe_ticket_show_not_going":false,"_tribe_ticket_use_global_stock":"","_tribe_ticket_global_stock_level":"","_global_stock_mode":"","_global_stock_cap":"","_tribe_rsvp_for_event":"","_tribe_ticket_going_count":"","_tribe_ticket_not_going_count":"","_tribe_tickets_list":[],"_tribe_ticket_has_attendee_info_fields":false},"categories":[],"barrera":[116],"pais":[],"acf":[],"_links":{"self":[{"href":"https:\/\/affordablehousingactivation.org\/es\/wp-json\/wp\/v2\/experts\/5798"}],"collection":[{"href":"https:\/\/affordablehousingactivation.org\/es\/wp-json\/wp\/v2\/experts"}],"about":[{"href":"https:\/\/affordablehousingactivation.org\/es\/wp-json\/wp\/v2\/types\/experts"}],"wp:featuredmedia":[{"embeddable":true,"href":"https:\/\/affordablehousingactivation.org\/es\/wp-json\/wp\/v2\/media\/8948"}],"wp:attachment":[{"href":"https:\/\/affordablehousingactivation.org\/es\/wp-json\/wp\/v2\/media?parent=5798"}],"wp:term":[{"taxonomy":"category","embeddable":true,"href":"https:\/\/affordablehousingactivation.org\/es\/wp-json\/wp\/v2\/categories?post=5798"},{"taxonomy":"barrera","embeddable":true,"href":"https:\/\/affordablehousingactivation.org\/es\/wp-json\/wp\/v2\/barrera?post=5798"},{"taxonomy":"pais","embeddable":true,"href":"https:\/\/affordablehousingactivation.org\/es\/wp-json\/wp\/v2\/pais?post=5798"}],"curies":[{"name":"wp","href":"https:\/\/api.w.org\/{rel}","templated":true}]}}

CARLOS MARTÍNEZ

<p><span data-contrast="auto">Carlos Martínez Velázquez es licenciado en Ciencias Políticas por el Instituto Tecnológico Autónomo de México y tiene estudios de posgrado en economía en la misma universidad cuenta con una especialidad en Política y Gestión Energética y Medioambiental por la Facultad Latinoamericana de Ciencias Sociales.</span><span data-ccp-props="{&quot;201341983&quot;:0,&quot;335559739&quot;:160,&quot;335559740&quot;:360}"> </span></p>
<p><span data-contrast="auto">Es especialista en temas de economía política con enfoque social y de protección de derechos humanos. Ha sido funcionario público desde 2008, desempeñando varios cargos en la administración pública federal. También ha colaborado frecuentemente como comentarista en medios de comunicación y como experto en publicaciones académicas sobre economía y derechos humanos.</span><span data-ccp-props="{&quot;201341983&quot;:0,&quot;335559739&quot;:160,&quot;335559740&quot;:360}"> </span></p>
<p><span data-contrast="auto">Actualmente es el director general del Instituto del Fondo Nacional de la Vivienda para los Trabajadores, INFONAVIT.</span><span data-ccp-props="{&quot;201341983&quot;:0,&quot;335559739&quot;:160,&quot;335559740&quot;:360}"> </span></p>
