{"id":5995,"date":"2022-04-22T13:25:52","date_gmt":"2022-04-22T11:25:52","guid":{"rendered":"https:\/\/affordablehousingactivation.org\/experts\/5992\/"},"modified":"2022-04-22T13:28:51","modified_gmt":"2022-04-22T11:28:51","slug":"5992","status":"publish","type":"experts","link":"https:\/\/affordablehousingactivation.org\/es\/experts\/5992\/","title":{"rendered":"Stefano Boeri"},"content":{"rendered":"<p><span data-contrast=\"none\">Nacido en 1956 en Mil\u00e1n, Italia,\u202f<\/span><b><span data-contrast=\"none\">Stefano Boeri<\/span><\/b><span data-contrast=\"none\">\u202fes un arquitecto graduado de la Universidad Polit\u00e9cnica de Mil\u00e1n (1980) y que 9 a\u00f1os despu\u00e9s recibi\u00f3 un doctorado en el Instituto Universitario de Arquitectos de Venecia.<\/span><span data-ccp-props=\"{&quot;134233117&quot;:true,&quot;134233118&quot;:true}\">\u00a0<\/span><\/p>\n<p><b><span data-contrast=\"none\">Boeri<\/span><\/b><span data-contrast=\"none\">\u202ftiene un gran inter\u00e9s por todo lo relacionado con el medio ambiente y es por eso que funda\u202f<\/span><b><span data-contrast=\"none\">Multiplicity<\/span><\/b><span data-contrast=\"none\">, una agencia dedicada a la investigaci\u00f3n del entorno f\u00edsico, formado por varios arquitectos, ge\u00f3grafos, artistas, urbanistas, fot\u00f3grafos, soci\u00f3logos, economistas, cineastas, entre otros donde crea estrategias de intervenci\u00f3n y estudio del mundo urbano. As\u00ed mismo es due\u00f1o de la plataforma\u202f<\/span><a href=\"http:\/\/www.thetomorrow.net\/\" target=\"_blank\" rel=\"noopener\"><b><span data-contrast=\"none\">theTomorrow<\/span><\/b><\/a><span data-contrast=\"none\">\u202fdonde promueve el intercambio de ideas sobre diferentes culturas, discutiendo temas sobre arte, migraci\u00f3n, educaci\u00f3n y creatividad. Dentro de los autores involucrados se encuentran:\u202f<\/span><b><span data-contrast=\"none\">Emiliano Battista, Peter Eisenman, Rem Koolhaas, Okwui Enwezor, Camille Henrot, Martin Schulz, Adran Piper, Tzuchein Tho<\/span><\/b><span data-contrast=\"none\">\u202fy muchos m\u00e1s. \u00c9ste proyecto ha formado parte del\u202f<\/span><b><span data-contrast=\"none\">Venice Biennial of Architecture<\/span><\/b><span data-contrast=\"none\">\u202f(2014) y el\u202f<\/span><b><span data-contrast=\"none\">Venice Art Biennial<\/span><\/b><span data-contrast=\"none\">\u202f(2015).<\/span><span data-ccp-props=\"{&quot;134233117&quot;:true,&quot;134233118&quot;:true}\">\u00a0<\/span><\/p>\n<p><span data-contrast=\"none\">En 1998 fundo su primer estudio\u202f<\/span><b><span data-contrast=\"none\">Boeri Studio<\/span><\/b><span data-contrast=\"none\">\u202fpero fue en 2008 que transformo su compa\u00f1\u00eda a\u202f<\/span><b><span data-contrast=\"none\">Stefano Boeri Architetti (SBA)<\/span><\/b><span data-contrast=\"none\">, con sede en Mil\u00e1n, cuenta con oficinas en Shanghai y Tirana. Siguiendo los ideales de Boeri, el estudio se dedica tanto a la investigaci\u00f3n como a la pr\u00e1ctica de la arquitectura y urbanismo. Uno de sus proyectos m\u00e1s importantes es el conocido\u202f<\/span><b><span data-contrast=\"none\">Bosque Vertical<\/span><\/b><span data-contrast=\"none\">, terminado en 2014 en Mil\u00e1n. Es un nuevo modelo residencial sustentable que cuenta con dos torres de 20 pisos que albergan m\u00e1s de 700 \u00e1rboles. \u00c9ste proyecto ha ganado grandes premios como el\u202f<\/span><b><span data-contrast=\"none\">High Rise Building<\/span><\/b><span data-contrast=\"none\">\u202fpatrocinado por el Museo de Arquitectura de Frankfurt en 2014 y el CTBUH Award en 2015 como el\u202f<\/span><b><i><span data-contrast=\"none\">Mejor Edificio Alto.<\/span><\/i><\/b><span data-ccp-props=\"{}\">\u00a0<\/span><\/p>\n","protected":false},"featured_media":5994,"template":"","meta":{"_price":"","_stock":"","_tribe_ticket_header":"","_tribe_default_ticket_provider":"","_tribe_ticket_capacity":"0","_ticket_start_date":"","_ticket_end_date":"","_tribe_ticket_show_description":"","_tribe_ticket_show_not_going":false,"_tribe_ticket_use_global_stock":"","_tribe_ticket_global_stock_level":"","_global_stock_mode":"","_global_stock_cap":"","_tribe_rsvp_for_event":"","_tribe_ticket_going_count":"","_tribe_ticket_not_going_count":"","_tribe_tickets_list":[],"_tribe_ticket_has_attendee_info_fields":false},"categories":[],"barrera":[121],"pais":[],"acf":[],"_links":{"self":[{"href":"https:\/\/affordablehousingactivation.org\/es\/wp-json\/wp\/v2\/experts\/5995"}],"collection":[{"href":"https:\/\/affordablehousingactivation.org\/es\/wp-json\/wp\/v2\/experts"}],"about":[{"href":"https:\/\/affordablehousingactivation.org\/es\/wp-json\/wp\/v2\/types\/experts"}],"wp:featuredmedia":[{"embeddable":true,"href":"https:\/\/affordablehousingactivation.org\/es\/wp-json\/wp\/v2\/media\/5994"}],"wp:attachment":[{"href":"https:\/\/affordablehousingactivation.org\/es\/wp-json\/wp\/v2\/media?parent=5995"}],"wp:term":[{"taxonomy":"category","embeddable":true,"href":"https:\/\/affordablehousingactivation.org\/es\/wp-json\/wp\/v2\/categories?post=5995"},{"taxonomy":"barrera","embeddable":true,"href":"https:\/\/affordablehousingactivation.org\/es\/wp-json\/wp\/v2\/barrera?post=5995"},{"taxonomy":"pais","embeddable":true,"href":"https:\/\/affordablehousingactivation.org\/es\/wp-json\/wp\/v2\/pais?post=5995"}],"curies":[{"name":"wp","href":"https:\/\/api.w.org\/{rel}","templated":true}]}}

<p><span data-contrast="none">Nacido en 1956 en Milán, Italia, </span><b><span data-contrast="none">Stefano Boeri</span></b><span data-contrast="none"> es un arquitecto graduado de la Universidad Politécnica de Milán (1980) y que 9 años después recibió un doctorado en el Instituto Universitario de Arquitectos de Venecia.</span><span data-ccp-props="{&quot;134233117&quot;:true,&quot;134233118&quot;:true}"> </span></p>
<p><b><span data-contrast="none">Boeri</span></b><span data-contrast="none"> tiene un gran interés por todo lo relacionado con el medio ambiente y es por eso que funda </span><b><span data-contrast="none">Multiplicity</span></b><span data-contrast="none">, una agencia dedicada a la investigación del entorno físico, formado por varios arquitectos, geógrafos, artistas, urbanistas, fotógrafos, sociólogos, economistas, cineastas, entre otros donde crea estrategias de intervención y estudio del mundo urbano. Así mismo es dueño de la plataforma </span><a href="http://www.thetomorrow.net/" target="_blank" rel="noopener"><b><span data-contrast="none">theTomorrow</span></b></a><span data-contrast="none"> donde promueve el intercambio de ideas sobre diferentes culturas, discutiendo temas sobre arte, migración, educación y creatividad. Dentro de los autores involucrados se encuentran: </span><b><span data-contrast="none">Emiliano Battista, Peter Eisenman, Rem Koolhaas, Okwui Enwezor, Camille Henrot, Martin Schulz, Adran Piper, Tzuchein Tho</span></b><span data-contrast="none"> y muchos más. Éste proyecto ha formado parte del </span><b><span data-contrast="none">Venice Biennial of Architecture</span></b><span data-contrast="none"> (2014) y el </span><b><span data-contrast="none">Venice Art Biennial</span></b><span data-contrast="none"> (2015).</span><span data-ccp-props="{&quot;134233117&quot;:true,&quot;134233118&quot;:true}"> </span></p>
<p><span data-contrast="none">En 1998 fundo su primer estudio </span><b><span data-contrast="none">Boeri Studio</span></b><span data-contrast="none"> pero fue en 2008 que transformo su compañía a </span><b><span data-contrast="none">Stefano Boeri Architetti (SBA)</span></b><span data-contrast="none">, con sede en Milán, cuenta con oficinas en Shanghai y Tirana. Siguiendo los ideales de Boeri, el estudio se dedica tanto a la investigación como a la práctica de la arquitectura y urbanismo. Uno de sus proyectos más importantes es el conocido </span><b><span data-contrast="none">Bosque Vertical</span></b><span data-contrast="none">, terminado en 2014 en Milán. Es un nuevo modelo residencial sustentable que cuenta con dos torres de 20 pisos que albergan más de 700 árboles. Éste proyecto ha ganado grandes premios como el </span><b><span data-contrast="none">High Rise Building</span></b><span data-contrast="none"> patrocinado por el Museo de Arquitectura de Frankfurt en 2014 y el CTBUH Award en 2015 como el </span><b><i><span data-contrast="none">Mejor Edificio Alto.</span></i></b><span data-ccp-props="{}"> </span></p>
