{"id":679,"date":"2022-03-03T11:40:02","date_gmt":"2022-03-03T10:40:02","guid":{"rendered":"https:\/\/affordablehousingactivation.org\/?post_type=experts&#038;p=679"},"modified":"2022-03-03T11:40:02","modified_gmt":"2022-03-03T10:40:02","slug":"beatriz-corredor-sierra","status":"publish","type":"experts","link":"https:\/\/affordablehousingactivation.org\/es\/experts\/beatriz-corredor-sierra\/","title":{"rendered":"Beatriz Corredor Sierra"},"content":{"rendered":"<p><span data-contrast=\"none\">Licenciada en Derecho por la Universidad Aut\u00f3noma de Madrid en la promoci\u00f3n de 1991, ingresando dos a\u00f1os despu\u00e9s, por oposici\u00f3n, en el Cuerpo de Registradores de la Propiedad y Mercantiles de Espa\u00f1a (actualmente en excedencia). Ha cursado otros estudios superiores como el Programa de Alta Direcci\u00f3n de Empresas (PADE-A-2013) y el de \u201cMujeres en Consejos de Administraci\u00f3n\u201d, ambos impartidos por IESE Business School.<\/span><span data-ccp-props=\"{&quot;335551550&quot;:6,&quot;335551620&quot;:6}\">\u00a0<\/span><\/p>\n<p><span data-contrast=\"none\">En su trayectoria p\u00fablica, entre los cargos y funciones desempe\u00f1adas, ha sido ministra de Vivienda y presidenta del Consejo de Administraci\u00f3n de la Entidad P\u00fablica Empresarial de Suelo, SEPES; secretaria de Estado de Vivienda y Actuaciones Urbanas; concejal en el Ayuntamiento de Madrid y consejera de la Empresa Municipal de Vivienda y Suelo, as\u00ed como diputada en el Congreso de los Diputados.\u00a0<\/span><span data-ccp-props=\"{&quot;335551550&quot;:6,&quot;335551620&quot;:6}\">\u00a0<\/span><\/p>\n<p><span data-contrast=\"none\">Actualmente es, asimismo, vicepresidenta del Patronato del Museo Nacional Centro de Arte Reina Sof\u00eda. Ha sido tambi\u00e9n directora de Relaciones Institucionales del Colegio de Registradores y presidenta de la Fundaci\u00f3n Pablo Iglesias.\u00a0\u00a0<\/span><span data-ccp-props=\"{&quot;335551550&quot;:6,&quot;335551620&quot;:6}\">\u00a0<\/span><\/p>\n<p><span data-contrast=\"none\">En la vertiente acad\u00e9mica, cabe destacar su experiencia como profesora asociada en la Universidad Nebrija, IE University y la Escuela T\u00e9cnica Superior de Arquitectura, de la Universidad Polit\u00e9cnica de Madrid.<\/span><span data-ccp-props=\"{&quot;335551550&quot;:6,&quot;335551620&quot;:6}\">\u00a0<\/span><\/p>\n<p><span data-contrast=\"none\">Ha recibido, entre otros reconocimientos, la Gran Cruz de la Real y Distinguida Orden Espa\u00f1ola de Carlos III.<\/span><span data-ccp-props=\"{&quot;335551550&quot;:6,&quot;335551620&quot;:6}\">\u00a0<\/span><\/p>\n","protected":false},"featured_media":1445,"template":"","meta":{"_price":"","_stock":"","_tribe_ticket_header":"","_tribe_default_ticket_provider":"","_tribe_ticket_capacity":"0","_ticket_start_date":"","_ticket_end_date":"","_tribe_ticket_show_description":"","_tribe_ticket_show_not_going":false,"_tribe_ticket_use_global_stock":"","_tribe_ticket_global_stock_level":"","_global_stock_mode":"","_global_stock_cap":"","_tribe_rsvp_for_event":"","_tribe_ticket_going_count":"","_tribe_ticket_not_going_count":"","_tribe_tickets_list":[],"_tribe_ticket_has_attendee_info_fields":false},"categories":[],"barrera":[],"pais":[],"acf":[],"_links":{"self":[{"href":"https:\/\/affordablehousingactivation.org\/es\/wp-json\/wp\/v2\/experts\/679"}],"collection":[{"href":"https:\/\/affordablehousingactivation.org\/es\/wp-json\/wp\/v2\/experts"}],"about":[{"href":"https:\/\/affordablehousingactivation.org\/es\/wp-json\/wp\/v2\/types\/experts"}],"wp:featuredmedia":[{"embeddable":true,"href":"https:\/\/affordablehousingactivation.org\/es\/wp-json\/wp\/v2\/media\/1445"}],"wp:attachment":[{"href":"https:\/\/affordablehousingactivation.org\/es\/wp-json\/wp\/v2\/media?parent=679"}],"wp:term":[{"taxonomy":"category","embeddable":true,"href":"https:\/\/affordablehousingactivation.org\/es\/wp-json\/wp\/v2\/categories?post=679"},{"taxonomy":"barrera","embeddable":true,"href":"https:\/\/affordablehousingactivation.org\/es\/wp-json\/wp\/v2\/barrera?post=679"},{"taxonomy":"pais","embeddable":true,"href":"https:\/\/affordablehousingactivation.org\/es\/wp-json\/wp\/v2\/pais?post=679"}],"curies":[{"name":"wp","href":"https:\/\/api.w.org\/{rel}","templated":true}]}}

<p><span data-contrast="none">Licenciada en Derecho por la Universidad Autónoma de Madrid en la promoción de 1991, ingresando dos años después, por oposición, en el Cuerpo de Registradores de la Propiedad y Mercantiles de España (actualmente en excedencia). Ha cursado otros estudios superiores como el Programa de Alta Dirección de Empresas (PADE-A-2013) y el de “Mujeres en Consejos de Administración”, ambos impartidos por IESE Business School.</span><span data-ccp-props="{&quot;335551550&quot;:6,&quot;335551620&quot;:6}"> </span></p>
<p><span data-contrast="none">En su trayectoria pública, entre los cargos y funciones desempeñadas, ha sido ministra de Vivienda y presidenta del Consejo de Administración de la Entidad Pública Empresarial de Suelo, SEPES; secretaria de Estado de Vivienda y Actuaciones Urbanas; concejal en el Ayuntamiento de Madrid y consejera de la Empresa Municipal de Vivienda y Suelo, así como diputada en el Congreso de los Diputados. </span><span data-ccp-props="{&quot;335551550&quot;:6,&quot;335551620&quot;:6}"> </span></p>
<p><span data-contrast="none">Actualmente es, asimismo, vicepresidenta del Patronato del Museo Nacional Centro de Arte Reina Sofía. Ha sido también directora de Relaciones Institucionales del Colegio de Registradores y presidenta de la Fundación Pablo Iglesias.  </span><span data-ccp-props="{&quot;335551550&quot;:6,&quot;335551620&quot;:6}"> </span></p>
<p><span data-contrast="none">En la vertiente académica, cabe destacar su experiencia como profesora asociada en la Universidad Nebrija, IE University y la Escuela Técnica Superior de Arquitectura, de la Universidad Politécnica de Madrid.</span><span data-ccp-props="{&quot;335551550&quot;:6,&quot;335551620&quot;:6}"> </span></p>
<p><span data-contrast="none">Ha recibido, entre otros reconocimientos, la Gran Cruz de la Real y Distinguida Orden Española de Carlos III.</span><span data-ccp-props="{&quot;335551550&quot;:6,&quot;335551620&quot;:6}"> </span></p>
