{"id":688,"date":"2022-03-03T12:01:24","date_gmt":"2022-03-03T11:01:24","guid":{"rendered":"https:\/\/affordablehousingactivation.org\/?post_type=experts&#038;p=688"},"modified":"2022-03-03T12:01:24","modified_gmt":"2022-03-03T11:01:24","slug":"jeronimo-escalera","status":"publish","type":"experts","link":"https:\/\/affordablehousingactivation.org\/es\/experts\/jeronimo-escalera\/","title":{"rendered":"Jer\u00f3nimo Escalera"},"content":{"rendered":"<p><span data-contrast=\"auto\">Licenciado en derecho por la Universidad Aut\u00f3noma de Madrid. Master en Urbanismo y Ordenaci\u00f3n del Territorio. Desde 2001 ha desempe\u00f1ado diferentes puestos en la empresa municipal de vivienda del Ayuntamiento de Majadahonda, PAMMASA, de la que actualmente es el director de Desarrollo y Operaciones.\u00a0<\/span><span data-ccp-props=\"{&quot;201341983&quot;:0,&quot;335559739&quot;:0,&quot;335559740&quot;:240}\">\u00a0<\/span><\/p>\n<p><span data-contrast=\"auto\">Es presidente de la Asociaci\u00f3n Espa\u00f1ola de Gestores P\u00fablicos de Vivienda y Suelo (AVS) desde 2014. Autor de diferentes publicaciones y ha sido ponente en Jornadas, congresos y cursos relacionados con el tema de la vivienda.<\/span><span data-ccp-props=\"{&quot;201341983&quot;:0,&quot;335559739&quot;:0,&quot;335559740&quot;:240}\">\u00a0<\/span><\/p>\n","protected":false},"featured_media":1453,"template":"","meta":{"_price":"","_stock":"","_tribe_ticket_header":"","_tribe_default_ticket_provider":"","_tribe_ticket_capacity":"0","_ticket_start_date":"","_ticket_end_date":"","_tribe_ticket_show_description":"","_tribe_ticket_show_not_going":false,"_tribe_ticket_use_global_stock":"","_tribe_ticket_global_stock_level":"","_global_stock_mode":"","_global_stock_cap":"","_tribe_rsvp_for_event":"","_tribe_ticket_going_count":"","_tribe_ticket_not_going_count":"","_tribe_tickets_list":[],"_tribe_ticket_has_attendee_info_fields":false},"categories":[],"barrera":[],"pais":[],"acf":[],"_links":{"self":[{"href":"https:\/\/affordablehousingactivation.org\/es\/wp-json\/wp\/v2\/experts\/688"}],"collection":[{"href":"https:\/\/affordablehousingactivation.org\/es\/wp-json\/wp\/v2\/experts"}],"about":[{"href":"https:\/\/affordablehousingactivation.org\/es\/wp-json\/wp\/v2\/types\/experts"}],"wp:featuredmedia":[{"embeddable":true,"href":"https:\/\/affordablehousingactivation.org\/es\/wp-json\/wp\/v2\/media\/1453"}],"wp:attachment":[{"href":"https:\/\/affordablehousingactivation.org\/es\/wp-json\/wp\/v2\/media?parent=688"}],"wp:term":[{"taxonomy":"category","embeddable":true,"href":"https:\/\/affordablehousingactivation.org\/es\/wp-json\/wp\/v2\/categories?post=688"},{"taxonomy":"barrera","embeddable":true,"href":"https:\/\/affordablehousingactivation.org\/es\/wp-json\/wp\/v2\/barrera?post=688"},{"taxonomy":"pais","embeddable":true,"href":"https:\/\/affordablehousingactivation.org\/es\/wp-json\/wp\/v2\/pais?post=688"}],"curies":[{"name":"wp","href":"https:\/\/api.w.org\/{rel}","templated":true}]}}

Jerónimo Escalera

<p><span data-contrast="auto">Licenciado en derecho por la Universidad Autónoma de Madrid. Master en Urbanismo y Ordenación del Territorio. Desde 2001 ha desempeñado diferentes puestos en la empresa municipal de vivienda del Ayuntamiento de Majadahonda, PAMMASA, de la que actualmente es el director de Desarrollo y Operaciones. </span><span data-ccp-props="{&quot;201341983&quot;:0,&quot;335559739&quot;:0,&quot;335559740&quot;:240}"> </span></p>
<p><span data-contrast="auto">Es presidente de la Asociación Española de Gestores Públicos de Vivienda y Suelo (AVS) desde 2014. Autor de diferentes publicaciones y ha sido ponente en Jornadas, congresos y cursos relacionados con el tema de la vivienda.</span><span data-ccp-props="{&quot;201341983&quot;:0,&quot;335559739&quot;:0,&quot;335559740&quot;:240}"> </span></p>
