{"id":691,"date":"2022-03-03T12:04:35","date_gmt":"2022-03-03T11:04:35","guid":{"rendered":"https:\/\/affordablehousingactivation.org\/?post_type=experts&#038;p=691"},"modified":"2022-03-25T13:50:52","modified_gmt":"2022-03-25T12:50:52","slug":"ana-pinho","status":"publish","type":"experts","link":"https:\/\/affordablehousingactivation.org\/es\/experts\/ana-pinho\/","title":{"rendered":"Ana Pinho"},"content":{"rendered":"<p><span data-contrast=\"auto\">Ana Pinho es investigadora principal en el CIAUD, Escuela de Arquitectura de Lisboa de la Universidade de Lisboa, Portugal. Arquitecta, nacida en 1974, complet\u00f3 su doctorado en Planificaci\u00f3n Urbana (2009) con la tesis \u00abPol\u00edticas y conceptos europeos en la regeneraci\u00f3n urbana\u00bb, que fue galardonada con el Premio a la Producci\u00f3n Cient\u00edfica del Instituto de Vivienda y Rehabilitaci\u00f3n Urbana (IHRU). Entre 2001 y 2012, Ana Pinho desarroll\u00f3 su actividad investigadora en el Laboratorio Nacional de Ingenier\u00eda Civil de Portugal (LNEC). Tambi\u00e9n dio clases y fue profesora visitante en varias universidades y fue coordinadora del M\u00e1ster Integrado en Arquitectura de la Universidade Cat\u00f3lica Portuguesa (2013-2014). Es autora de varias publicaciones cient\u00edficas y t\u00e9cnicas; ha participado en varias conferencias y jurados; y ha participado en asociaciones profesionales e iniciativas de voluntariado. Ana Pinho fue comisaria de la Carta Estrat\u00e9gica de Lisboa (2009) para los \u00e1mbitos de la demograf\u00eda, la vivienda y la regeneraci\u00f3n urbana, y asesora del Ayuntamiento de Lisboa (2012-2015). Tambi\u00e9n ha sido consultora experta para otras administraciones p\u00fablicas y organizaciones no gubernamentales.<\/span><span data-ccp-props=\"{&quot;201341983&quot;:0,&quot;335551550&quot;:6,&quot;335551620&quot;:6,&quot;335559739&quot;:160,&quot;335559740&quot;:259}\">\u00a0<\/span><\/p>\n<p><span data-contrast=\"auto\">En 2017, fue nombrada Secretaria de Estado de Vivienda, cargo que ocup\u00f3 hasta 2020.<\/span><span data-ccp-props=\"{&quot;201341983&quot;:0,&quot;335551550&quot;:6,&quot;335551620&quot;:6,&quot;335559739&quot;:160,&quot;335559740&quot;:259}\">\u00a0<\/span><\/p>\n","protected":false},"featured_media":1456,"template":"","meta":{"_price":"","_stock":"","_tribe_ticket_header":"","_tribe_default_ticket_provider":"","_tribe_ticket_capacity":"0","_ticket_start_date":"","_ticket_end_date":"","_tribe_ticket_show_description":"","_tribe_ticket_show_not_going":false,"_tribe_ticket_use_global_stock":"","_tribe_ticket_global_stock_level":"","_global_stock_mode":"","_global_stock_cap":"","_tribe_rsvp_for_event":"","_tribe_ticket_going_count":"","_tribe_ticket_not_going_count":"","_tribe_tickets_list":[],"_tribe_ticket_has_attendee_info_fields":false},"categories":[],"barrera":[],"pais":[],"acf":[],"_links":{"self":[{"href":"https:\/\/affordablehousingactivation.org\/es\/wp-json\/wp\/v2\/experts\/691"}],"collection":[{"href":"https:\/\/affordablehousingactivation.org\/es\/wp-json\/wp\/v2\/experts"}],"about":[{"href":"https:\/\/affordablehousingactivation.org\/es\/wp-json\/wp\/v2\/types\/experts"}],"wp:featuredmedia":[{"embeddable":true,"href":"https:\/\/affordablehousingactivation.org\/es\/wp-json\/wp\/v2\/media\/1456"}],"wp:attachment":[{"href":"https:\/\/affordablehousingactivation.org\/es\/wp-json\/wp\/v2\/media?parent=691"}],"wp:term":[{"taxonomy":"category","embeddable":true,"href":"https:\/\/affordablehousingactivation.org\/es\/wp-json\/wp\/v2\/categories?post=691"},{"taxonomy":"barrera","embeddable":true,"href":"https:\/\/affordablehousingactivation.org\/es\/wp-json\/wp\/v2\/barrera?post=691"},{"taxonomy":"pais","embeddable":true,"href":"https:\/\/affordablehousingactivation.org\/es\/wp-json\/wp\/v2\/pais?post=691"}],"curies":[{"name":"wp","href":"https:\/\/api.w.org\/{rel}","templated":true}]}}

<p><span data-contrast="auto">Ana Pinho es investigadora principal en el CIAUD, Escuela de Arquitectura de Lisboa de la Universidade de Lisboa, Portugal. Arquitecta, nacida en 1974, completó su doctorado en Planificación Urbana (2009) con la tesis «Políticas y conceptos europeos en la regeneración urbana», que fue galardonada con el Premio a la Producción Científica del Instituto de Vivienda y Rehabilitación Urbana (IHRU). Entre 2001 y 2012, Ana Pinho desarrolló su actividad investigadora en el Laboratorio Nacional de Ingeniería Civil de Portugal (LNEC). También dio clases y fue profesora visitante en varias universidades y fue coordinadora del Máster Integrado en Arquitectura de la Universidade Católica Portuguesa (2013-2014). Es autora de varias publicaciones científicas y técnicas; ha participado en varias conferencias y jurados; y ha participado en asociaciones profesionales e iniciativas de voluntariado. Ana Pinho fue comisaria de la Carta Estratégica de Lisboa (2009) para los ámbitos de la demografía, la vivienda y la regeneración urbana, y asesora del Ayuntamiento de Lisboa (2012-2015). También ha sido consultora experta para otras administraciones públicas y organizaciones no gubernamentales.</span><span data-ccp-props="{&quot;201341983&quot;:0,&quot;335551550&quot;:6,&quot;335551620&quot;:6,&quot;335559739&quot;:160,&quot;335559740&quot;:259}"> </span></p>
<p><span data-contrast="auto">En 2017, fue nombrada Secretaria de Estado de Vivienda, cargo que ocupó hasta 2020.</span><span data-ccp-props="{&quot;201341983&quot;:0,&quot;335551550&quot;:6,&quot;335551620&quot;:6,&quot;335559739&quot;:160,&quot;335559740&quot;:259}"> </span></p>
