{"id":696,"date":"2022-03-03T12:20:08","date_gmt":"2022-03-03T11:20:08","guid":{"rendered":"https:\/\/affordablehousingactivation.org\/?post_type=experts&#038;p=696"},"modified":"2022-03-24T11:26:35","modified_gmt":"2022-03-24T10:26:35","slug":"sergio-magalhaes","status":"publish","type":"experts","link":"https:\/\/affordablehousingactivation.org\/es\/experts\/sergio-magalhaes\/","title":{"rendered":"S\u00e9rgio Magalh\u00e3es"},"content":{"rendered":"<p><b><span data-contrast=\"none\">S\u00e9rgio<\/span><\/b><span data-contrast=\"none\"> Ferraz <\/span><b><span data-contrast=\"none\">Magalh\u00e3es<\/span><\/b><span data-contrast=\"none\"> es arquitecto, doctor en Urbanismo, profesor del Programa de Postgrado en Urbanismo de la Universidad Federal de Rio de Janeiro. Es autor de los libros \u201c<\/span><b><i><span data-contrast=\"none\">Reinvenci\u00f3n de la ciudad: interacci\u00f3n, equidad, planeta<\/span><\/i><\/b><span data-contrast=\"none\">\u201d, 2021; \u201c<\/span><b><i><span data-contrast=\"none\">Sobre la ciudad &#8211; Vivienda y democracia en R\u00edo de Janeiro<\/span><\/i><\/b><span data-contrast=\"none\">\u201d, 2002; \u201c<\/span><b><i><span data-contrast=\"none\">Favela-Bairro, otra historia de R\u00edo de Janeiro<\/span><\/i><\/b><span data-contrast=\"none\">\u201d, 2004, en coautor\u00eda con Luiz Paulo Conde, prefacio de Oriol Bohigas; \u201c<\/span><b><i><span data-contrast=\"none\">La ciudad en la incertidumbre &#8211; Ruptura y Contig\u00fcidad en urbanismo<\/span><\/i><\/b><span data-contrast=\"none\"> \u201d, 2007.<\/span><span data-ccp-props=\"{&quot;335551550&quot;:6,&quot;335551620&quot;:6,&quot;335559740&quot;:276,&quot;469777462&quot;:[916,1832,2748,3664,4580,5496,6412,7328,8244,9160,10076,10992,11908,12824,13740,14656],&quot;469777927&quot;:[0,0,0,0,0,0,0,0,0,0,0,0,0,0,0,0],&quot;469777928&quot;:[1,1,1,1,1,1,1,1,1,1,1,1,1,1,1,1]}\">\u00a0<\/span><\/p>\n<p><span data-contrast=\"none\">Secretario de Vivienda de R\u00edo de Janeiro (1993-2000), fue responsable por criar y coordinar la Pol\u00edtica de Vivienda de la ciudad, incluido el programa Favela-Bairro, que lleg\u00f3 a 155 favelas y 550.000 habitantes.<\/span><span data-ccp-props=\"{&quot;335551550&quot;:6,&quot;335551620&quot;:6,&quot;335559740&quot;:276,&quot;469777462&quot;:[916,1832,2748,3664,4580,5496,6412,7328,8244,9160,10076,10992,11908,12824,13740,14656],&quot;469777927&quot;:[0,0,0,0,0,0,0,0,0,0,0,0,0,0,0,0],&quot;469777928&quot;:[1,1,1,1,1,1,1,1,1,1,1,1,1,1,1,1]}\">\u00a0<\/span><span data-ccp-props=\"{&quot;335551550&quot;:6,&quot;335551620&quot;:6,&quot;335559740&quot;:276,&quot;469777462&quot;:[916,1832,2748,3664,4580,5496,6412,7328,8244,9160,10076,10992,11908,12824,13740,14656],&quot;469777927&quot;:[0,0,0,0,0,0,0,0,0,0,0,0,0,0,0,0],&quot;469777928&quot;:[1,1,1,1,1,1,1,1,1,1,1,1,1,1,1,1]}\">\u00a0<\/span><\/p>\n<p><span data-contrast=\"none\">Fue Presidente del Instituto de Arquitectos de Brasil, IA de 2012 a 2017 y del 27\u00ba Congreso Mundial de Arquitectos UIA 2021 RIO. Recibi\u00f3 el Premio Am\u00e9rica de Arquitectura \/ SAL 2017, Colombia (por el cuerpo de la obra); el Premio FAD 2012, Barcelona (por el Programa Favela-Bairro) y los premios de proyecto del Instituto de Arquitectos do Brasil \u2013RJ en los a\u00f1os 1991, 1986, 1977, 1975, 1974.<\/span><span data-ccp-props=\"{&quot;335551550&quot;:6,&quot;335551620&quot;:6,&quot;335559740&quot;:276,&quot;469777462&quot;:[916,1832,2748,3664,4580,5496,6412,7328,8244,9160,10076,10992,11908,12824,13740,14656],&quot;469777927&quot;:[0,0,0,0,0,0,0,0,0,0,0,0,0,0,0,0],&quot;469777928&quot;:[1,1,1,1,1,1,1,1,1,1,1,1,1,1,1,1]}\">\u00a0<\/span><\/p>\n","protected":false},"featured_media":1701,"template":"","meta":{"_price":"","_stock":"","_tribe_ticket_header":"","_tribe_default_ticket_provider":"","_tribe_ticket_capacity":"0","_ticket_start_date":"","_ticket_end_date":"","_tribe_ticket_show_description":"","_tribe_ticket_show_not_going":false,"_tribe_ticket_use_global_stock":"","_tribe_ticket_global_stock_level":"","_global_stock_mode":"","_global_stock_cap":"","_tribe_rsvp_for_event":"","_tribe_ticket_going_count":"","_tribe_ticket_not_going_count":"","_tribe_tickets_list":[],"_tribe_ticket_has_attendee_info_fields":false},"categories":[],"barrera":[119],"pais":[],"acf":[],"_links":{"self":[{"href":"https:\/\/affordablehousingactivation.org\/es\/wp-json\/wp\/v2\/experts\/696"}],"collection":[{"href":"https:\/\/affordablehousingactivation.org\/es\/wp-json\/wp\/v2\/experts"}],"about":[{"href":"https:\/\/affordablehousingactivation.org\/es\/wp-json\/wp\/v2\/types\/experts"}],"wp:featuredmedia":[{"embeddable":true,"href":"https:\/\/affordablehousingactivation.org\/es\/wp-json\/wp\/v2\/media\/1701"}],"wp:attachment":[{"href":"https:\/\/affordablehousingactivation.org\/es\/wp-json\/wp\/v2\/media?parent=696"}],"wp:term":[{"taxonomy":"category","embeddable":true,"href":"https:\/\/affordablehousingactivation.org\/es\/wp-json\/wp\/v2\/categories?post=696"},{"taxonomy":"barrera","embeddable":true,"href":"https:\/\/affordablehousingactivation.org\/es\/wp-json\/wp\/v2\/barrera?post=696"},{"taxonomy":"pais","embeddable":true,"href":"https:\/\/affordablehousingactivation.org\/es\/wp-json\/wp\/v2\/pais?post=696"}],"curies":[{"name":"wp","href":"https:\/\/api.w.org\/{rel}","templated":true}]}}

Sérgio Magalhães

<p><b><span data-contrast="none">Sérgio</span></b><span data-contrast="none"> Ferraz </span><b><span data-contrast="none">Magalhães</span></b><span data-contrast="none"> es arquitecto, doctor en Urbanismo, profesor del Programa de Postgrado en Urbanismo de la Universidad Federal de Rio de Janeiro. Es autor de los libros “</span><b><i><span data-contrast="none">Reinvención de la ciudad: interacción, equidad, planeta</span></i></b><span data-contrast="none">”, 2021; “</span><b><i><span data-contrast="none">Sobre la ciudad &#8211; Vivienda y democracia en Río de Janeiro</span></i></b><span data-contrast="none">”, 2002; “</span><b><i><span data-contrast="none">Favela-Bairro, otra historia de Río de Janeiro</span></i></b><span data-contrast="none">”, 2004, en coautoría con Luiz Paulo Conde, prefacio de Oriol Bohigas; “</span><b><i><span data-contrast="none">La ciudad en la incertidumbre &#8211; Ruptura y Contigüidad en urbanismo</span></i></b><span data-contrast="none"> ”, 2007.</span><span data-ccp-props="{&quot;335551550&quot;:6,&quot;335551620&quot;:6,&quot;335559740&quot;:276,&quot;469777462&quot;:[916,1832,2748,3664,4580,5496,6412,7328,8244,9160,10076,10992,11908,12824,13740,14656],&quot;469777927&quot;:[0,0,0,0,0,0,0,0,0,0,0,0,0,0,0,0],&quot;469777928&quot;:[1,1,1,1,1,1,1,1,1,1,1,1,1,1,1,1]}"> </span></p>
<p><span data-contrast="none">Secretario de Vivienda de Río de Janeiro (1993-2000), fue responsable por criar y coordinar la Política de Vivienda de la ciudad, incluido el programa Favela-Bairro, que llegó a 155 favelas y 550.000 habitantes.</span><span data-ccp-props="{&quot;335551550&quot;:6,&quot;335551620&quot;:6,&quot;335559740&quot;:276,&quot;469777462&quot;:[916,1832,2748,3664,4580,5496,6412,7328,8244,9160,10076,10992,11908,12824,13740,14656],&quot;469777927&quot;:[0,0,0,0,0,0,0,0,0,0,0,0,0,0,0,0],&quot;469777928&quot;:[1,1,1,1,1,1,1,1,1,1,1,1,1,1,1,1]}"> </span><span data-ccp-props="{&quot;335551550&quot;:6,&quot;335551620&quot;:6,&quot;335559740&quot;:276,&quot;469777462&quot;:[916,1832,2748,3664,4580,5496,6412,7328,8244,9160,10076,10992,11908,12824,13740,14656],&quot;469777927&quot;:[0,0,0,0,0,0,0,0,0,0,0,0,0,0,0,0],&quot;469777928&quot;:[1,1,1,1,1,1,1,1,1,1,1,1,1,1,1,1]}"> </span></p>
<p><span data-contrast="none">Fue Presidente del Instituto de Arquitectos de Brasil, IA de 2012 a 2017 y del 27º Congreso Mundial de Arquitectos UIA 2021 RIO. Recibió el Premio América de Arquitectura / SAL 2017, Colombia (por el cuerpo de la obra); el Premio FAD 2012, Barcelona (por el Programa Favela-Bairro) y los premios de proyecto del Instituto de Arquitectos do Brasil –RJ en los años 1991, 1986, 1977, 1975, 1974.</span><span data-ccp-props="{&quot;335551550&quot;:6,&quot;335551620&quot;:6,&quot;335559740&quot;:276,&quot;469777462&quot;:[916,1832,2748,3664,4580,5496,6412,7328,8244,9160,10076,10992,11908,12824,13740,14656],&quot;469777927&quot;:[0,0,0,0,0,0,0,0,0,0,0,0,0,0,0,0],&quot;469777928&quot;:[1,1,1,1,1,1,1,1,1,1,1,1,1,1,1,1]}"> </span></p>
