{"id":699,"date":"2022-03-03T12:23:23","date_gmt":"2022-03-03T11:23:23","guid":{"rendered":"https:\/\/affordablehousingactivation.org\/?post_type=experts&#038;p=699"},"modified":"2022-05-11T11:39:33","modified_gmt":"2022-05-11T09:39:33","slug":"heather-dodd","status":"publish","type":"experts","link":"https:\/\/affordablehousingactivation.org\/es\/experts\/heather-dodd\/","title":{"rendered":"Heather Dodd"},"content":{"rendered":"<p>Licenciada en Arquitectura con distinci\u00f3n (1991) por la Universidad de Witwatersrand, M\u00e1ster en Investigaci\u00f3n en Arquitectura (1997) por la Universidad de Ciudad del Cabo, Arquitecta Registrada por el Consejo Sudafricano de Arquitectos (Reg. n\u00ba 4765), Miembro del Instituto Sudafricano de Arquitectos (SAIA), Miembro del Instituto de Arquitectura de Gauteng (GIFA), Auditora EDGE acreditada, Profesional Verde acreditada por Green Star SA.<\/p>\n<p>Heather Dodd es socia de Savage + Dodd Architects, con sede en Johannesburgo, Sud\u00e1frica. Savage + Dodd Architects cree en el poder del dise\u00f1o en la justicia espacial restaurativa y la resiliencia urbana. Esto se refleja en el alcance de los proyectos realizados en el Estudio, que abarcan edificios en el \u00e1mbito p\u00fablico, como universidades y viviendas sociales, que reflejan nuevos tipos de edificios para una nueva sociedad.<\/p>\n<p>Heather est\u00e1 especialmente interesada en la vivienda social y la regeneraci\u00f3n urbana y ha participado en muchos proyectos de vivienda a gran escala que han contribuido a la revitalizaci\u00f3n del centro de Johannesburgo.<\/p>\n<p>Actualmente est\u00e1 realizando un doctorado basado en la pr\u00e1ctica titulado \u00abSmall Moves. T\u00e1cticas espaciales para la transformaci\u00f3n<\/p>\n","protected":false},"featured_media":8849,"template":"","meta":{"_price":"","_stock":"","_tribe_ticket_header":"","_tribe_default_ticket_provider":"","_tribe_ticket_capacity":"0","_ticket_start_date":"","_ticket_end_date":"","_tribe_ticket_show_description":"","_tribe_ticket_show_not_going":false,"_tribe_ticket_use_global_stock":"","_tribe_ticket_global_stock_level":"","_global_stock_mode":"","_global_stock_cap":"","_tribe_rsvp_for_event":"","_tribe_ticket_going_count":"","_tribe_ticket_not_going_count":"","_tribe_tickets_list":[],"_tribe_ticket_has_attendee_info_fields":false},"categories":[],"barrera":[117],"pais":[],"acf":[],"_links":{"self":[{"href":"https:\/\/affordablehousingactivation.org\/es\/wp-json\/wp\/v2\/experts\/699"}],"collection":[{"href":"https:\/\/affordablehousingactivation.org\/es\/wp-json\/wp\/v2\/experts"}],"about":[{"href":"https:\/\/affordablehousingactivation.org\/es\/wp-json\/wp\/v2\/types\/experts"}],"wp:featuredmedia":[{"embeddable":true,"href":"https:\/\/affordablehousingactivation.org\/es\/wp-json\/wp\/v2\/media\/8849"}],"wp:attachment":[{"href":"https:\/\/affordablehousingactivation.org\/es\/wp-json\/wp\/v2\/media?parent=699"}],"wp:term":[{"taxonomy":"category","embeddable":true,"href":"https:\/\/affordablehousingactivation.org\/es\/wp-json\/wp\/v2\/categories?post=699"},{"taxonomy":"barrera","embeddable":true,"href":"https:\/\/affordablehousingactivation.org\/es\/wp-json\/wp\/v2\/barrera?post=699"},{"taxonomy":"pais","embeddable":true,"href":"https:\/\/affordablehousingactivation.org\/es\/wp-json\/wp\/v2\/pais?post=699"}],"curies":[{"name":"wp","href":"https:\/\/api.w.org\/{rel}","templated":true}]}}

<p>Licenciada en Arquitectura con distinción (1991) por la Universidad de Witwatersrand, Máster en Investigación en Arquitectura (1997) por la Universidad de Ciudad del Cabo, Arquitecta Registrada por el Consejo Sudafricano de Arquitectos (Reg. nº 4765), Miembro del Instituto Sudafricano de Arquitectos (SAIA), Miembro del Instituto de Arquitectura de Gauteng (GIFA), Auditora EDGE acreditada, Profesional Verde acreditada por Green Star SA.</p>
<p>Heather Dodd es socia de Savage + Dodd Architects, con sede en Johannesburgo, Sudáfrica. Savage + Dodd Architects cree en el poder del diseño en la justicia espacial restaurativa y la resiliencia urbana. Esto se refleja en el alcance de los proyectos realizados en el Estudio, que abarcan edificios en el ámbito público, como universidades y viviendas sociales, que reflejan nuevos tipos de edificios para una nueva sociedad.</p>
<p>Heather está especialmente interesada en la vivienda social y la regeneración urbana y ha participado en muchos proyectos de vivienda a gran escala que han contribuido a la revitalización del centro de Johannesburgo.</p>
<p>Actualmente está realizando un doctorado basado en la práctica titulado «Small Moves. Tácticas espaciales para la transformación</p>
