{"id":700,"date":"2022-03-03T14:02:32","date_gmt":"2022-03-03T13:02:32","guid":{"rendered":"https:\/\/affordablehousingactivation.org\/?post_type=experts&#038;p=700"},"modified":"2022-05-11T17:54:12","modified_gmt":"2022-05-11T15:54:12","slug":"alfonso-vegara","status":"publish","type":"experts","link":"https:\/\/affordablehousingactivation.org\/es\/experts\/alfonso-vegara\/","title":{"rendered":"Alfonso Vegara"},"content":{"rendered":"<p><span data-contrast=\"auto\">Alfonso Vegara es arquitecto, economista y soci\u00f3logo. Doctor en planificaci\u00f3n urbana y Regional, ha ejercido como profesor de Urbanismo en la escuela de Arquitectura de Madrid, as\u00ed como tambi\u00e9n en la Universidad de Navarra y como profesor Visitante de la Universidad de Pensilvania y asesor en el Departamento de Urbanismo del Polit\u00e9cnico de Zurich ETH.<\/span><span data-ccp-props=\"{&quot;201341983&quot;:0,&quot;335551550&quot;:6,&quot;335551620&quot;:6,&quot;335559739&quot;:160,&quot;335559740&quot;:259}\">\u00a0<\/span><\/p>\n<p><span data-contrast=\"auto\">Ha sido presidente de la Asociaci\u00f3n internacional de urbanistas. Sus ideas han sido difundidas a trav\u00e9s de m\u00e1s de 30 libros y conferencias internacionales y sus proyectos han sido premiados por las Naciones Unidas, La Uni\u00f3n Europea y otros organismos internacionales. Hasta en tres ocasiones ha sido galardonado con el Premio Europeo de Urbanismo por su trabajo en Euskal Hiria y el dise\u00f1o de la ecociudad de Sarriguren (Navarra).<\/span><span data-ccp-props=\"{&quot;201341983&quot;:0,&quot;335551550&quot;:6,&quot;335551620&quot;:6,&quot;335559739&quot;:160,&quot;335559740&quot;:259}\">\u00a0<\/span><\/p>\n<p><span data-contrast=\"auto\">\u00a0Desde hace aproximadamente 15 a\u00f1os es asesor del Gobierno de Singapur, adem\u00e1s de varias ciudades del mundo como Yokohama, M\u00e9xico DF, Bilbao, Buenos Aires, Kuala Lumpur, Sao Paulo, Casablanca, Mosc\u00fa y Medell\u00edn.<\/span><span data-ccp-props=\"{&quot;201341983&quot;:0,&quot;335551550&quot;:6,&quot;335551620&quot;:6,&quot;335559739&quot;:160,&quot;335559740&quot;:259}\">\u00a0<\/span><\/p>\n<p><span data-contrast=\"auto\">Adem\u00e1s, es el fundador y presidente de honor de la Fundaci\u00f3n metr\u00f3poli, un centro internacional de excelencia dedicado a la investigaci\u00f3n, dise\u00f1o e innovaci\u00f3n en las ciudades alrededor del mundo y que trabaja en la intersecci\u00f3n entre tecnolog\u00eda y territorio.<\/span><span data-ccp-props=\"{&quot;201341983&quot;:0,&quot;335551550&quot;:6,&quot;335551620&quot;:6,&quot;335559739&quot;:160,&quot;335559740&quot;:259}\">\u00a0<\/span><\/p>\n","protected":false},"featured_media":8960,"template":"","meta":{"_price":"","_stock":"","_tribe_ticket_header":"","_tribe_default_ticket_provider":"","_tribe_ticket_capacity":"0","_ticket_start_date":"","_ticket_end_date":"","_tribe_ticket_show_description":"","_tribe_ticket_show_not_going":false,"_tribe_ticket_use_global_stock":"","_tribe_ticket_global_stock_level":"","_global_stock_mode":"","_global_stock_cap":"","_tribe_rsvp_for_event":"","_tribe_ticket_going_count":"","_tribe_ticket_not_going_count":"","_tribe_tickets_list":[],"_tribe_ticket_has_attendee_info_fields":false},"categories":[],"barrera":[115],"pais":[],"acf":[],"_links":{"self":[{"href":"https:\/\/affordablehousingactivation.org\/es\/wp-json\/wp\/v2\/experts\/700"}],"collection":[{"href":"https:\/\/affordablehousingactivation.org\/es\/wp-json\/wp\/v2\/experts"}],"about":[{"href":"https:\/\/affordablehousingactivation.org\/es\/wp-json\/wp\/v2\/types\/experts"}],"wp:featuredmedia":[{"embeddable":true,"href":"https:\/\/affordablehousingactivation.org\/es\/wp-json\/wp\/v2\/media\/8960"}],"wp:attachment":[{"href":"https:\/\/affordablehousingactivation.org\/es\/wp-json\/wp\/v2\/media?parent=700"}],"wp:term":[{"taxonomy":"category","embeddable":true,"href":"https:\/\/affordablehousingactivation.org\/es\/wp-json\/wp\/v2\/categories?post=700"},{"taxonomy":"barrera","embeddable":true,"href":"https:\/\/affordablehousingactivation.org\/es\/wp-json\/wp\/v2\/barrera?post=700"},{"taxonomy":"pais","embeddable":true,"href":"https:\/\/affordablehousingactivation.org\/es\/wp-json\/wp\/v2\/pais?post=700"}],"curies":[{"name":"wp","href":"https:\/\/api.w.org\/{rel}","templated":true}]}}

<p><span data-contrast="auto">Alfonso Vegara es arquitecto, economista y sociólogo. Doctor en planificación urbana y Regional, ha ejercido como profesor de Urbanismo en la escuela de Arquitectura de Madrid, así como también en la Universidad de Navarra y como profesor Visitante de la Universidad de Pensilvania y asesor en el Departamento de Urbanismo del Politécnico de Zurich ETH.</span><span data-ccp-props="{&quot;201341983&quot;:0,&quot;335551550&quot;:6,&quot;335551620&quot;:6,&quot;335559739&quot;:160,&quot;335559740&quot;:259}"> </span></p>
<p><span data-contrast="auto">Ha sido presidente de la Asociación internacional de urbanistas. Sus ideas han sido difundidas a través de más de 30 libros y conferencias internacionales y sus proyectos han sido premiados por las Naciones Unidas, La Unión Europea y otros organismos internacionales. Hasta en tres ocasiones ha sido galardonado con el Premio Europeo de Urbanismo por su trabajo en Euskal Hiria y el diseño de la ecociudad de Sarriguren (Navarra).</span><span data-ccp-props="{&quot;201341983&quot;:0,&quot;335551550&quot;:6,&quot;335551620&quot;:6,&quot;335559739&quot;:160,&quot;335559740&quot;:259}"> </span></p>
<p><span data-contrast="auto"> Desde hace aproximadamente 15 años es asesor del Gobierno de Singapur, además de varias ciudades del mundo como Yokohama, México DF, Bilbao, Buenos Aires, Kuala Lumpur, Sao Paulo, Casablanca, Moscú y Medellín.</span><span data-ccp-props="{&quot;201341983&quot;:0,&quot;335551550&quot;:6,&quot;335551620&quot;:6,&quot;335559739&quot;:160,&quot;335559740&quot;:259}"> </span></p>
<p><span data-contrast="auto">Además, es el fundador y presidente de honor de la Fundación metrópoli, un centro internacional de excelencia dedicado a la investigación, diseño e innovación en las ciudades alrededor del mundo y que trabaja en la intersección entre tecnología y territorio.</span><span data-ccp-props="{&quot;201341983&quot;:0,&quot;335551550&quot;:6,&quot;335551620&quot;:6,&quot;335559739&quot;:160,&quot;335559740&quot;:259}"> </span></p>
