{"id":705,"date":"2022-03-03T12:36:06","date_gmt":"2022-03-03T11:36:06","guid":{"rendered":"https:\/\/affordablehousingactivation.org\/?post_type=experts&#038;p=705"},"modified":"2022-03-10T17:22:32","modified_gmt":"2022-03-10T16:22:32","slug":"philippe-capelier","status":"publish","type":"experts","link":"https:\/\/affordablehousingactivation.org\/es\/experts\/philippe-capelier\/","title":{"rendered":"Philippe Capelier"},"content":{"rendered":"<p><span data-contrast=\"auto\">Comenz\u00f3 sus estudios de arquitectura en Montpellier en 1974 y quiso combinar en su tesis sus dos pasiones, la m\u00fasica y la arquitectura en el proyecto \u00abArchitecture Musicale\u00bb (\u00abArquitectura Musical\u00bb), una introducci\u00f3n a la relaci\u00f3n est\u00e9tica entre m\u00fasica y arquitectura.<\/span><span data-ccp-props=\"{&quot;201341983&quot;:0,&quot;335559739&quot;:160,&quot;335559740&quot;:259}\">\u00a0<\/span><\/p>\n<p><span data-contrast=\"auto\">M\u00e1s tarde curs\u00f3 sus estudios en CEA Ac\u00fastica Arquitect\u00f3nica en Grenoble (Francia) y m\u00e1s tarde cre\u00f3 su propio estudio de arquitectura llamado Blue Tango.<\/span><span data-ccp-props=\"{&quot;201341983&quot;:0,&quot;335559739&quot;:160,&quot;335559740&quot;:259}\">\u00a0<\/span><\/p>\n<p><span data-contrast=\"auto\">Durante los siguientes a\u00f1os ha sido profesor asociado y conferenciante en la Escuela de Arquitectura de Montpellier (ENSAM) y presidente del Consejo Regional de la Orden de Arquitectos de Languedoc-Rosell\u00f3n, entre otros cargos.<\/span><span data-ccp-props=\"{&quot;201341983&quot;:0,&quot;335559739&quot;:160,&quot;335559740&quot;:259}\">\u00a0<\/span><\/p>\n<p><span data-contrast=\"auto\">En 1998 cre\u00f3 su propio estudio de arquitectura llamado Blue Tango y en 2007 obtuvo el certificado de competencia en gesti\u00f3n medioambiental para la arquitectura y el desarrollo sostenible de los territorios mediterr\u00e1neos en la Escuela de Arquitectura de Montpellier.<\/span><span data-ccp-props=\"{&quot;201341983&quot;:0,&quot;335559739&quot;:160,&quot;335559740&quot;:259}\">\u00a0<\/span><\/p>\n<p><span data-contrast=\"auto\">Desde 2018 es el director del programa de trabajo de H\u00e1bitat Social de la UIA y se ocupa de la direcci\u00f3n de un grupo de trabajo de 22 arquitectos de los 5 continentes para la creaci\u00f3n de un observatorio mundial de la vivienda social. Adem\u00e1s, particip\u00f3 en el Congreso Internacional de la UIA en Bak\u00fa en junio de 2019 desde 2017 es miembro del Consejo de Administraci\u00f3n del Sindicato de Arquitectos en Paris.<\/span><span data-ccp-props=\"{&quot;201341983&quot;:0,&quot;335559739&quot;:160,&quot;335559740&quot;:259}\">\u00a0<\/span><\/p>\n","protected":false},"featured_media":1711,"template":"","meta":{"_price":"","_stock":"","_tribe_ticket_header":"","_tribe_default_ticket_provider":"","_tribe_ticket_capacity":"0","_ticket_start_date":"","_ticket_end_date":"","_tribe_ticket_show_description":"","_tribe_ticket_show_not_going":false,"_tribe_ticket_use_global_stock":"","_tribe_ticket_global_stock_level":"","_global_stock_mode":"","_global_stock_cap":"","_tribe_rsvp_for_event":"","_tribe_ticket_going_count":"","_tribe_ticket_not_going_count":"","_tribe_tickets_list":[],"_tribe_ticket_has_attendee_info_fields":false},"categories":[],"barrera":[],"pais":[],"acf":[],"_links":{"self":[{"href":"https:\/\/affordablehousingactivation.org\/es\/wp-json\/wp\/v2\/experts\/705"}],"collection":[{"href":"https:\/\/affordablehousingactivation.org\/es\/wp-json\/wp\/v2\/experts"}],"about":[{"href":"https:\/\/affordablehousingactivation.org\/es\/wp-json\/wp\/v2\/types\/experts"}],"wp:featuredmedia":[{"embeddable":true,"href":"https:\/\/affordablehousingactivation.org\/es\/wp-json\/wp\/v2\/media\/1711"}],"wp:attachment":[{"href":"https:\/\/affordablehousingactivation.org\/es\/wp-json\/wp\/v2\/media?parent=705"}],"wp:term":[{"taxonomy":"category","embeddable":true,"href":"https:\/\/affordablehousingactivation.org\/es\/wp-json\/wp\/v2\/categories?post=705"},{"taxonomy":"barrera","embeddable":true,"href":"https:\/\/affordablehousingactivation.org\/es\/wp-json\/wp\/v2\/barrera?post=705"},{"taxonomy":"pais","embeddable":true,"href":"https:\/\/affordablehousingactivation.org\/es\/wp-json\/wp\/v2\/pais?post=705"}],"curies":[{"name":"wp","href":"https:\/\/api.w.org\/{rel}","templated":true}]}}

<p><span data-contrast="auto">Comenzó sus estudios de arquitectura en Montpellier en 1974 y quiso combinar en su tesis sus dos pasiones, la música y la arquitectura en el proyecto «Architecture Musicale» («Arquitectura Musical»), una introducción a la relación estética entre música y arquitectura.</span><span data-ccp-props="{&quot;201341983&quot;:0,&quot;335559739&quot;:160,&quot;335559740&quot;:259}"> </span></p>
<p><span data-contrast="auto">Más tarde cursó sus estudios en CEA Acústica Arquitectónica en Grenoble (Francia) y más tarde creó su propio estudio de arquitectura llamado Blue Tango.</span><span data-ccp-props="{&quot;201341983&quot;:0,&quot;335559739&quot;:160,&quot;335559740&quot;:259}"> </span></p>
<p><span data-contrast="auto">Durante los siguientes años ha sido profesor asociado y conferenciante en la Escuela de Arquitectura de Montpellier (ENSAM) y presidente del Consejo Regional de la Orden de Arquitectos de Languedoc-Rosellón, entre otros cargos.</span><span data-ccp-props="{&quot;201341983&quot;:0,&quot;335559739&quot;:160,&quot;335559740&quot;:259}"> </span></p>
<p><span data-contrast="auto">En 1998 creó su propio estudio de arquitectura llamado Blue Tango y en 2007 obtuvo el certificado de competencia en gestión medioambiental para la arquitectura y el desarrollo sostenible de los territorios mediterráneos en la Escuela de Arquitectura de Montpellier.</span><span data-ccp-props="{&quot;201341983&quot;:0,&quot;335559739&quot;:160,&quot;335559740&quot;:259}"> </span></p>
<p><span data-contrast="auto">Desde 2018 es el director del programa de trabajo de Hábitat Social de la UIA y se ocupa de la dirección de un grupo de trabajo de 22 arquitectos de los 5 continentes para la creación de un observatorio mundial de la vivienda social. Además, participó en el Congreso Internacional de la UIA en Bakú en junio de 2019 desde 2017 es miembro del Consejo de Administración del Sindicato de Arquitectos en Paris.</span><span data-ccp-props="{&quot;201341983&quot;:0,&quot;335559739&quot;:160,&quot;335559740&quot;:259}"> </span></p>
