{"id":710,"date":"2022-03-03T12:44:28","date_gmt":"2022-03-03T11:44:28","guid":{"rendered":"https:\/\/affordablehousingactivation.org\/?post_type=experts&#038;p=710"},"modified":"2022-03-03T12:44:52","modified_gmt":"2022-03-03T11:44:52","slug":"gema-igual-ortiz","status":"publish","type":"experts","link":"https:\/\/affordablehousingactivation.org\/es\/experts\/gema-igual-ortiz\/","title":{"rendered":"Gema Igual Ortiz"},"content":{"rendered":"<p>Nacida el 10 de septiembre de 1973. Realiz\u00f3 estudios de Magisterio. Trabaj\u00f3 en la empresa privada y fue gerente de la Asociaci\u00f3n de J\u00f3venes Empresarios de Cantabria hasta su incorporaci\u00f3n como concejala del Ayuntamiento de Santander en las \u00e1reas de Turismo y Festejos en el a\u00f1o 2003.<\/p>\n<p>Fue concejala de Turismo y Relaciones Institucionales desde 2007 hasta que, en noviembre de 2016, asumi\u00f3 la Alcald\u00eda de Santander, convirti\u00e9ndose en la primera mujer en acceder a este cargo, revalidado tras ganar las elecciones de mayo de 2019.<\/p>\n<p>Desde diciembre de 2016 es vocal de la Junta de Gobierno de la Federaci\u00f3n Espa\u00f1ola de Municipios y Provincias (FEMP) y en septiembre de 2019 fue nombrada portavoz adjunta del Grupo Popular en este \u00f3rgano. A partir de enero de 2021, representa a la FEMP en el Foro Local para la Agenda Urbana Espa\u00f1ola.<\/p>\n<p>Forma parte tambi\u00e9n del Pleno de la Comisi\u00f3n Nacional de Administraci\u00f3n Local (CNAL).<\/p>\n<p>Ocupa la vicepresidencia de la Red Espa\u00f1ola de Ciudades Inteligentes (RECI) desde febrero de 2020.<\/p>\n<p>Y ha sido vicepresidenta para Espa\u00f1a de la Conferencia de las Ciudades del Arco Atl\u00e1ntico (CCAA) hasta septiembre de 2021.<\/p>\n","protected":false},"featured_media":1470,"template":"","meta":{"_price":"","_stock":"","_tribe_ticket_header":"","_tribe_default_ticket_provider":"","_tribe_ticket_capacity":"0","_ticket_start_date":"","_ticket_end_date":"","_tribe_ticket_show_description":"","_tribe_ticket_show_not_going":false,"_tribe_ticket_use_global_stock":"","_tribe_ticket_global_stock_level":"","_global_stock_mode":"","_global_stock_cap":"","_tribe_rsvp_for_event":"","_tribe_ticket_going_count":"","_tribe_ticket_not_going_count":"","_tribe_tickets_list":[],"_tribe_ticket_has_attendee_info_fields":false},"categories":[],"barrera":[],"pais":[],"acf":[],"_links":{"self":[{"href":"https:\/\/affordablehousingactivation.org\/es\/wp-json\/wp\/v2\/experts\/710"}],"collection":[{"href":"https:\/\/affordablehousingactivation.org\/es\/wp-json\/wp\/v2\/experts"}],"about":[{"href":"https:\/\/affordablehousingactivation.org\/es\/wp-json\/wp\/v2\/types\/experts"}],"wp:featuredmedia":[{"embeddable":true,"href":"https:\/\/affordablehousingactivation.org\/es\/wp-json\/wp\/v2\/media\/1470"}],"wp:attachment":[{"href":"https:\/\/affordablehousingactivation.org\/es\/wp-json\/wp\/v2\/media?parent=710"}],"wp:term":[{"taxonomy":"category","embeddable":true,"href":"https:\/\/affordablehousingactivation.org\/es\/wp-json\/wp\/v2\/categories?post=710"},{"taxonomy":"barrera","embeddable":true,"href":"https:\/\/affordablehousingactivation.org\/es\/wp-json\/wp\/v2\/barrera?post=710"},{"taxonomy":"pais","embeddable":true,"href":"https:\/\/affordablehousingactivation.org\/es\/wp-json\/wp\/v2\/pais?post=710"}],"curies":[{"name":"wp","href":"https:\/\/api.w.org\/{rel}","templated":true}]}}

<p>Nacida el 10 de septiembre de 1973. Realizó estudios de Magisterio. Trabajó en la empresa privada y fue gerente de la Asociación de Jóvenes Empresarios de Cantabria hasta su incorporación como concejala del Ayuntamiento de Santander en las áreas de Turismo y Festejos en el año 2003.</p>
<p>Fue concejala de Turismo y Relaciones Institucionales desde 2007 hasta que, en noviembre de 2016, asumió la Alcaldía de Santander, convirtiéndose en la primera mujer en acceder a este cargo, revalidado tras ganar las elecciones de mayo de 2019.</p>
<p>Desde diciembre de 2016 es vocal de la Junta de Gobierno de la Federación Española de Municipios y Provincias (FEMP) y en septiembre de 2019 fue nombrada portavoz adjunta del Grupo Popular en este órgano. A partir de enero de 2021, representa a la FEMP en el Foro Local para la Agenda Urbana Española.</p>
<p>Forma parte también del Pleno de la Comisión Nacional de Administración Local (CNAL).</p>
<p>Ocupa la vicepresidencia de la Red Española de Ciudades Inteligentes (RECI) desde febrero de 2020.</p>
<p>Y ha sido vicepresidenta para España de la Conferencia de las Ciudades del Arco Atlántico (CCAA) hasta septiembre de 2021.</p>
