{"id":711,"date":"2022-03-03T12:46:39","date_gmt":"2022-03-03T11:46:39","guid":{"rendered":"https:\/\/affordablehousingactivation.org\/?post_type=experts&#038;p=711"},"modified":"2022-03-03T12:46:39","modified_gmt":"2022-03-03T11:46:39","slug":"enrique-alfredo-bonilla-di-tolla","status":"publish","type":"experts","link":"https:\/\/affordablehousingactivation.org\/es\/experts\/enrique-alfredo-bonilla-di-tolla\/","title":{"rendered":"Enrique Alfredo Bonilla Di Tolla"},"content":{"rendered":"<p><span data-contrast=\"none\">Arquitecto y urbanista por la Universidad Ricardo Palma. Doctor en Gobierno y Pol\u00edtica p\u00fablica, por la Universidad de San Mart\u00edn de Porres. Maestro en Ciencias con menci\u00f3n en Arquitectura, por la Universidad Nacional de Ingenier\u00eda. Curso de especializaci\u00f3n en Restauraci\u00f3n de Monumentos y Centros Hist\u00f3ricos en el CECTI, en Florencia, Italia.<\/span><span data-ccp-props=\"{&quot;201341983&quot;:2,&quot;335551550&quot;:6,&quot;335551620&quot;:6,&quot;335559739&quot;:160,&quot;335559740&quot;:315}\">\u00a0<\/span><\/p>\n<p><span data-contrast=\"none\">Es director de la Carrera de Arquitectura de la Universidad de Lima y docente del curso de Proyectos y de Historia y Teor\u00eda de la Arquitectura.<\/span><span data-ccp-props=\"{&quot;201341983&quot;:2,&quot;335551550&quot;:6,&quot;335551620&quot;:6,&quot;335559739&quot;:160,&quot;335559740&quot;:315}\">\u00a0<\/span><\/p>\n<p><span data-contrast=\"none\">Dirigi\u00f3 la publicaci\u00f3n Lima y el Callao. Gu\u00eda de arquitectura y paisaje. Ha sido Presidente de la IX Bienal de Arquitectura Peruana y presidente de la IV Bienal Iberoamericana de Arquitectura. Curador del Pabell\u00f3n Peruano en la 13. Biennale di architettura di Venezia (Italia).<\/span><span data-ccp-props=\"{&quot;201341983&quot;:2,&quot;335551550&quot;:6,&quot;335551620&quot;:6,&quot;335559739&quot;:160,&quot;335559740&quot;:315}\">\u00a0<\/span><\/p>\n<p><span data-contrast=\"none\">Ha obtenido diversos galardones, entre ellos el primer premio de la XII Bienal Nacional de Arquitectura 2003, por la obra del Centro Cultural Ccori Wasi, y el Hex\u00e1gono de Plata de la XV Bienal de Arquitectura Peruana a la mejor obra construida, por el Aulario 104 de la Universidad Ricardo Palma.\u00a0<\/span><span data-ccp-props=\"{&quot;201341983&quot;:2,&quot;335551550&quot;:6,&quot;335551620&quot;:6,&quot;335559739&quot;:160,&quot;335559740&quot;:315}\">\u00a0<\/span><\/p>\n<p><span data-contrast=\"none\">Tambi\u00e9n ha obtenido la Orden del Sol del Colegio de Arquitectos del Per\u00fa a la trayectoria internacional. y L&#8217;ordine della Stella Italiana in grado di Cavalliere), que otorga el Estado Italiano.<\/span><span data-ccp-props=\"{&quot;201341983&quot;:2,&quot;335551550&quot;:6,&quot;335551620&quot;:6,&quot;335559739&quot;:160,&quot;335559740&quot;:315}\">\u00a0<\/span><\/p>\n","protected":false},"featured_media":1471,"template":"","meta":{"_price":"","_stock":"","_tribe_ticket_header":"","_tribe_default_ticket_provider":"","_tribe_ticket_capacity":"0","_ticket_start_date":"","_ticket_end_date":"","_tribe_ticket_show_description":"","_tribe_ticket_show_not_going":false,"_tribe_ticket_use_global_stock":"","_tribe_ticket_global_stock_level":"","_global_stock_mode":"","_global_stock_cap":"","_tribe_rsvp_for_event":"","_tribe_ticket_going_count":"","_tribe_ticket_not_going_count":"","_tribe_tickets_list":[],"_tribe_ticket_has_attendee_info_fields":false},"categories":[],"barrera":[],"pais":[],"acf":[],"_links":{"self":[{"href":"https:\/\/affordablehousingactivation.org\/es\/wp-json\/wp\/v2\/experts\/711"}],"collection":[{"href":"https:\/\/affordablehousingactivation.org\/es\/wp-json\/wp\/v2\/experts"}],"about":[{"href":"https:\/\/affordablehousingactivation.org\/es\/wp-json\/wp\/v2\/types\/experts"}],"wp:featuredmedia":[{"embeddable":true,"href":"https:\/\/affordablehousingactivation.org\/es\/wp-json\/wp\/v2\/media\/1471"}],"wp:attachment":[{"href":"https:\/\/affordablehousingactivation.org\/es\/wp-json\/wp\/v2\/media?parent=711"}],"wp:term":[{"taxonomy":"category","embeddable":true,"href":"https:\/\/affordablehousingactivation.org\/es\/wp-json\/wp\/v2\/categories?post=711"},{"taxonomy":"barrera","embeddable":true,"href":"https:\/\/affordablehousingactivation.org\/es\/wp-json\/wp\/v2\/barrera?post=711"},{"taxonomy":"pais","embeddable":true,"href":"https:\/\/affordablehousingactivation.org\/es\/wp-json\/wp\/v2\/pais?post=711"}],"curies":[{"name":"wp","href":"https:\/\/api.w.org\/{rel}","templated":true}]}}

<p><span data-contrast="none">Arquitecto y urbanista por la Universidad Ricardo Palma. Doctor en Gobierno y Política pública, por la Universidad de San Martín de Porres. Maestro en Ciencias con mención en Arquitectura, por la Universidad Nacional de Ingeniería. Curso de especialización en Restauración de Monumentos y Centros Históricos en el CECTI, en Florencia, Italia.</span><span data-ccp-props="{&quot;201341983&quot;:2,&quot;335551550&quot;:6,&quot;335551620&quot;:6,&quot;335559739&quot;:160,&quot;335559740&quot;:315}"> </span></p>
<p><span data-contrast="none">Es director de la Carrera de Arquitectura de la Universidad de Lima y docente del curso de Proyectos y de Historia y Teoría de la Arquitectura.</span><span data-ccp-props="{&quot;201341983&quot;:2,&quot;335551550&quot;:6,&quot;335551620&quot;:6,&quot;335559739&quot;:160,&quot;335559740&quot;:315}"> </span></p>
<p><span data-contrast="none">Dirigió la publicación Lima y el Callao. Guía de arquitectura y paisaje. Ha sido Presidente de la IX Bienal de Arquitectura Peruana y presidente de la IV Bienal Iberoamericana de Arquitectura. Curador del Pabellón Peruano en la 13. Biennale di architettura di Venezia (Italia).</span><span data-ccp-props="{&quot;201341983&quot;:2,&quot;335551550&quot;:6,&quot;335551620&quot;:6,&quot;335559739&quot;:160,&quot;335559740&quot;:315}"> </span></p>
<p><span data-contrast="none">Ha obtenido diversos galardones, entre ellos el primer premio de la XII Bienal Nacional de Arquitectura 2003, por la obra del Centro Cultural Ccori Wasi, y el Hexágono de Plata de la XV Bienal de Arquitectura Peruana a la mejor obra construida, por el Aulario 104 de la Universidad Ricardo Palma. </span><span data-ccp-props="{&quot;201341983&quot;:2,&quot;335551550&quot;:6,&quot;335551620&quot;:6,&quot;335559739&quot;:160,&quot;335559740&quot;:315}"> </span></p>
<p><span data-contrast="none">También ha obtenido la Orden del Sol del Colegio de Arquitectos del Perú a la trayectoria internacional. y L&#8217;ordine della Stella Italiana in grado di Cavalliere), que otorga el Estado Italiano.</span><span data-ccp-props="{&quot;201341983&quot;:2,&quot;335551550&quot;:6,&quot;335551620&quot;:6,&quot;335559739&quot;:160,&quot;335559740&quot;:315}"> </span></p>
