{"id":715,"date":"2022-03-03T12:49:16","date_gmt":"2022-03-03T11:49:16","guid":{"rendered":"https:\/\/affordablehousingactivation.org\/?post_type=experts&#038;p=715"},"modified":"2022-03-10T13:48:13","modified_gmt":"2022-03-10T12:48:13","slug":"ana-b-moreno","status":"publish","type":"experts","link":"https:\/\/affordablehousingactivation.org\/es\/experts\/ana-b-moreno\/","title":{"rendered":"Ana B. Moreno"},"content":{"rendered":"<p><span data-contrast=\"none\">Experta en pol\u00edticas p\u00fablicas y proyectos locales e internacionales de desarrollo urbano sostenible. Actualmente es asesora en pol\u00edticas de g\u00e9nero post-COVID-19 de la Huairou Commission, fundadora de la iniciativa OnCities2030 y del Instituto de Periodismo Urbano.\u00a0<\/span><span data-ccp-props=\"{&quot;201341983&quot;:0,&quot;335551550&quot;:6,&quot;335551620&quot;:6,&quot;335559739&quot;:0,&quot;335559740&quot;:240}\">\u00a0<\/span><\/p>\n<p><span data-contrast=\"none\">Lider\u00f3 el proceso de elaboraci\u00f3n de la Nueva Agenda Urbana, siendo la coordinadora de la Conferencia de Naciones Unidas sobre la Vivienda y el Desarrollo Urbano Sostenible (Habitat III) en 2016. Es especialista en la definici\u00f3n e implementaci\u00f3n de planes estrat\u00e9gicos, procesos intergubernamentales y plataformas colaborativas, as\u00ed como en el impacto y legado de grandes acontecimientos en las ciudades.\u00a0<\/span><span data-ccp-props=\"{&quot;201341983&quot;:0,&quot;335551550&quot;:6,&quot;335551620&quot;:6,&quot;335559739&quot;:0,&quot;335559740&quot;:240}\">\u00a0<\/span><\/p>\n<p><span data-contrast=\"none\">Fue tambi\u00e9n coordinadora del Foro Urbano Mundial, de 2012 al 2019 y representante de ONU-Habitat para Brun\u00e9i-Darussalam, Malasia, Singapur y Tailandia en 2019. Ostent\u00f3 diversos cargos de responsabilidad en el Ayuntamiento de Barcelona y el Ministerio de Industria, Comercio y Turismo del Gobierno de Espa\u00f1a, adem\u00e1s de jefa de proyecto en la Misi\u00f3n de Naciones Unidas en Kosovo, de 2001 a 2002. Es licenciada en Antropolog\u00eda Social y Cultural y Periodismo, ambas titulaciones por la Universidad Aut\u00f3noma de Barcelona.<\/span><span data-ccp-props=\"{&quot;201341983&quot;:0,&quot;335551550&quot;:6,&quot;335551620&quot;:6,&quot;335559739&quot;:0,&quot;335559740&quot;:240}\">\u00a0<\/span><\/p>\n","protected":false},"featured_media":1678,"template":"","meta":{"_price":"","_stock":"","_tribe_ticket_header":"","_tribe_default_ticket_provider":"","_tribe_ticket_capacity":"0","_ticket_start_date":"","_ticket_end_date":"","_tribe_ticket_show_description":"","_tribe_ticket_show_not_going":false,"_tribe_ticket_use_global_stock":"","_tribe_ticket_global_stock_level":"","_global_stock_mode":"","_global_stock_cap":"","_tribe_rsvp_for_event":"","_tribe_ticket_going_count":"","_tribe_ticket_not_going_count":"","_tribe_tickets_list":[],"_tribe_ticket_has_attendee_info_fields":false},"categories":[],"barrera":[],"pais":[],"acf":[],"_links":{"self":[{"href":"https:\/\/affordablehousingactivation.org\/es\/wp-json\/wp\/v2\/experts\/715"}],"collection":[{"href":"https:\/\/affordablehousingactivation.org\/es\/wp-json\/wp\/v2\/experts"}],"about":[{"href":"https:\/\/affordablehousingactivation.org\/es\/wp-json\/wp\/v2\/types\/experts"}],"wp:featuredmedia":[{"embeddable":true,"href":"https:\/\/affordablehousingactivation.org\/es\/wp-json\/wp\/v2\/media\/1678"}],"wp:attachment":[{"href":"https:\/\/affordablehousingactivation.org\/es\/wp-json\/wp\/v2\/media?parent=715"}],"wp:term":[{"taxonomy":"category","embeddable":true,"href":"https:\/\/affordablehousingactivation.org\/es\/wp-json\/wp\/v2\/categories?post=715"},{"taxonomy":"barrera","embeddable":true,"href":"https:\/\/affordablehousingactivation.org\/es\/wp-json\/wp\/v2\/barrera?post=715"},{"taxonomy":"pais","embeddable":true,"href":"https:\/\/affordablehousingactivation.org\/es\/wp-json\/wp\/v2\/pais?post=715"}],"curies":[{"name":"wp","href":"https:\/\/api.w.org\/{rel}","templated":true}]}}

<p><span data-contrast="none">Experta en políticas públicas y proyectos locales e internacionales de desarrollo urbano sostenible. Actualmente es asesora en políticas de género post-COVID-19 de la Huairou Commission, fundadora de la iniciativa OnCities2030 y del Instituto de Periodismo Urbano. </span><span data-ccp-props="{&quot;201341983&quot;:0,&quot;335551550&quot;:6,&quot;335551620&quot;:6,&quot;335559739&quot;:0,&quot;335559740&quot;:240}"> </span></p>
<p><span data-contrast="none">Lideró el proceso de elaboración de la Nueva Agenda Urbana, siendo la coordinadora de la Conferencia de Naciones Unidas sobre la Vivienda y el Desarrollo Urbano Sostenible (Habitat III) en 2016. Es especialista en la definición e implementación de planes estratégicos, procesos intergubernamentales y plataformas colaborativas, así como en el impacto y legado de grandes acontecimientos en las ciudades. </span><span data-ccp-props="{&quot;201341983&quot;:0,&quot;335551550&quot;:6,&quot;335551620&quot;:6,&quot;335559739&quot;:0,&quot;335559740&quot;:240}"> </span></p>
<p><span data-contrast="none">Fue también coordinadora del Foro Urbano Mundial, de 2012 al 2019 y representante de ONU-Habitat para Brunéi-Darussalam, Malasia, Singapur y Tailandia en 2019. Ostentó diversos cargos de responsabilidad en el Ayuntamiento de Barcelona y el Ministerio de Industria, Comercio y Turismo del Gobierno de España, además de jefa de proyecto en la Misión de Naciones Unidas en Kosovo, de 2001 a 2002. Es licenciada en Antropología Social y Cultural y Periodismo, ambas titulaciones por la Universidad Autónoma de Barcelona.</span><span data-ccp-props="{&quot;201341983&quot;:0,&quot;335551550&quot;:6,&quot;335551620&quot;:6,&quot;335559739&quot;:0,&quot;335559740&quot;:240}"> </span></p>
