{"id":727,"date":"2022-03-03T13:07:45","date_gmt":"2022-03-03T12:07:45","guid":{"rendered":"https:\/\/affordablehousingactivation.org\/?post_type=experts&#038;p=727"},"modified":"2022-03-10T13:56:25","modified_gmt":"2022-03-10T12:56:25","slug":"angel-castillo-talavera","status":"publish","type":"experts","link":"https:\/\/affordablehousingactivation.org\/es\/experts\/angel-castillo-talavera\/","title":{"rendered":"Angel Castillo Talavera"},"content":{"rendered":"<p>Dr. Ingeniero de Caminos, Canales y Puertos por la Universidad Polit\u00e9cnica de Madrid que desempe\u00f1a su labor profesional como Cient\u00edfico Titular del CSIC en el Instituto de Ciencias de la Construcci\u00f3n Eduardo Torroja. En la actualidad director del Instituto Eduardo Torroja y fue vicedirector Cient\u00edfico del IETcc-CSIC (2014-2018). Fue responsable del grupo de investigaci\u00f3n PREHFER (Desarrollo Prestacional de Hormigones, Fiabilidad Estructural y an\u00e1lisis de Riesgos) en el departamento de Seguridad y Durabilidad de Estructuras.<\/p>\n<p><span data-contrast=\"auto\">Ha participado en m\u00e1s de 21 proyectos de I+D nacionales (Plan Nacional, Profit, Innpacto, Ministerio de Fomento, Proyecto cient\u00edficos tecnol\u00f3gicos singulares y de car\u00e1cter estrat\u00e9gico, Comunidad de Madrid. Asimismo, ha participaci\u00f3n en 6 proyectos de I+D internacionales (dentro de los programas LIFE+ del FP7, CYTED, FP6 y Acci\u00f3n Integrada Hispano-Austriaca). Ha participaci\u00f3n tambi\u00e9n en cerca de 60 contratos de investigaci\u00f3n de especial relevancia con empresas (Canal de Panam\u00e1, ENRESA, Pacadar, Ministerio de Fomento, Asociaci\u00f3n nuclear Asc\u00f3-Vandell\u00f3s, Dragados, Andece, Hip\u00f3dromo de la Zarzuela, UTE Sacyr).<\/span><span data-ccp-props=\"{&quot;201341983&quot;:0,&quot;335551550&quot;:6,&quot;335551620&quot;:6,&quot;335559739&quot;:200,&quot;335559740&quot;:240}\">\u00a0<\/span><\/p>\n<p><span data-contrast=\"auto\">Es autor de m\u00e1s de 45 publicaciones (Art\u00edculos SCI, art\u00edculos y cap\u00edtulos de libros) y m\u00e1s de 70 documentos cient\u00edficos-t\u00e9cnicos de uso restringido, habiendo presentado m\u00e1s de 60 contribuciones a congresos tanto nacionales como internacionales. Ha dirigido 2 Tesis Doctorales.<\/span><span data-ccp-props=\"{&quot;201341983&quot;:0,&quot;335551550&quot;:6,&quot;335551620&quot;:6,&quot;335559739&quot;:200,&quot;335559740&quot;:240}\">\u00a0<\/span><\/p>\n<p>Fue director de la serie Monograf\u00edas del IETcc-CSIC y es miembro del consejo de redacci\u00f3n de la revista indexada: Informes de la Construcci\u00f3n del CSIC y de la revista Hormig\u00f3n y Acero de ACHE. Representante del IETcc-CSIC en la Comisi\u00f3n Permanente del Hormig\u00f3n del Ministerio de Fomento y representante del IETcc-CSIC en la Asamblea, Comisi\u00f3n Permanente y Comisi\u00f3n delegada de la PTEC.<\/p>\n<p><span data-contrast=\"auto\">Adem\u00e1s, es representante del IETcc en el plenario del comit\u00e9 de AENOR CTN 83, Hormig\u00f3n y morteros. Coordinador CSIC de curso de doctorado internacional en la Universidad de Buenos Aires-FORMAVANZ (FGCSIC) Construcci\u00f3n Sostenible en 2017 Ha sido director de una asignatura en un Master de postgrado durante dos a\u00f1os sobre Hormigones Especiales. Tambi\u00e9n, durante los a\u00f1os 2013, 2014 y 2015 ha co-dirigido el curso Construcci\u00f3n Sostenible dentro del programa PIFTE de la Agencia Espa\u00f1ola de Cooperaci\u00f3n Internacional para el Desarrollo (AECID) y en 2013 fue Director de un curso Internacional de Hormigones Sostenibles en la UPSE-Ecuador.<\/span><\/p>\n","protected":false},"featured_media":1683,"template":"","meta":{"_price":"","_stock":"","_tribe_ticket_header":"","_tribe_default_ticket_provider":"","_tribe_ticket_capacity":"0","_ticket_start_date":"","_ticket_end_date":"","_tribe_ticket_show_description":"","_tribe_ticket_show_not_going":false,"_tribe_ticket_use_global_stock":"","_tribe_ticket_global_stock_level":"","_global_stock_mode":"","_global_stock_cap":"","_tribe_rsvp_for_event":"","_tribe_ticket_going_count":"","_tribe_ticket_not_going_count":"","_tribe_tickets_list":[],"_tribe_ticket_has_attendee_info_fields":false},"categories":[],"barrera":[],"pais":[],"acf":[],"_links":{"self":[{"href":"https:\/\/affordablehousingactivation.org\/es\/wp-json\/wp\/v2\/experts\/727"}],"collection":[{"href":"https:\/\/affordablehousingactivation.org\/es\/wp-json\/wp\/v2\/experts"}],"about":[{"href":"https:\/\/affordablehousingactivation.org\/es\/wp-json\/wp\/v2\/types\/experts"}],"wp:featuredmedia":[{"embeddable":true,"href":"https:\/\/affordablehousingactivation.org\/es\/wp-json\/wp\/v2\/media\/1683"}],"wp:attachment":[{"href":"https:\/\/affordablehousingactivation.org\/es\/wp-json\/wp\/v2\/media?parent=727"}],"wp:term":[{"taxonomy":"category","embeddable":true,"href":"https:\/\/affordablehousingactivation.org\/es\/wp-json\/wp\/v2\/categories?post=727"},{"taxonomy":"barrera","embeddable":true,"href":"https:\/\/affordablehousingactivation.org\/es\/wp-json\/wp\/v2\/barrera?post=727"},{"taxonomy":"pais","embeddable":true,"href":"https:\/\/affordablehousingactivation.org\/es\/wp-json\/wp\/v2\/pais?post=727"}],"curies":[{"name":"wp","href":"https:\/\/api.w.org\/{rel}","templated":true}]}}

<p>Dr. Ingeniero de Caminos, Canales y Puertos por la Universidad Politécnica de Madrid que desempeña su labor profesional como Científico Titular del CSIC en el Instituto de Ciencias de la Construcción Eduardo Torroja. En la actualidad director del Instituto Eduardo Torroja y fue vicedirector Científico del IETcc-CSIC (2014-2018). Fue responsable del grupo de investigación PREHFER (Desarrollo Prestacional de Hormigones, Fiabilidad Estructural y análisis de Riesgos) en el departamento de Seguridad y Durabilidad de Estructuras.</p>
<p><span data-contrast="auto">Ha participado en más de 21 proyectos de I+D nacionales (Plan Nacional, Profit, Innpacto, Ministerio de Fomento, Proyecto científicos tecnológicos singulares y de carácter estratégico, Comunidad de Madrid. Asimismo, ha participación en 6 proyectos de I+D internacionales (dentro de los programas LIFE+ del FP7, CYTED, FP6 y Acción Integrada Hispano-Austriaca). Ha participación también en cerca de 60 contratos de investigación de especial relevancia con empresas (Canal de Panamá, ENRESA, Pacadar, Ministerio de Fomento, Asociación nuclear Ascó-Vandellós, Dragados, Andece, Hipódromo de la Zarzuela, UTE Sacyr).</span><span data-ccp-props="{&quot;201341983&quot;:0,&quot;335551550&quot;:6,&quot;335551620&quot;:6,&quot;335559739&quot;:200,&quot;335559740&quot;:240}"> </span></p>
<p><span data-contrast="auto">Es autor de más de 45 publicaciones (Artículos SCI, artículos y capítulos de libros) y más de 70 documentos científicos-técnicos de uso restringido, habiendo presentado más de 60 contribuciones a congresos tanto nacionales como internacionales. Ha dirigido 2 Tesis Doctorales.</span><span data-ccp-props="{&quot;201341983&quot;:0,&quot;335551550&quot;:6,&quot;335551620&quot;:6,&quot;335559739&quot;:200,&quot;335559740&quot;:240}"> </span></p>
<p>Fue director de la serie Monografías del IETcc-CSIC y es miembro del consejo de redacción de la revista indexada: Informes de la Construcción del CSIC y de la revista Hormigón y Acero de ACHE. Representante del IETcc-CSIC en la Comisión Permanente del Hormigón del Ministerio de Fomento y representante del IETcc-CSIC en la Asamblea, Comisión Permanente y Comisión delegada de la PTEC.</p>
<p><span data-contrast="auto">Además, es representante del IETcc en el plenario del comité de AENOR CTN 83, Hormigón y morteros. Coordinador CSIC de curso de doctorado internacional en la Universidad de Buenos Aires-FORMAVANZ (FGCSIC) Construcción Sostenible en 2017 Ha sido director de una asignatura en un Master de postgrado durante dos años sobre Hormigones Especiales. También, durante los años 2013, 2014 y 2015 ha co-dirigido el curso Construcción Sostenible dentro del programa PIFTE de la Agencia Española de Cooperación Internacional para el Desarrollo (AECID) y en 2013 fue Director de un curso Internacional de Hormigones Sostenibles en la UPSE-Ecuador.</span></p>
