{"id":733,"date":"2022-03-03T13:54:48","date_gmt":"2022-03-03T12:54:48","guid":{"rendered":"https:\/\/affordablehousingactivation.org\/?post_type=experts&#038;p=733"},"modified":"2022-04-21T00:26:13","modified_gmt":"2022-04-20T22:26:13","slug":"deniz-incedayi","status":"publish","type":"experts","link":"https:\/\/affordablehousingactivation.org\/es\/experts\/deniz-incedayi\/","title":{"rendered":"Deniz Incedayi"},"content":{"rendered":"<p><span data-contrast=\"auto\">Se gradu\u00f3 en el Instituto Alem\u00e1n en 1979, y en la Universidad de Bellas Artes Mimar Sinan, Departamento de Arquitectura en Estambul en 1986.\u00a0\u00a0<\/span><span data-ccp-props=\"{&quot;201341983&quot;:0,&quot;335559738&quot;:100,&quot;335559739&quot;:100,&quot;335559740&quot;:360}\">\u00a0<\/span><\/p>\n<p><span data-contrast=\"auto\">Desde 1986 ense\u00f1a en la Universidad de Bellas Artes Mimar Sinan. En el \u00e1mbito acad\u00e9mico, trabaja sobre las preocupaciones sociales y culturales en el proceso de dise\u00f1o arquitect\u00f3nico, el contexto ambiental y las cuestiones de vivienda. Ha publicado varios libros, art\u00edculos y ponencias en este \u00e1mbito y ha participado en varios jurados, comisiones y programas de trabajo nacionales e internacionales.\u00a0 <\/span><span data-ccp-props=\"{&quot;201341983&quot;:0,&quot;335559738&quot;:100,&quot;335559739&quot;:100,&quot;335559740&quot;:360}\">\u00a0<\/span><\/p>\n<p><span data-contrast=\"auto\">Tambi\u00e9n ocup\u00f3 muchos puestos administrativos y fue asignada a varias responsabilidades en la universidad y en la C\u00e1mara de Arquitectos de Turqu\u00eda.\u00a0<\/span><span data-ccp-props=\"{&quot;201341983&quot;:0,&quot;335559738&quot;:100,&quot;335559739&quot;:100,&quot;335559740&quot;:360}\">\u00a0<\/span><\/p>\n<p><span data-contrast=\"auto\">En las plataformas nacionales e internacionales ha trabajado como miembro permanente del jurado del \u00abPremio Global de Arquitectura Sostenible\u00bb, (2018-&#8230;), en la Uni\u00f3n Internacional de Arquitectos (UIA) como Vicepresidenta de la Regi\u00f3n II (2011-2017)\u00a0 y en la Uni\u00f3n Internacional de Arquitectos (UIA) como miembro del Consejo, Regi\u00f3n II (2009-2011).<\/span><span data-ccp-props=\"{&quot;201341983&quot;:0,&quot;335559738&quot;:100,&quot;335559739&quot;:100,&quot;335559740&quot;:360}\">\u00a0<\/span><\/p>\n<p><span data-contrast=\"auto\">Ha sido miembro de la Comisi\u00f3n de Educaci\u00f3n y del Consejo de Validaci\u00f3n de la UNESCO-UIA (2009-&#8230;)\u00a0 y presidenta de la C\u00e1mara de Arquitectos de la Delegaci\u00f3n Metropolitana de Estambul (2010-2014).<\/span><\/p>\n<p><span data-contrast=\"auto\">Fue vicepresidenta de la C\u00e1mara de Arquitectos de Turqu\u00eda (CAT) de 2016 a 2020 y\u00a0 actualmente es la presidenta de la C\u00e1mara de Arquitectos de Turqu\u00eda (2020-&#8230;).<\/span><span data-ccp-props=\"{&quot;201341983&quot;:0,&quot;335559738&quot;:100,&quot;335559739&quot;:100,&quot;335559740&quot;:360}\">\u00a0<\/span><\/p>\n<p><span data-contrast=\"auto\">Adem\u00e1s, es editora de la Revista de Arquitectura (mimar.ist) de la C\u00e1mara de Arquitectos de Turqu\u00eda, Secci\u00f3n Metropolitana de Estambul (2006-&#8230;).<\/span><\/p>\n<p><span data-contrast=\"auto\">Sus idiomas son: turco (nativo), alem\u00e1n (bueno), ingl\u00e9s (bueno) e italiano (b\u00e1sico).<\/span><span data-ccp-props=\"{&quot;201341983&quot;:0,&quot;335559738&quot;:100,&quot;335559739&quot;:100,&quot;335559740&quot;:360}\">\u00a0<\/span><\/p>\n","protected":false},"featured_media":1709,"template":"","meta":{"_price":"","_stock":"","_tribe_ticket_header":"","_tribe_default_ticket_provider":"","_tribe_ticket_capacity":"0","_ticket_start_date":"","_ticket_end_date":"","_tribe_ticket_show_description":"","_tribe_ticket_show_not_going":false,"_tribe_ticket_use_global_stock":"","_tribe_ticket_global_stock_level":"","_global_stock_mode":"","_global_stock_cap":"","_tribe_rsvp_for_event":"","_tribe_ticket_going_count":"","_tribe_ticket_not_going_count":"","_tribe_tickets_list":[],"_tribe_ticket_has_attendee_info_fields":false},"categories":[],"barrera":[],"pais":[],"acf":[],"_links":{"self":[{"href":"https:\/\/affordablehousingactivation.org\/es\/wp-json\/wp\/v2\/experts\/733"}],"collection":[{"href":"https:\/\/affordablehousingactivation.org\/es\/wp-json\/wp\/v2\/experts"}],"about":[{"href":"https:\/\/affordablehousingactivation.org\/es\/wp-json\/wp\/v2\/types\/experts"}],"wp:featuredmedia":[{"embeddable":true,"href":"https:\/\/affordablehousingactivation.org\/es\/wp-json\/wp\/v2\/media\/1709"}],"wp:attachment":[{"href":"https:\/\/affordablehousingactivation.org\/es\/wp-json\/wp\/v2\/media?parent=733"}],"wp:term":[{"taxonomy":"category","embeddable":true,"href":"https:\/\/affordablehousingactivation.org\/es\/wp-json\/wp\/v2\/categories?post=733"},{"taxonomy":"barrera","embeddable":true,"href":"https:\/\/affordablehousingactivation.org\/es\/wp-json\/wp\/v2\/barrera?post=733"},{"taxonomy":"pais","embeddable":true,"href":"https:\/\/affordablehousingactivation.org\/es\/wp-json\/wp\/v2\/pais?post=733"}],"curies":[{"name":"wp","href":"https:\/\/api.w.org\/{rel}","templated":true}]}}

<p><span data-contrast="auto">Se graduó en el Instituto Alemán en 1979, y en la Universidad de Bellas Artes Mimar Sinan, Departamento de Arquitectura en Estambul en 1986.  </span><span data-ccp-props="{&quot;201341983&quot;:0,&quot;335559738&quot;:100,&quot;335559739&quot;:100,&quot;335559740&quot;:360}"> </span></p>
<p><span data-contrast="auto">Desde 1986 enseña en la Universidad de Bellas Artes Mimar Sinan. En el ámbito académico, trabaja sobre las preocupaciones sociales y culturales en el proceso de diseño arquitectónico, el contexto ambiental y las cuestiones de vivienda. Ha publicado varios libros, artículos y ponencias en este ámbito y ha participado en varios jurados, comisiones y programas de trabajo nacionales e internacionales.  </span><span data-ccp-props="{&quot;201341983&quot;:0,&quot;335559738&quot;:100,&quot;335559739&quot;:100,&quot;335559740&quot;:360}"> </span></p>
<p><span data-contrast="auto">También ocupó muchos puestos administrativos y fue asignada a varias responsabilidades en la universidad y en la Cámara de Arquitectos de Turquía. </span><span data-ccp-props="{&quot;201341983&quot;:0,&quot;335559738&quot;:100,&quot;335559739&quot;:100,&quot;335559740&quot;:360}"> </span></p>
<p><span data-contrast="auto">En las plataformas nacionales e internacionales ha trabajado como miembro permanente del jurado del «Premio Global de Arquitectura Sostenible», (2018-&#8230;), en la Unión Internacional de Arquitectos (UIA) como Vicepresidenta de la Región II (2011-2017)  y en la Unión Internacional de Arquitectos (UIA) como miembro del Consejo, Región II (2009-2011).</span><span data-ccp-props="{&quot;201341983&quot;:0,&quot;335559738&quot;:100,&quot;335559739&quot;:100,&quot;335559740&quot;:360}"> </span></p>
<p><span data-contrast="auto">Ha sido miembro de la Comisión de Educación y del Consejo de Validación de la UNESCO-UIA (2009-&#8230;)  y presidenta de la Cámara de Arquitectos de la Delegación Metropolitana de Estambul (2010-2014).</span></p>
<p><span data-contrast="auto">Fue vicepresidenta de la Cámara de Arquitectos de Turquía (CAT) de 2016 a 2020 y  actualmente es la presidenta de la Cámara de Arquitectos de Turquía (2020-&#8230;).</span><span data-ccp-props="{&quot;201341983&quot;:0,&quot;335559738&quot;:100,&quot;335559739&quot;:100,&quot;335559740&quot;:360}"> </span></p>
<p><span data-contrast="auto">Además, es editora de la Revista de Arquitectura (mimar.ist) de la Cámara de Arquitectos de Turquía, Sección Metropolitana de Estambul (2006-&#8230;).</span></p>
<p><span data-contrast="auto">Sus idiomas son: turco (nativo), alemán (bueno), inglés (bueno) e italiano (básico).</span><span data-ccp-props="{&quot;201341983&quot;:0,&quot;335559738&quot;:100,&quot;335559739&quot;:100,&quot;335559740&quot;:360}"> </span></p>
