{"id":734,"date":"2022-03-03T14:00:20","date_gmt":"2022-03-03T13:00:20","guid":{"rendered":"https:\/\/affordablehousingactivation.org\/?post_type=experts&#038;p=734"},"modified":"2022-05-12T15:49:51","modified_gmt":"2022-05-12T13:49:51","slug":"sara-topelson","status":"publish","type":"experts","link":"https:\/\/affordablehousingactivation.org\/es\/experts\/sara-topelson\/","title":{"rendered":"Sara Topelson"},"content":{"rendered":"<p>Arq. por la Universidad Aut\u00f3noma de M\u00e9xico, socia fundadora Grinberg &amp; Topelson Arquitectos m\u00e1s de 200 proyectos realizados.<\/p>\n<p>De 1996 \u2013 1999 fue la primera mujer Presidenta de la Uni\u00f3n Internacional de Arquitectos. De 2001 \u2013 2003 fue directora Arquitectura y Conservaci\u00f3n del Patrimonio Art\u00edstico Inmueble INBA y desde el a\u00f1o 2007 al 2012 Subsecretaria de Desarrollo Urbano y Ordenaci\u00f3n del Territorio, M\u00e9xico Nivel Federal.<\/p>\n<p>Desde 2001 es directora del Centro de Investigaci\u00f3n y Documentaci\u00f3n de la Casa,\u202fpublicando el \u201cEstado Actual de la Vivienda en M\u00e9xico\u201d por 18 a\u00f1os.<\/p>\n<p>En 1996 obtuvo el reconocimiento de Mujer del A\u00f1o M\u00e9xico 1996.<\/p>\n<p>Durante su trayectoria profesional, Sara Tolpenson ha obtenido diferentes galardones entre ellos la Medalla al M\u00e9rito Acad\u00e9mico tras 25 a\u00f1os de docencia por la Universidad An\u00e1huac; el premio Hombres y Mujeres de la Casa 2018\u202fa su trayectoria profesional; el premio INTERCERAMIC 2020 por su Trayectoria dentro de la Arquitectura y el t\u00edtulo de Caballero de la Orden de Artes y Letras\u202fdel Ministerio de Francia en\u202f1998.<\/p>\n<p>Adem\u00e1s, es miembro de Honor del Instituto Americano de Arquitectos del Real Instituto de Arquitectos de Canad\u00e1, Inglaterra, Australia, Jap\u00f3n, as\u00ed como del Consejo Superior de los Colegios de Arquitectos de Espa\u00f1a, entre otros. Desde 2014 hasta 2016 ha sido presidenta del Urban Land Institute ULI \u2013 M\u00e9xico y de 2018 a 2020 del International Women\u2019s Forum M\u00e9xico.<\/p>\n","protected":false},"featured_media":2106,"template":"","meta":{"_price":"","_stock":"","_tribe_ticket_header":"","_tribe_default_ticket_provider":"","_tribe_ticket_capacity":"0","_ticket_start_date":"","_ticket_end_date":"","_tribe_ticket_show_description":"","_tribe_ticket_show_not_going":false,"_tribe_ticket_use_global_stock":"","_tribe_ticket_global_stock_level":"","_global_stock_mode":"","_global_stock_cap":"","_tribe_rsvp_for_event":"","_tribe_ticket_going_count":"","_tribe_ticket_not_going_count":"","_tribe_tickets_list":[],"_tribe_ticket_has_attendee_info_fields":false},"categories":[],"barrera":[],"pais":[],"acf":[],"_links":{"self":[{"href":"https:\/\/affordablehousingactivation.org\/es\/wp-json\/wp\/v2\/experts\/734"}],"collection":[{"href":"https:\/\/affordablehousingactivation.org\/es\/wp-json\/wp\/v2\/experts"}],"about":[{"href":"https:\/\/affordablehousingactivation.org\/es\/wp-json\/wp\/v2\/types\/experts"}],"wp:featuredmedia":[{"embeddable":true,"href":"https:\/\/affordablehousingactivation.org\/es\/wp-json\/wp\/v2\/media\/2106"}],"wp:attachment":[{"href":"https:\/\/affordablehousingactivation.org\/es\/wp-json\/wp\/v2\/media?parent=734"}],"wp:term":[{"taxonomy":"category","embeddable":true,"href":"https:\/\/affordablehousingactivation.org\/es\/wp-json\/wp\/v2\/categories?post=734"},{"taxonomy":"barrera","embeddable":true,"href":"https:\/\/affordablehousingactivation.org\/es\/wp-json\/wp\/v2\/barrera?post=734"},{"taxonomy":"pais","embeddable":true,"href":"https:\/\/affordablehousingactivation.org\/es\/wp-json\/wp\/v2\/pais?post=734"}],"curies":[{"name":"wp","href":"https:\/\/api.w.org\/{rel}","templated":true}]}}

<p>Arq. por la Universidad Autónoma de México, socia fundadora Grinberg &amp; Topelson Arquitectos más de 200 proyectos realizados.</p>
<p>De 1996 – 1999 fue la primera mujer Presidenta de la Unión Internacional de Arquitectos. De 2001 – 2003 fue directora Arquitectura y Conservación del Patrimonio Artístico Inmueble INBA y desde el año 2007 al 2012 Subsecretaria de Desarrollo Urbano y Ordenación del Territorio, México Nivel Federal.</p>
<p>Desde 2001 es directora del Centro de Investigación y Documentación de la Casa, publicando el “Estado Actual de la Vivienda en México” por 18 años.</p>
<p>En 1996 obtuvo el reconocimiento de Mujer del Año México 1996.</p>
<p>Durante su trayectoria profesional, Sara Tolpenson ha obtenido diferentes galardones entre ellos la Medalla al Mérito Académico tras 25 años de docencia por la Universidad Anáhuac; el premio Hombres y Mujeres de la Casa 2018 a su trayectoria profesional; el premio INTERCERAMIC 2020 por su Trayectoria dentro de la Arquitectura y el título de Caballero de la Orden de Artes y Letras del Ministerio de Francia en 1998.</p>
<p>Además, es miembro de Honor del Instituto Americano de Arquitectos del Real Instituto de Arquitectos de Canadá, Inglaterra, Australia, Japón, así como del Consejo Superior de los Colegios de Arquitectos de España, entre otros. Desde 2014 hasta 2016 ha sido presidenta del Urban Land Institute ULI – México y de 2018 a 2020 del International Women’s Forum México.</p>
