{"id":7833,"date":"2022-05-03T16:29:32","date_gmt":"2022-05-03T14:29:32","guid":{"rendered":"https:\/\/affordablehousingactivation.org\/experts\/laia-grau-2\/"},"modified":"2022-05-17T17:32:01","modified_gmt":"2022-05-17T15:32:01","slug":"laia-grau-2","status":"publish","type":"experts","link":"https:\/\/affordablehousingactivation.org\/es\/experts\/laia-grau-2\/","title":{"rendered":"Laia Grau"},"content":{"rendered":"<p>Laia Grau Balaguer\u00f3, Gerente de Urbanismo del Ayuntamiento de Barcelona desde 2019. Arquitecta-urbanista por la Universidad Polit\u00e8cnica de Catalunya y posgrado en G\u00e9nero e Igualdad por la Universitat Aut\u00f2noma de Barcelona.<\/p>\n<p>En 2017-2019 se incorpora como socia al despacho de TerritorisXLM como especialista en asesoramiento municipal en materia de planificaci\u00f3n urban\u00edstica, y temas estrat\u00e9gicos de ciudad y territorio. Desde 2018 es miembro del patronato de la fundaci\u00f3n Barcelona Institute of Technology for the Habitat (BIT Habitat). Forma parte de la comisi\u00f3n abierta de mujeres del COAC.<\/p>\n<p>Desde 2006 ha formado parte del cuerpo especial de arquitectos de la Generalitat de Catalunya, desempe\u00f1ando diferentes funciones, hasta 2013 como responsable de la comarca del Bages de la Comisi\u00f3n Territorial de Urbanismo de Barcelona del Departamento de Territorio Sostenibilidad, asesorando a ayuntamientos en materia de planificaci\u00f3n urban\u00edstica. Ha colaborado tambi\u00e9n en la redacci\u00f3n de los Planes Directores urban\u00edsticos de desarrollo econ\u00f3mico, promovidos por la Generalitat de Catalunya. Desde 1999 hasta 2006 colabor\u00f3 con el despacho Jornet-Llop-Pastor arquitectes, en proyectos de planeamiento a diversas escalas, especializ\u00e1ndose en temas de ordenaci\u00f3n urbana y espacio p\u00fablico.<\/p>\n","protected":false},"featured_media":8118,"template":"","meta":{"_price":"","_stock":"","_tribe_ticket_header":"","_tribe_default_ticket_provider":"","_tribe_ticket_capacity":"0","_ticket_start_date":"","_ticket_end_date":"","_tribe_ticket_show_description":"","_tribe_ticket_show_not_going":false,"_tribe_ticket_use_global_stock":"","_tribe_ticket_global_stock_level":"","_global_stock_mode":"","_global_stock_cap":"","_tribe_rsvp_for_event":"","_tribe_ticket_going_count":"","_tribe_ticket_not_going_count":"","_tribe_tickets_list":[],"_tribe_ticket_has_attendee_info_fields":false},"categories":[],"barrera":[113],"pais":[],"acf":[],"_links":{"self":[{"href":"https:\/\/affordablehousingactivation.org\/es\/wp-json\/wp\/v2\/experts\/7833"}],"collection":[{"href":"https:\/\/affordablehousingactivation.org\/es\/wp-json\/wp\/v2\/experts"}],"about":[{"href":"https:\/\/affordablehousingactivation.org\/es\/wp-json\/wp\/v2\/types\/experts"}],"wp:featuredmedia":[{"embeddable":true,"href":"https:\/\/affordablehousingactivation.org\/es\/wp-json\/wp\/v2\/media\/8118"}],"wp:attachment":[{"href":"https:\/\/affordablehousingactivation.org\/es\/wp-json\/wp\/v2\/media?parent=7833"}],"wp:term":[{"taxonomy":"category","embeddable":true,"href":"https:\/\/affordablehousingactivation.org\/es\/wp-json\/wp\/v2\/categories?post=7833"},{"taxonomy":"barrera","embeddable":true,"href":"https:\/\/affordablehousingactivation.org\/es\/wp-json\/wp\/v2\/barrera?post=7833"},{"taxonomy":"pais","embeddable":true,"href":"https:\/\/affordablehousingactivation.org\/es\/wp-json\/wp\/v2\/pais?post=7833"}],"curies":[{"name":"wp","href":"https:\/\/api.w.org\/{rel}","templated":true}]}}

<p>Laia Grau Balagueró, Gerente de Urbanismo del Ayuntamiento de Barcelona desde 2019. Arquitecta-urbanista por la Universidad Politècnica de Catalunya y posgrado en Género e Igualdad por la Universitat Autònoma de Barcelona.</p>
<p>En 2017-2019 se incorpora como socia al despacho de TerritorisXLM como especialista en asesoramiento municipal en materia de planificación urbanística, y temas estratégicos de ciudad y territorio. Desde 2018 es miembro del patronato de la fundación Barcelona Institute of Technology for the Habitat (BIT Habitat). Forma parte de la comisión abierta de mujeres del COAC.</p>
<p>Desde 2006 ha formado parte del cuerpo especial de arquitectos de la Generalitat de Catalunya, desempeñando diferentes funciones, hasta 2013 como responsable de la comarca del Bages de la Comisión Territorial de Urbanismo de Barcelona del Departamento de Territorio Sostenibilidad, asesorando a ayuntamientos en materia de planificación urbanística. Ha colaborado también en la redacción de los Planes Directores urbanísticos de desarrollo económico, promovidos por la Generalitat de Catalunya. Desde 1999 hasta 2006 colaboró con el despacho Jornet-Llop-Pastor arquitectes, en proyectos de planeamiento a diversas escalas, especializándose en temas de ordenación urbana y espacio público.</p>
