{"id":7841,"date":"2022-05-03T16:29:32","date_gmt":"2022-05-03T14:29:32","guid":{"rendered":"https:\/\/affordablehousingactivation.org\/experts\/didier-rebois-2\/"},"modified":"2022-05-11T18:01:42","modified_gmt":"2022-05-11T16:01:42","slug":"didier-rebois-2","status":"publish","type":"experts","link":"https:\/\/affordablehousingactivation.org\/es\/experts\/didier-rebois-2\/","title":{"rendered":"Didier Rebois"},"content":{"rendered":"<p>Es arquitecto y urbanista. Es el Secretario General de Europan, un programa europeo de concursos urbano-arquitect\u00f3nicos para j\u00f3venes profesionales. Como tal, coordina los distintos concursos nacionales y los procesos de producci\u00f3n subsiguientes.<\/p>\n<p>Dirige el comit\u00e9 cient\u00edfico; es responsable de las publicaciones y de los eventos europeos que re\u00fanen a los equipos premiados, los representantes de las obras y los expertos. Es investigador en Gerphau, laboratorio de investigaci\u00f3n de Filosof\u00eda de la Arquitectura Urbana. Ha participado en varias investigaciones y publicaciones cient\u00edficas. Fue director de proyectos en el Instituto para la Ciudad en Movimiento (IVM), donde desarroll\u00f3 varios programas de investigaci\u00f3n en colaboraci\u00f3n con expertos internacionales sobre ciudades y movilidad.<\/p>\n","protected":false},"featured_media":8962,"template":"","meta":{"_price":"","_stock":"","_tribe_ticket_header":"","_tribe_default_ticket_provider":"","_tribe_ticket_capacity":"0","_ticket_start_date":"","_ticket_end_date":"","_tribe_ticket_show_description":"","_tribe_ticket_show_not_going":false,"_tribe_ticket_use_global_stock":"","_tribe_ticket_global_stock_level":"","_global_stock_mode":"","_global_stock_cap":"","_tribe_rsvp_for_event":"","_tribe_ticket_going_count":"","_tribe_ticket_not_going_count":"","_tribe_tickets_list":[],"_tribe_ticket_has_attendee_info_fields":false},"categories":[],"barrera":[115],"pais":[],"acf":[],"_links":{"self":[{"href":"https:\/\/affordablehousingactivation.org\/es\/wp-json\/wp\/v2\/experts\/7841"}],"collection":[{"href":"https:\/\/affordablehousingactivation.org\/es\/wp-json\/wp\/v2\/experts"}],"about":[{"href":"https:\/\/affordablehousingactivation.org\/es\/wp-json\/wp\/v2\/types\/experts"}],"wp:featuredmedia":[{"embeddable":true,"href":"https:\/\/affordablehousingactivation.org\/es\/wp-json\/wp\/v2\/media\/8962"}],"wp:attachment":[{"href":"https:\/\/affordablehousingactivation.org\/es\/wp-json\/wp\/v2\/media?parent=7841"}],"wp:term":[{"taxonomy":"category","embeddable":true,"href":"https:\/\/affordablehousingactivation.org\/es\/wp-json\/wp\/v2\/categories?post=7841"},{"taxonomy":"barrera","embeddable":true,"href":"https:\/\/affordablehousingactivation.org\/es\/wp-json\/wp\/v2\/barrera?post=7841"},{"taxonomy":"pais","embeddable":true,"href":"https:\/\/affordablehousingactivation.org\/es\/wp-json\/wp\/v2\/pais?post=7841"}],"curies":[{"name":"wp","href":"https:\/\/api.w.org\/{rel}","templated":true}]}}

<p>Es arquitecto y urbanista. Es el Secretario General de Europan, un programa europeo de concursos urbano-arquitectónicos para jóvenes profesionales. Como tal, coordina los distintos concursos nacionales y los procesos de producción subsiguientes.</p>
<p>Dirige el comité científico; es responsable de las publicaciones y de los eventos europeos que reúnen a los equipos premiados, los representantes de las obras y los expertos. Es investigador en Gerphau, laboratorio de investigación de Filosofía de la Arquitectura Urbana. Ha participado en varias investigaciones y publicaciones científicas. Fue director de proyectos en el Instituto para la Ciudad en Movimiento (IVM), donde desarrolló varios programas de investigación en colaboración con expertos internacionales sobre ciudades y movilidad.</p>
