{"id":7847,"date":"2022-05-03T16:29:32","date_gmt":"2022-05-03T14:29:32","guid":{"rendered":"https:\/\/affordablehousingactivation.org\/experts\/jose-maria-garcia-gomez-2\/"},"modified":"2022-05-09T12:52:34","modified_gmt":"2022-05-09T10:52:34","slug":"jose-maria-garcia-gomez-2","status":"publish","type":"experts","link":"https:\/\/affordablehousingactivation.org\/es\/experts\/jose-maria-garcia-gomez-2\/","title":{"rendered":"Jos\u00e9 Mar\u00eda Garc\u00eda G\u00f3mez"},"content":{"rendered":"<p>Nacido en Vigo (Pontevedra), en 1970, es Licenciado en Derecho por la Universidad Complutense, Licenciado en Ciencias Pol\u00edticas y Sociolog\u00eda por la UNED, Diplomado en Pr\u00e1ctica Jur\u00eddica por el ICAM y MBA en Direcci\u00f3n de Empresas por la Universidad Europea.\u00a0Abogado perteneciente al ICAM desde 1996.<\/p>\n<p>Ha desempe\u00f1ado diversos cargos institucionales y responsabilidades de direcci\u00f3n en la Administraci\u00f3n Local: Secretario del Consejo de Administraci\u00f3n, Direcci\u00f3n de Contrataci\u00f3n, Compras y Administraci\u00f3n en empresa municipal de servicios de Rivas y Consejero Delegado de las empresas p\u00fablicas de servicios y vivienda de Arganda del Rey.<\/p>\n<p>Es vocal del consejo de administraci\u00f3n del organismo aut\u00f3nomo Agencia de Vivienda Social y lo ha sido de la mercantil Obras de Madrid, as\u00ed como en consorcios urban\u00edsticos de la Comunidad de Madrid, que actualmente preside.<\/p>\n<p>Asimismo, ha participado en la gesti\u00f3n de cooperativas de viviendas en sus consejos rectores como vocal, secretario y presidente; ejerci\u00f3 de secretario en asociaci\u00f3n empresarial de \u00e1mbito local; as\u00ed como concejal del Ayuntamiento de Rivas; y responsable org\u00e1nico en el Partido Popular.<\/p>\n<p>Es ponente habitual en los foros especializados en vivienda y urbanismo como el COAM, ASPRIMA, AIReF, CONCOVI, WIRES, ACI, LAI, AMADEI, AECOM, IE, Metros2, Andersen Legal, P\u00e9rez Llorca, etc\u2026, y es docente ocasional en los m\u00e1steres de urbanismo del CEU, COAM, foro de vivienda de la UAM, CIARE y C\u00e1mara de Comercio de Madrid.<\/p>\n<p>Ha sido reconocido en los premios ASPRIMA y en los premios Alfonso V\u00e1zquez Fraile de CONCOVI. Es socio de honor del C\u00edrculo Inmobiliario.<\/p>\n<p>De julio de 2015 a julio 2021 fue Director General de Vivienda y Rehabilitaci\u00f3n de la Comunidad de Madrid.\u00a0Desde entonces es Viceconsejero de Vivienda y Ordenaci\u00f3n del Territorio de la Consejer\u00eda de Medio Ambiente, Vivienda y Agricultura de la Comunidad de Madrid.<\/p>\n","protected":false},"featured_media":8593,"template":"","meta":{"_price":"","_stock":"","_tribe_ticket_header":"","_tribe_default_ticket_provider":"","_tribe_ticket_capacity":"0","_ticket_start_date":"","_ticket_end_date":"","_tribe_ticket_show_description":"","_tribe_ticket_show_not_going":false,"_tribe_ticket_use_global_stock":"","_tribe_ticket_global_stock_level":"","_global_stock_mode":"","_global_stock_cap":"","_tribe_rsvp_for_event":"","_tribe_ticket_going_count":"","_tribe_ticket_not_going_count":"","_tribe_tickets_list":[],"_tribe_ticket_has_attendee_info_fields":false},"categories":[],"barrera":[116],"pais":[],"acf":[],"_links":{"self":[{"href":"https:\/\/affordablehousingactivation.org\/es\/wp-json\/wp\/v2\/experts\/7847"}],"collection":[{"href":"https:\/\/affordablehousingactivation.org\/es\/wp-json\/wp\/v2\/experts"}],"about":[{"href":"https:\/\/affordablehousingactivation.org\/es\/wp-json\/wp\/v2\/types\/experts"}],"wp:featuredmedia":[{"embeddable":true,"href":"https:\/\/affordablehousingactivation.org\/es\/wp-json\/wp\/v2\/media\/8593"}],"wp:attachment":[{"href":"https:\/\/affordablehousingactivation.org\/es\/wp-json\/wp\/v2\/media?parent=7847"}],"wp:term":[{"taxonomy":"category","embeddable":true,"href":"https:\/\/affordablehousingactivation.org\/es\/wp-json\/wp\/v2\/categories?post=7847"},{"taxonomy":"barrera","embeddable":true,"href":"https:\/\/affordablehousingactivation.org\/es\/wp-json\/wp\/v2\/barrera?post=7847"},{"taxonomy":"pais","embeddable":true,"href":"https:\/\/affordablehousingactivation.org\/es\/wp-json\/wp\/v2\/pais?post=7847"}],"curies":[{"name":"wp","href":"https:\/\/api.w.org\/{rel}","templated":true}]}}

José María García Gómez

<p>Nacido en Vigo (Pontevedra), en 1970, es Licenciado en Derecho por la Universidad Complutense, Licenciado en Ciencias Políticas y Sociología por la UNED, Diplomado en Práctica Jurídica por el ICAM y MBA en Dirección de Empresas por la Universidad Europea. Abogado perteneciente al ICAM desde 1996.</p>
<p>Ha desempeñado diversos cargos institucionales y responsabilidades de dirección en la Administración Local: Secretario del Consejo de Administración, Dirección de Contratación, Compras y Administración en empresa municipal de servicios de Rivas y Consejero Delegado de las empresas públicas de servicios y vivienda de Arganda del Rey.</p>
<p>Es vocal del consejo de administración del organismo autónomo Agencia de Vivienda Social y lo ha sido de la mercantil Obras de Madrid, así como en consorcios urbanísticos de la Comunidad de Madrid, que actualmente preside.</p>
<p>Asimismo, ha participado en la gestión de cooperativas de viviendas en sus consejos rectores como vocal, secretario y presidente; ejerció de secretario en asociación empresarial de ámbito local; así como concejal del Ayuntamiento de Rivas; y responsable orgánico en el Partido Popular.</p>
<p>Es ponente habitual en los foros especializados en vivienda y urbanismo como el COAM, ASPRIMA, AIReF, CONCOVI, WIRES, ACI, LAI, AMADEI, AECOM, IE, Metros2, Andersen Legal, Pérez Llorca, etc…, y es docente ocasional en los másteres de urbanismo del CEU, COAM, foro de vivienda de la UAM, CIARE y Cámara de Comercio de Madrid.</p>
<p>Ha sido reconocido en los premios ASPRIMA y en los premios Alfonso Vázquez Fraile de CONCOVI. Es socio de honor del Círculo Inmobiliario.</p>
<p>De julio de 2015 a julio 2021 fue Director General de Vivienda y Rehabilitación de la Comunidad de Madrid. Desde entonces es Viceconsejero de Vivienda y Ordenación del Territorio de la Consejería de Medio Ambiente, Vivienda y Agricultura de la Comunidad de Madrid.</p>
