{"id":7849,"date":"2022-05-03T16:29:32","date_gmt":"2022-05-03T14:29:32","guid":{"rendered":"https:\/\/affordablehousingactivation.org\/experts\/felipe-vera-2\/"},"modified":"2022-05-10T16:27:19","modified_gmt":"2022-05-10T14:27:19","slug":"felipe-vera-2","status":"publish","type":"experts","link":"https:\/\/affordablehousingactivation.org\/es\/experts\/felipe-vera-2\/","title":{"rendered":"Felipe Vera"},"content":{"rendered":"<p>Felipe Vera se form\u00f3 como Arquitecto y Urbanista en la Universidad de Chile (2009). Tiene un MDeS en Urbanismo, Paisaje y Ecolog\u00eda por la Harvard Graduate School of Design (2013) y un M\u00e1ster en Gesti\u00f3n de Proyectos inmobiliarios por la Universidad de Chile (2010).<\/p>\n<p>Es especialista de la Divisi\u00f3n de Vivienda y Desarrollo Urbano del BID. Desde la Sede del Banco en Chile y Argentina trabaja en programas de mejoramiento de barrios marginales, revitalizaci\u00f3n urbana de \u00e1reas centrales, infraestructura sostenible, gobernanza metropolitana y vivienda sostenible.<\/p>\n<p>Anteriormente fue Investigador asociado y profesor visitante en la Escuela de Graduados de Dise\u00f1o de Harvard y director del Centro de Investigaci\u00f3n de Ecolog\u00eda, Paisaje y Urbanismo de la UAI en Chile.<\/p>\n","protected":false},"featured_media":7935,"template":"","meta":{"_price":"","_stock":"","_tribe_ticket_header":"","_tribe_default_ticket_provider":"","_tribe_ticket_capacity":"0","_ticket_start_date":"","_ticket_end_date":"","_tribe_ticket_show_description":"","_tribe_ticket_show_not_going":false,"_tribe_ticket_use_global_stock":"","_tribe_ticket_global_stock_level":"","_global_stock_mode":"","_global_stock_cap":"","_tribe_rsvp_for_event":"","_tribe_ticket_going_count":"","_tribe_ticket_not_going_count":"","_tribe_tickets_list":[],"_tribe_ticket_has_attendee_info_fields":false},"categories":[],"barrera":[118],"pais":[],"acf":[],"_links":{"self":[{"href":"https:\/\/affordablehousingactivation.org\/es\/wp-json\/wp\/v2\/experts\/7849"}],"collection":[{"href":"https:\/\/affordablehousingactivation.org\/es\/wp-json\/wp\/v2\/experts"}],"about":[{"href":"https:\/\/affordablehousingactivation.org\/es\/wp-json\/wp\/v2\/types\/experts"}],"wp:featuredmedia":[{"embeddable":true,"href":"https:\/\/affordablehousingactivation.org\/es\/wp-json\/wp\/v2\/media\/7935"}],"wp:attachment":[{"href":"https:\/\/affordablehousingactivation.org\/es\/wp-json\/wp\/v2\/media?parent=7849"}],"wp:term":[{"taxonomy":"category","embeddable":true,"href":"https:\/\/affordablehousingactivation.org\/es\/wp-json\/wp\/v2\/categories?post=7849"},{"taxonomy":"barrera","embeddable":true,"href":"https:\/\/affordablehousingactivation.org\/es\/wp-json\/wp\/v2\/barrera?post=7849"},{"taxonomy":"pais","embeddable":true,"href":"https:\/\/affordablehousingactivation.org\/es\/wp-json\/wp\/v2\/pais?post=7849"}],"curies":[{"name":"wp","href":"https:\/\/api.w.org\/{rel}","templated":true}]}}

<p>Felipe Vera se formó como Arquitecto y Urbanista en la Universidad de Chile (2009). Tiene un MDeS en Urbanismo, Paisaje y Ecología por la Harvard Graduate School of Design (2013) y un Máster en Gestión de Proyectos inmobiliarios por la Universidad de Chile (2010).</p>
<p>Es especialista de la División de Vivienda y Desarrollo Urbano del BID. Desde la Sede del Banco en Chile y Argentina trabaja en programas de mejoramiento de barrios marginales, revitalización urbana de áreas centrales, infraestructura sostenible, gobernanza metropolitana y vivienda sostenible.</p>
<p>Anteriormente fue Investigador asociado y profesor visitante en la Escuela de Graduados de Diseño de Harvard y director del Centro de Investigación de Ecología, Paisaje y Urbanismo de la UAI en Chile.</p>
