{"id":7851,"date":"2022-05-03T16:29:32","date_gmt":"2022-05-03T14:29:32","guid":{"rendered":"https:\/\/affordablehousingactivation.org\/experts\/haymanot-watchmeister-2\/"},"modified":"2022-05-04T23:00:38","modified_gmt":"2022-05-04T21:00:38","slug":"haymanot-watchmeister-2","status":"publish","type":"experts","link":"https:\/\/affordablehousingactivation.org\/es\/experts\/haymanot-watchmeister-2\/","title":{"rendered":"Haymanot Watchmeister"},"content":{"rendered":"<p>La Dra. Haymanot Wachtmeister (LL.M y PhD por la Facultad de Derecho de la Universidad de Estocolmo) es investigadora en derecho mercantil, especializada en los mercados de la vivienda. Tiene un conocimiento \u00fanico del sistema sueco de control de alquileres al ser la primera investigadora jur\u00eddica que public\u00f3 la primera tesis doctoral extensa sobre el control de alquileres y la legislaci\u00f3n de fijaci\u00f3n de alquileres en Suecia. Como especialista en derecho mercantil, tiene una comprensi\u00f3n \u00fanica de la interfaz entre el mercado y el derecho. Su experiencia en la pr\u00e1ctica privada, los organismos legislativos, las organizaciones internacionales y la investigaci\u00f3n jur\u00eddica cualificada le confieren un perfil \u00fanico. Ha presentado su investigaci\u00f3n en varias ocasiones en el marco del proyecto TENLAW y en conferencias del CEDH, y tambi\u00e9n ha contribuido al informe nacional de FEANSA sobre Suecia durante 2020.<\/p>\n","protected":false},"featured_media":8135,"template":"","meta":{"_price":"","_stock":"","_tribe_ticket_header":"","_tribe_default_ticket_provider":"","_tribe_ticket_capacity":"0","_ticket_start_date":"","_ticket_end_date":"","_tribe_ticket_show_description":"","_tribe_ticket_show_not_going":false,"_tribe_ticket_use_global_stock":"","_tribe_ticket_global_stock_level":"","_global_stock_mode":"","_global_stock_cap":"","_tribe_rsvp_for_event":"","_tribe_ticket_going_count":"","_tribe_ticket_not_going_count":"","_tribe_tickets_list":[],"_tribe_ticket_has_attendee_info_fields":false},"categories":[],"barrera":[118],"pais":[],"acf":[],"_links":{"self":[{"href":"https:\/\/affordablehousingactivation.org\/es\/wp-json\/wp\/v2\/experts\/7851"}],"collection":[{"href":"https:\/\/affordablehousingactivation.org\/es\/wp-json\/wp\/v2\/experts"}],"about":[{"href":"https:\/\/affordablehousingactivation.org\/es\/wp-json\/wp\/v2\/types\/experts"}],"wp:featuredmedia":[{"embeddable":true,"href":"https:\/\/affordablehousingactivation.org\/es\/wp-json\/wp\/v2\/media\/8135"}],"wp:attachment":[{"href":"https:\/\/affordablehousingactivation.org\/es\/wp-json\/wp\/v2\/media?parent=7851"}],"wp:term":[{"taxonomy":"category","embeddable":true,"href":"https:\/\/affordablehousingactivation.org\/es\/wp-json\/wp\/v2\/categories?post=7851"},{"taxonomy":"barrera","embeddable":true,"href":"https:\/\/affordablehousingactivation.org\/es\/wp-json\/wp\/v2\/barrera?post=7851"},{"taxonomy":"pais","embeddable":true,"href":"https:\/\/affordablehousingactivation.org\/es\/wp-json\/wp\/v2\/pais?post=7851"}],"curies":[{"name":"wp","href":"https:\/\/api.w.org\/{rel}","templated":true}]}}

<p>La Dra. Haymanot Wachtmeister (LL.M y PhD por la Facultad de Derecho de la Universidad de Estocolmo) es investigadora en derecho mercantil, especializada en los mercados de la vivienda. Tiene un conocimiento único del sistema sueco de control de alquileres al ser la primera investigadora jurídica que publicó la primera tesis doctoral extensa sobre el control de alquileres y la legislación de fijación de alquileres en Suecia. Como especialista en derecho mercantil, tiene una comprensión única de la interfaz entre el mercado y el derecho. Su experiencia en la práctica privada, los organismos legislativos, las organizaciones internacionales y la investigación jurídica cualificada le confieren un perfil único. Ha presentado su investigación en varias ocasiones en el marco del proyecto TENLAW y en conferencias del CEDH, y también ha contribuido al informe nacional de FEANSA sobre Suecia durante 2020.</p>
