{"id":7855,"date":"2022-05-03T16:29:32","date_gmt":"2022-05-03T14:29:32","guid":{"rendered":"https:\/\/affordablehousingactivation.org\/experts\/kunle-adeyemi-2\/"},"modified":"2022-05-05T17:17:56","modified_gmt":"2022-05-05T15:17:56","slug":"kunle-adeyemi-2","status":"publish","type":"experts","link":"https:\/\/affordablehousingactivation.org\/es\/experts\/kunle-adeyemi-2\/","title":{"rendered":"Kunl\u00e9 Adeyemi"},"content":{"rendered":"<p>Kunl\u00e9 Adeyemi es un arquitecto, planificador y estratega del desarrollo cuyas obras son reconocidas internacionalmente por su innovaci\u00f3n y originalidad. Es el fundador y director de NL\u00c9, un estudio de arquitectura, dise\u00f1o y urbanismo fundado en 2010 para innovar ciudades y comunidades. Tambi\u00e9n es profesor visitante adjunto en la Universidad de Lagos (Nigeria) y presidente del Centro Africano de Ciudades del Agua instituido en la Universidad. Entre las obras m\u00e1s destacadas de Adeyemi se encuentra el \u00abSistema Flotante Makoko (MFSTM)\u00bb, una innovadora soluci\u00f3n de construcci\u00f3n prefabricada para desarrollos sobre el agua, implantada en 5 pa\u00edses de 3 continentes, con la \u00faltima iteraci\u00f3n, el Centro Flotante Mansa en Sao Vicente (Cabo Verde). Este aclamado proyecto forma parte del amplio conjunto de trabajos y nuevas empresas de NL\u00c9 -el Grupo de Ciudades del Agua y el Centro Africano de Ciudades del Agua- centrados en las intersecciones de la r\u00e1pida urbanizaci\u00f3n y el cambio clim\u00e1tico.<\/p>\n<p>En 2016, NL\u00c9 recibi\u00f3 el Premio Le\u00f3n de Plata en la 15\u00aa Exposici\u00f3n Internacional de Arquitectura &#8211; La Biennale di Venezia por la Escuela Flotante Makoko. Otros proyectos de NL\u00c9 son A Prelude to The Shed en Nueva York (Estados Unidos), la Black Rhino Academy en Karatu (Tanzania) y la Serpentine Summer House en los Royal Kensington Gardens de Londres (Reino Unido). Antes de fundar NL\u00c9, Adeyemi trabaj\u00f3 estrechamente con Rem Koolhaas durante unos 9 a\u00f1os en la mundialmente conocida Office for Metropolitan Architecture (OMA), donde dirigi\u00f3 el dise\u00f1o y el desarrollo de importantes proyectos como la torre de la Bolsa de Shenzhen en China, la Biblioteca Nacional de Qatar y la sede de la Fundaci\u00f3n Qatar en Doha, el Museo de Arte de Samsung y el transformador de Prada en Se\u00fal.<\/p>\n<p>Adem\u00e1s de su pr\u00e1ctica profesional, con m\u00faltiples y prestigiosos premios, Adeyemi es un conferenciante internacional y l\u00edder de opini\u00f3n. Ha actuado como jurado y nominador para distinguir a muchos talentos del sector, como el premio internacional RIBA, los premios AIA, el jurado de la Bienal de Venecia y el programa Rolex Mentor y Proteg\u00e9. Adeyemi es doctor honoris causa en Arquitectura por la Universidad de Hasselt (B\u00e9lgica) y posee un certificado en Econom\u00eda y Finanzas Inmobiliarias por la London School of Economics (LSE). Ha ocupado varios puestos acad\u00e9micos, entre ellos el de cr\u00edtico de dise\u00f1o Aga Khan en arquitectura en la Escuela de Dise\u00f1o de la Universidad de Harvard en 2017, profesor adjunto en la Escuela de Arquitectura, Planificaci\u00f3n y Conservaci\u00f3n de la Universidad de Columbia, Nueva York, cr\u00edtico visitante en la Universidad de Cornell y profesor visitante en la Universidad de Princeton, donde dirige la investigaci\u00f3n acad\u00e9mica sobre arquitectura y soluciones urbanas m\u00e1s cercanas a las necesidades sociales, medioambientales y econ\u00f3micas.<\/p>\n","protected":false},"featured_media":8265,"template":"","meta":{"_price":"","_stock":"","_tribe_ticket_header":"","_tribe_default_ticket_provider":"","_tribe_ticket_capacity":"0","_ticket_start_date":"","_ticket_end_date":"","_tribe_ticket_show_description":"","_tribe_ticket_show_not_going":false,"_tribe_ticket_use_global_stock":"","_tribe_ticket_global_stock_level":"","_global_stock_mode":"","_global_stock_cap":"","_tribe_rsvp_for_event":"","_tribe_ticket_going_count":"","_tribe_ticket_not_going_count":"","_tribe_tickets_list":[],"_tribe_ticket_has_attendee_info_fields":false},"categories":[],"barrera":[118],"pais":[],"acf":[],"_links":{"self":[{"href":"https:\/\/affordablehousingactivation.org\/es\/wp-json\/wp\/v2\/experts\/7855"}],"collection":[{"href":"https:\/\/affordablehousingactivation.org\/es\/wp-json\/wp\/v2\/experts"}],"about":[{"href":"https:\/\/affordablehousingactivation.org\/es\/wp-json\/wp\/v2\/types\/experts"}],"wp:featuredmedia":[{"embeddable":true,"href":"https:\/\/affordablehousingactivation.org\/es\/wp-json\/wp\/v2\/media\/8265"}],"wp:attachment":[{"href":"https:\/\/affordablehousingactivation.org\/es\/wp-json\/wp\/v2\/media?parent=7855"}],"wp:term":[{"taxonomy":"category","embeddable":true,"href":"https:\/\/affordablehousingactivation.org\/es\/wp-json\/wp\/v2\/categories?post=7855"},{"taxonomy":"barrera","embeddable":true,"href":"https:\/\/affordablehousingactivation.org\/es\/wp-json\/wp\/v2\/barrera?post=7855"},{"taxonomy":"pais","embeddable":true,"href":"https:\/\/affordablehousingactivation.org\/es\/wp-json\/wp\/v2\/pais?post=7855"}],"curies":[{"name":"wp","href":"https:\/\/api.w.org\/{rel}","templated":true}]}}

Kunlé Adeyemi

<p>Kunlé Adeyemi es un arquitecto, planificador y estratega del desarrollo cuyas obras son reconocidas internacionalmente por su innovación y originalidad. Es el fundador y director de NLÉ, un estudio de arquitectura, diseño y urbanismo fundado en 2010 para innovar ciudades y comunidades. También es profesor visitante adjunto en la Universidad de Lagos (Nigeria) y presidente del Centro Africano de Ciudades del Agua instituido en la Universidad. Entre las obras más destacadas de Adeyemi se encuentra el «Sistema Flotante Makoko (MFSTM)», una innovadora solución de construcción prefabricada para desarrollos sobre el agua, implantada en 5 países de 3 continentes, con la última iteración, el Centro Flotante Mansa en Sao Vicente (Cabo Verde). Este aclamado proyecto forma parte del amplio conjunto de trabajos y nuevas empresas de NLÉ -el Grupo de Ciudades del Agua y el Centro Africano de Ciudades del Agua- centrados en las intersecciones de la rápida urbanización y el cambio climático.</p>
<p>En 2016, NLÉ recibió el Premio León de Plata en la 15ª Exposición Internacional de Arquitectura &#8211; La Biennale di Venezia por la Escuela Flotante Makoko. Otros proyectos de NLÉ son A Prelude to The Shed en Nueva York (Estados Unidos), la Black Rhino Academy en Karatu (Tanzania) y la Serpentine Summer House en los Royal Kensington Gardens de Londres (Reino Unido). Antes de fundar NLÉ, Adeyemi trabajó estrechamente con Rem Koolhaas durante unos 9 años en la mundialmente conocida Office for Metropolitan Architecture (OMA), donde dirigió el diseño y el desarrollo de importantes proyectos como la torre de la Bolsa de Shenzhen en China, la Biblioteca Nacional de Qatar y la sede de la Fundación Qatar en Doha, el Museo de Arte de Samsung y el transformador de Prada en Seúl.</p>
<p>Además de su práctica profesional, con múltiples y prestigiosos premios, Adeyemi es un conferenciante internacional y líder de opinión. Ha actuado como jurado y nominador para distinguir a muchos talentos del sector, como el premio internacional RIBA, los premios AIA, el jurado de la Bienal de Venecia y el programa Rolex Mentor y Protegé. Adeyemi es doctor honoris causa en Arquitectura por la Universidad de Hasselt (Bélgica) y posee un certificado en Economía y Finanzas Inmobiliarias por la London School of Economics (LSE). Ha ocupado varios puestos académicos, entre ellos el de crítico de diseño Aga Khan en arquitectura en la Escuela de Diseño de la Universidad de Harvard en 2017, profesor adjunto en la Escuela de Arquitectura, Planificación y Conservación de la Universidad de Columbia, Nueva York, crítico visitante en la Universidad de Cornell y profesor visitante en la Universidad de Princeton, donde dirige la investigación académica sobre arquitectura y soluciones urbanas más cercanas a las necesidades sociales, medioambientales y económicas.</p>
