{"id":7859,"date":"2022-05-03T16:29:32","date_gmt":"2022-05-03T14:29:32","guid":{"rendered":"https:\/\/affordablehousingactivation.org\/experts\/jose-maria-lapuerta-2\/"},"modified":"2022-05-10T13:40:43","modified_gmt":"2022-05-10T11:40:43","slug":"jose-maria-lapuerta-2","status":"publish","type":"experts","link":"https:\/\/affordablehousingactivation.org\/es\/experts\/jose-maria-lapuerta-2\/","title":{"rendered":"Jos\u00e9 Mar\u00eda Lapuerta"},"content":{"rendered":"<p>Profesor de la C\u00e1tedra de Dise\u00f1o Arquitect\u00f3nico de la Escuela T\u00e9cnica Superior de Arquitectura de Madrid, ETSAM, UPM. Profesor honorario de la Universidad de Montevideo. Director del M\u00e1ster en Ciencias de la Ciudad (MCS), ETSAM, UPM. En el \u00e1mbito acad\u00e9mico, Jos\u00e9 Mar\u00eda tiene una reconocida trayectoria. Adem\u00e1s de su cargo como profesor titular de la ETSAM y director del M\u00e1ster en Vivienda Colectiva, es director y coordinador de los cursos de doctorado del convenio del programa de doctorado entre la Universidad de la Rep\u00fablica de Uruguay y la Universidad Polit\u00e9cnica de Madrid.<\/p>\n<p>Tambi\u00e9n ha sido director de la Escuela de Verano de la UPM, coordinador del Master en Dise\u00f1o de Interiores de la ETSAM y coordinador del convenio S\u00f3crates-Erasmus con la Universidad Tecnol\u00f3gica de Eslovaquia. Ha sido director de varias tesis doctorales y tutor de tesis finales en la ETSAM, UPM. Ha sido miembro del Consejo de Cultura de Madrid, miembro de la Junta de Gobierno del COAM y representante del Consejo Superior de Arquitectos.<\/p>\n<p>Tambi\u00e9n ha participado como jurado de varios premios y concursos de arquitectura y ha sido ponente en conferencias por todo el mundo. Es miembro del Grupo de Investigaci\u00f3n sobre Vivienda Colectiva de la ETSAM, UPM y ha participado en diferentes proyectos de investigaci\u00f3n. Sus escritos han sido publicados en libros y revistas como Arquitectura Viva, Habita\u00e7ao e Cidade o Ciudad y Territorio, entre otros.\u00a0En el \u00e1mbito profesional, es fundador y director general de DL+A arquitectos, estudio que lleva m\u00e1s de 25 a\u00f1os en funcionamiento.<\/p>\n","protected":false},"featured_media":8761,"template":"","meta":{"_price":"","_stock":"","_tribe_ticket_header":"","_tribe_default_ticket_provider":"","_tribe_ticket_capacity":"0","_ticket_start_date":"","_ticket_end_date":"","_tribe_ticket_show_description":"","_tribe_ticket_show_not_going":false,"_tribe_ticket_use_global_stock":"","_tribe_ticket_global_stock_level":"","_global_stock_mode":"","_global_stock_cap":"","_tribe_rsvp_for_event":"","_tribe_ticket_going_count":"","_tribe_ticket_not_going_count":"","_tribe_tickets_list":[],"_tribe_ticket_has_attendee_info_fields":false},"categories":[],"barrera":[119],"pais":[],"acf":[],"_links":{"self":[{"href":"https:\/\/affordablehousingactivation.org\/es\/wp-json\/wp\/v2\/experts\/7859"}],"collection":[{"href":"https:\/\/affordablehousingactivation.org\/es\/wp-json\/wp\/v2\/experts"}],"about":[{"href":"https:\/\/affordablehousingactivation.org\/es\/wp-json\/wp\/v2\/types\/experts"}],"wp:featuredmedia":[{"embeddable":true,"href":"https:\/\/affordablehousingactivation.org\/es\/wp-json\/wp\/v2\/media\/8761"}],"wp:attachment":[{"href":"https:\/\/affordablehousingactivation.org\/es\/wp-json\/wp\/v2\/media?parent=7859"}],"wp:term":[{"taxonomy":"category","embeddable":true,"href":"https:\/\/affordablehousingactivation.org\/es\/wp-json\/wp\/v2\/categories?post=7859"},{"taxonomy":"barrera","embeddable":true,"href":"https:\/\/affordablehousingactivation.org\/es\/wp-json\/wp\/v2\/barrera?post=7859"},{"taxonomy":"pais","embeddable":true,"href":"https:\/\/affordablehousingactivation.org\/es\/wp-json\/wp\/v2\/pais?post=7859"}],"curies":[{"name":"wp","href":"https:\/\/api.w.org\/{rel}","templated":true}]}}

José María Lapuerta

<p>Profesor de la Cátedra de Diseño Arquitectónico de la Escuela Técnica Superior de Arquitectura de Madrid, ETSAM, UPM. Profesor honorario de la Universidad de Montevideo. Director del Máster en Ciencias de la Ciudad (MCS), ETSAM, UPM. En el ámbito académico, José María tiene una reconocida trayectoria. Además de su cargo como profesor titular de la ETSAM y director del Máster en Vivienda Colectiva, es director y coordinador de los cursos de doctorado del convenio del programa de doctorado entre la Universidad de la República de Uruguay y la Universidad Politécnica de Madrid.</p>
<p>También ha sido director de la Escuela de Verano de la UPM, coordinador del Master en Diseño de Interiores de la ETSAM y coordinador del convenio Sócrates-Erasmus con la Universidad Tecnológica de Eslovaquia. Ha sido director de varias tesis doctorales y tutor de tesis finales en la ETSAM, UPM. Ha sido miembro del Consejo de Cultura de Madrid, miembro de la Junta de Gobierno del COAM y representante del Consejo Superior de Arquitectos.</p>
<p>También ha participado como jurado de varios premios y concursos de arquitectura y ha sido ponente en conferencias por todo el mundo. Es miembro del Grupo de Investigación sobre Vivienda Colectiva de la ETSAM, UPM y ha participado en diferentes proyectos de investigación. Sus escritos han sido publicados en libros y revistas como Arquitectura Viva, Habitaçao e Cidade o Ciudad y Territorio, entre otros. En el ámbito profesional, es fundador y director general de DL+A arquitectos, estudio que lleva más de 25 años en funcionamiento.</p>
