{"id":7865,"date":"2022-05-03T16:29:33","date_gmt":"2022-05-03T14:29:33","guid":{"rendered":"https:\/\/affordablehousingactivation.org\/experts\/thipparat-noppaladarom-2\/"},"modified":"2022-05-03T20:21:09","modified_gmt":"2022-05-03T18:21:09","slug":"thipparat-noppaladarom-2","status":"publish","type":"experts","link":"https:\/\/affordablehousingactivation.org\/es\/experts\/thipparat-noppaladarom-2\/","title":{"rendered":"Thipparat Noppaladarom"},"content":{"rendered":"<p>Nacionalidad: Tailandesa<\/p>\n<p>Pa\u00eds: Tailandia<\/p>\n<p><strong>Posici\u00f3n actual\u00a0\u00a0<\/strong><\/p>\n<ul>\n<li>Asesora, Instituto de Desarrollo de Organizaciones Comunitarias<\/li>\n<li>(CODI) (organizaci\u00f3n p\u00fablica), Ministerio de Desarrollo Social y Seguridad Humana, Tailandia<\/li>\n<li>Consejo Ejecutivo, Oficina de la Comisi\u00f3n Nacional de Salud<\/li>\n<li>Subcomit\u00e9 del Comit\u00e9 Nacional de Pol\u00edtica de Vivienda de Tailandia<\/li>\n<li>Vicepresidenta del Comit\u00e9 de la Coalici\u00f3n Asi\u00e1tica por el Derecho a la Vivienda (ACHR)<\/li>\n<\/ul>\n<p><strong>Posici\u00f3n anterior\u00a0\u00a0<\/strong><\/p>\n<ul>\n<li data-leveltext=\"-\" data-font=\"TH SarabunPSK\" data-listid=\"7\" aria-setsize=\"-1\" data-aria-posinset=\"0\" data-aria-level=\"1\">Directora del Instituto de Desarrollo de Organizaciones Comunitarias (CODI) (organismo p\u00fablico), Ministerio de Desarrollo Social y Seguridad Humana.<\/li>\n<\/ul>\n<p><strong>Educaci\u00f3n\/Formaci\u00f3n\/Seminarios Antecedentes\u00a0\u00a0<\/strong><\/p>\n<ul>\n<li>Licenciada en Arquitectura, (con honores.) Universidad de Chulalongkorn<\/li>\n<li>M\u00e1ster en Ciencias (Planificaci\u00f3n Urbana), Instituto Asi\u00e1tico de Tecnolog\u00eda<\/li>\n<li>Certificado de Estudios de Vivienda y Planificaci\u00f3n, Instituto de Estudios de la Vivienda, Pa\u00edses Bajos<\/li>\n<li>Formaci\u00f3n en Estrategia de Inversi\u00f3n Inmobiliaria: An\u00e1lisis y decisi\u00f3n, SASIN, Universidad de Chulalongkorn<\/li>\n<li>Formaci\u00f3n profesional en renovaci\u00f3n urbana, reajuste del terreno y desarrollo de nuevas ciudades, JICA, Jap\u00f3n<\/li>\n<li>Seminarios y visitas de estudio sobre desarrollo de comunidades y viviendas en Jap\u00f3n, Indonesia, India, Malasia, etc.<\/li>\n<li>Oradora invitada: Conferencia internacional, programas de seminarios del PNUD, ESCAP, UNHABITAT, Banco Mundial, Banco Asi\u00e1tico de Desarrollo (BAD), etc.<\/li>\n<\/ul>\n<p><strong>Experiencias laborales\u00a0\u00a0<\/strong><\/p>\n<ul>\n<li>Arquitecta e Investigadoa, Departamento de Investigaci\u00f3n, Autoridad Nacional de la Vivienda (ANS)<\/li>\n<li>Analista, Departamento de Pol\u00edtica y Planificaci\u00f3n, Autoridad Nacional de la Vivienda (ANS)<\/li>\n<li>Directora Adjunta, Divisi\u00f3n de Pol\u00edtica y Planificaci\u00f3n de la Vivienda, Departamento de Pol\u00edtica y Planificaci\u00f3n<\/li>\n<li>Departamento de Pol\u00edtica y Planificaci\u00f3n, ANS<\/li>\n<li>Directora de la Divisi\u00f3n de Pol\u00edtica y Planificaci\u00f3n de la Vivienda, Departamento de Pol\u00edtica y Planificaci\u00f3n, CNS<\/li>\n<li>Directora adjunta del Instituto de Desarrollo de Organizaciones Comunitarias (CODI) (organizaci\u00f3n p\u00fablica)<\/li>\n<li>Directora, Instituto de Desarrollo de Organizaciones Comunitarias (CODI) (Organizaci\u00f3n P\u00fablica), Ministerio de Desarrollo Social y Seguridad Humana.<\/li>\n<li>Delegaci\u00f3n de Tailandia en la Tercera Conferencia de ONU-H\u00e1bitat \/ Foro Urbano Mundial, etc.<\/li>\n<\/ul>\n","protected":false},"featured_media":7942,"template":"","meta":{"_price":"","_stock":"","_tribe_ticket_header":"","_tribe_default_ticket_provider":"","_tribe_ticket_capacity":"0","_ticket_start_date":"","_ticket_end_date":"","_tribe_ticket_show_description":"","_tribe_ticket_show_not_going":false,"_tribe_ticket_use_global_stock":"","_tribe_ticket_global_stock_level":"","_global_stock_mode":"","_global_stock_cap":"","_tribe_rsvp_for_event":"","_tribe_ticket_going_count":"","_tribe_ticket_not_going_count":"","_tribe_tickets_list":[],"_tribe_ticket_has_attendee_info_fields":false},"categories":[],"barrera":[119],"pais":[],"acf":[],"_links":{"self":[{"href":"https:\/\/affordablehousingactivation.org\/es\/wp-json\/wp\/v2\/experts\/7865"}],"collection":[{"href":"https:\/\/affordablehousingactivation.org\/es\/wp-json\/wp\/v2\/experts"}],"about":[{"href":"https:\/\/affordablehousingactivation.org\/es\/wp-json\/wp\/v2\/types\/experts"}],"wp:featuredmedia":[{"embeddable":true,"href":"https:\/\/affordablehousingactivation.org\/es\/wp-json\/wp\/v2\/media\/7942"}],"wp:attachment":[{"href":"https:\/\/affordablehousingactivation.org\/es\/wp-json\/wp\/v2\/media?parent=7865"}],"wp:term":[{"taxonomy":"category","embeddable":true,"href":"https:\/\/affordablehousingactivation.org\/es\/wp-json\/wp\/v2\/categories?post=7865"},{"taxonomy":"barrera","embeddable":true,"href":"https:\/\/affordablehousingactivation.org\/es\/wp-json\/wp\/v2\/barrera?post=7865"},{"taxonomy":"pais","embeddable":true,"href":"https:\/\/affordablehousingactivation.org\/es\/wp-json\/wp\/v2\/pais?post=7865"}],"curies":[{"name":"wp","href":"https:\/\/api.w.org\/{rel}","templated":true}]}}

<p>Nacionalidad: Tailandesa</p>
<p>País: Tailandia</p>
<p><strong>Posición actual  </strong></p>
<ul>
<li>Asesora, Instituto de Desarrollo de Organizaciones Comunitarias</li>
<li>(CODI) (organización pública), Ministerio de Desarrollo Social y Seguridad Humana, Tailandia</li>
<li>Consejo Ejecutivo, Oficina de la Comisión Nacional de Salud</li>
<li>Subcomité del Comité Nacional de Política de Vivienda de Tailandia</li>
<li>Vicepresidenta del Comité de la Coalición Asiática por el Derecho a la Vivienda (ACHR)</li>
</ul>
<p><strong>Posición anterior  </strong></p>
<ul>
<li data-leveltext="-" data-font="TH SarabunPSK" data-listid="7" aria-setsize="-1" data-aria-posinset="0" data-aria-level="1">Directora del Instituto de Desarrollo de Organizaciones Comunitarias (CODI) (organismo público), Ministerio de Desarrollo Social y Seguridad Humana.</li>
</ul>
<p><strong>Educación/Formación/Seminarios Antecedentes  </strong></p>
<ul>
<li>Licenciada en Arquitectura, (con honores.) Universidad de Chulalongkorn</li>
<li>Máster en Ciencias (Planificación Urbana), Instituto Asiático de Tecnología</li>
<li>Certificado de Estudios de Vivienda y Planificación, Instituto de Estudios de la Vivienda, Países Bajos</li>
<li>Formación en Estrategia de Inversión Inmobiliaria: Análisis y decisión, SASIN, Universidad de Chulalongkorn</li>
<li>Formación profesional en renovación urbana, reajuste del terreno y desarrollo de nuevas ciudades, JICA, Japón</li>
<li>Seminarios y visitas de estudio sobre desarrollo de comunidades y viviendas en Japón, Indonesia, India, Malasia, etc.</li>
<li>Oradora invitada: Conferencia internacional, programas de seminarios del PNUD, ESCAP, UNHABITAT, Banco Mundial, Banco Asiático de Desarrollo (BAD), etc.</li>
</ul>
<p><strong>Experiencias laborales  </strong></p>
<ul>
<li>Arquitecta e Investigadoa, Departamento de Investigación, Autoridad Nacional de la Vivienda (ANS)</li>
<li>Analista, Departamento de Política y Planificación, Autoridad Nacional de la Vivienda (ANS)</li>
<li>Directora Adjunta, División de Política y Planificación de la Vivienda, Departamento de Política y Planificación</li>
<li>Departamento de Política y Planificación, ANS</li>
<li>Directora de la División de Política y Planificación de la Vivienda, Departamento de Política y Planificación, CNS</li>
<li>Directora adjunta del Instituto de Desarrollo de Organizaciones Comunitarias (CODI) (organización pública)</li>
<li>Directora, Instituto de Desarrollo de Organizaciones Comunitarias (CODI) (Organización Pública), Ministerio de Desarrollo Social y Seguridad Humana.</li>
<li>Delegación de Tailandia en la Tercera Conferencia de ONU-Hábitat / Foro Urbano Mundial, etc.</li>
</ul>
