{"id":7869,"date":"2022-05-03T16:29:33","date_gmt":"2022-05-03T14:29:33","guid":{"rendered":"https:\/\/affordablehousingactivation.org\/experts\/susana-saiz-2\/"},"modified":"2022-05-10T17:01:25","modified_gmt":"2022-05-10T15:01:25","slug":"susana-saiz-2","status":"publish","type":"experts","link":"https:\/\/affordablehousingactivation.org\/es\/experts\/susana-saiz-2\/","title":{"rendered":"Susana Saiz"},"content":{"rendered":"<p>Arquitecta de formaci\u00f3n, aporta m\u00e1s de 20 a\u00f1os de experiencia como consultora de sostenibilidad con s\u00f3lidas competencias en pensamiento sist\u00e9mico y dise\u00f1o integrado. Susana ha gestionado la certificaci\u00f3n de m\u00e1s de 50 proyectos en todo el mundo. Con m\u00e1s de 14 a\u00f1os trabajando como Profesional Acreditada LEED (AP), cree que los marcos de sostenibilidad son esenciales para cuantificar y medir el rendimiento de la sostenibilidad y allanar el camino hacia el dise\u00f1o restaurativo.<\/p>\n<p>Como primera profesional acreditada por WELL AP &amp; Faculty en Espa\u00f1a, dirigi\u00f3 el proceso de certificaci\u00f3n del primer edificio certificado por WELL Core &amp; Shell en Espa\u00f1a.<\/p>\n<p>Susana da conferencias en varias universidades sobre la sostenibilidad en el entorno construido. Tambi\u00e9n forma parte del grupo de activistas de la regi\u00f3n de Europa que ayuda a promover e integrar los Objetivos de Desarrollo Sostenible de las Naciones Unidas (ODS) en nuestra pr\u00e1ctica diaria, impulsada por la innovaci\u00f3n y el reconocimiento de las demandas de nuestra gente, nuestros clientes y nuestro entorno.<\/p>\n","protected":false},"featured_media":8784,"template":"","meta":{"_price":"","_stock":"","_tribe_ticket_header":"","_tribe_default_ticket_provider":"","_tribe_ticket_capacity":"0","_ticket_start_date":"","_ticket_end_date":"","_tribe_ticket_show_description":"","_tribe_ticket_show_not_going":false,"_tribe_ticket_use_global_stock":"","_tribe_ticket_global_stock_level":"","_global_stock_mode":"","_global_stock_cap":"","_tribe_rsvp_for_event":"","_tribe_ticket_going_count":"","_tribe_ticket_not_going_count":"","_tribe_tickets_list":[],"_tribe_ticket_has_attendee_info_fields":false},"categories":[],"barrera":[121],"pais":[],"acf":[],"_links":{"self":[{"href":"https:\/\/affordablehousingactivation.org\/es\/wp-json\/wp\/v2\/experts\/7869"}],"collection":[{"href":"https:\/\/affordablehousingactivation.org\/es\/wp-json\/wp\/v2\/experts"}],"about":[{"href":"https:\/\/affordablehousingactivation.org\/es\/wp-json\/wp\/v2\/types\/experts"}],"wp:featuredmedia":[{"embeddable":true,"href":"https:\/\/affordablehousingactivation.org\/es\/wp-json\/wp\/v2\/media\/8784"}],"wp:attachment":[{"href":"https:\/\/affordablehousingactivation.org\/es\/wp-json\/wp\/v2\/media?parent=7869"}],"wp:term":[{"taxonomy":"category","embeddable":true,"href":"https:\/\/affordablehousingactivation.org\/es\/wp-json\/wp\/v2\/categories?post=7869"},{"taxonomy":"barrera","embeddable":true,"href":"https:\/\/affordablehousingactivation.org\/es\/wp-json\/wp\/v2\/barrera?post=7869"},{"taxonomy":"pais","embeddable":true,"href":"https:\/\/affordablehousingactivation.org\/es\/wp-json\/wp\/v2\/pais?post=7869"}],"curies":[{"name":"wp","href":"https:\/\/api.w.org\/{rel}","templated":true}]}}

<p>Arquitecta de formación, aporta más de 20 años de experiencia como consultora de sostenibilidad con sólidas competencias en pensamiento sistémico y diseño integrado. Susana ha gestionado la certificación de más de 50 proyectos en todo el mundo. Con más de 14 años trabajando como Profesional Acreditada LEED (AP), cree que los marcos de sostenibilidad son esenciales para cuantificar y medir el rendimiento de la sostenibilidad y allanar el camino hacia el diseño restaurativo.</p>
<p>Como primera profesional acreditada por WELL AP &amp; Faculty en España, dirigió el proceso de certificación del primer edificio certificado por WELL Core &amp; Shell en España.</p>
<p>Susana da conferencias en varias universidades sobre la sostenibilidad en el entorno construido. También forma parte del grupo de activistas de la región de Europa que ayuda a promover e integrar los Objetivos de Desarrollo Sostenible de las Naciones Unidas (ODS) en nuestra práctica diaria, impulsada por la innovación y el reconocimiento de las demandas de nuestra gente, nuestros clientes y nuestro entorno.</p>
