{"id":8711,"date":"2022-05-10T06:56:23","date_gmt":"2022-05-10T04:56:23","guid":{"rendered":"https:\/\/affordablehousingactivation.org\/?post_type=experts&#038;p=8711"},"modified":"2022-05-12T23:39:53","modified_gmt":"2022-05-12T21:39:53","slug":"marcos-ros","status":"publish","type":"experts","link":"https:\/\/affordablehousingactivation.org\/es\/experts\/marcos-ros\/","title":{"rendered":"Marcos Ros"},"content":{"rendered":"<p>Marcos Ros es diputado espa\u00f1ol al Parlamento Europeo, en el Grupo de la Alianza Progresista de Socialistas y Dem\u00f3cratas. Es miembro titular de la Comisi\u00f3n de Cultura y Educaci\u00f3n y de la Comisi\u00f3n de Desarrollo Regional.<\/p>\n<p>Marcos ha trabajado muy activamente en la Nueva Bauhaus Europea dentro del Parlamento Europeo, siendo el iniciador y coordinador del Grupo de Amistad de la Nueva Bauhaus Europea, que ahora cuenta con m\u00e1s de 30 eurodiputados. Ahora trabaja tambi\u00e9n como coponente del informe de iniciativa propia sobre la Nueva Bauhaus Europea de la Comisi\u00f3n de Cultura.<\/p>\n<p>Su trayectoria profesional y pol\u00edtica est\u00e1 estrechamente ligada a la arquitectura y el urbanismo. Es doctor en arquitectura por la Universidad de Madrid y profesor en excedencia de urbanismo en la Escuela de Arquitectura de Cartagena. En esta facultad dirigi\u00f3 un grupo de investigaci\u00f3n sobre urbanismo. Marcos tiene tambi\u00e9n una gran experiencia en restauraci\u00f3n y rehabilitaci\u00f3n de edificios del patrimonio hist\u00f3rico, donde fue galardonado con un Premio de Arquitectura de la Regi\u00f3n de Murcia por el desarrollo del Plan Integral de Rehabilitaci\u00f3n de Fachadas en Cartagena.<\/p>\n","protected":false},"featured_media":9091,"template":"","meta":{"_price":"","_stock":"","_tribe_ticket_header":"","_tribe_default_ticket_provider":"","_tribe_ticket_capacity":"0","_ticket_start_date":"","_ticket_end_date":"","_tribe_ticket_show_description":"","_tribe_ticket_show_not_going":false,"_tribe_ticket_use_global_stock":"","_tribe_ticket_global_stock_level":"","_global_stock_mode":"","_global_stock_cap":"","_tribe_rsvp_for_event":"","_tribe_ticket_going_count":"","_tribe_ticket_not_going_count":"","_tribe_tickets_list":[],"_tribe_ticket_has_attendee_info_fields":false},"categories":[],"barrera":[117],"pais":[],"acf":[],"_links":{"self":[{"href":"https:\/\/affordablehousingactivation.org\/es\/wp-json\/wp\/v2\/experts\/8711"}],"collection":[{"href":"https:\/\/affordablehousingactivation.org\/es\/wp-json\/wp\/v2\/experts"}],"about":[{"href":"https:\/\/affordablehousingactivation.org\/es\/wp-json\/wp\/v2\/types\/experts"}],"wp:featuredmedia":[{"embeddable":true,"href":"https:\/\/affordablehousingactivation.org\/es\/wp-json\/wp\/v2\/media\/9091"}],"wp:attachment":[{"href":"https:\/\/affordablehousingactivation.org\/es\/wp-json\/wp\/v2\/media?parent=8711"}],"wp:term":[{"taxonomy":"category","embeddable":true,"href":"https:\/\/affordablehousingactivation.org\/es\/wp-json\/wp\/v2\/categories?post=8711"},{"taxonomy":"barrera","embeddable":true,"href":"https:\/\/affordablehousingactivation.org\/es\/wp-json\/wp\/v2\/barrera?post=8711"},{"taxonomy":"pais","embeddable":true,"href":"https:\/\/affordablehousingactivation.org\/es\/wp-json\/wp\/v2\/pais?post=8711"}],"curies":[{"name":"wp","href":"https:\/\/api.w.org\/{rel}","templated":true}]}}

<p>Marcos Ros es diputado español al Parlamento Europeo, en el Grupo de la Alianza Progresista de Socialistas y Demócratas. Es miembro titular de la Comisión de Cultura y Educación y de la Comisión de Desarrollo Regional.</p>
<p>Marcos ha trabajado muy activamente en la Nueva Bauhaus Europea dentro del Parlamento Europeo, siendo el iniciador y coordinador del Grupo de Amistad de la Nueva Bauhaus Europea, que ahora cuenta con más de 30 eurodiputados. Ahora trabaja también como coponente del informe de iniciativa propia sobre la Nueva Bauhaus Europea de la Comisión de Cultura.</p>
<p>Su trayectoria profesional y política está estrechamente ligada a la arquitectura y el urbanismo. Es doctor en arquitectura por la Universidad de Madrid y profesor en excedencia de urbanismo en la Escuela de Arquitectura de Cartagena. En esta facultad dirigió un grupo de investigación sobre urbanismo. Marcos tiene también una gran experiencia en restauración y rehabilitación de edificios del patrimonio histórico, donde fue galardonado con un Premio de Arquitectura de la Región de Murcia por el desarrollo del Plan Integral de Rehabilitación de Fachadas en Cartagena.</p>
