{"id":8750,"date":"2022-05-10T13:00:07","date_gmt":"2022-05-10T11:00:07","guid":{"rendered":"https:\/\/affordablehousingactivation.org\/?post_type=experts&#038;p=8750"},"modified":"2022-05-10T13:00:07","modified_gmt":"2022-05-10T11:00:07","slug":"inaqui-carnicero","status":"publish","type":"experts","link":"https:\/\/affordablehousingactivation.org\/es\/experts\/inaqui-carnicero\/","title":{"rendered":"I\u00f1aqui Carnicero"},"content":{"rendered":"<p>Se doctor\u00f3 en arquitectura por la Universidad Polit\u00e9cnica de Madrid. Adem\u00e1s de su labor profesional como arquitecto, ha desarrollado su actividad en los campos de la docencia, la investigaci\u00f3n y el comisariado, respondiendo a cuestiones de vivienda, urbanismo y revitalizaci\u00f3n del tejido arquitect\u00f3nico existente.<\/p>\n<p>Su obra construida ha sido el resultado, en su mayor\u00eda, de primeros premios en concursos p\u00fablicos con una variedad de programas que incluye la vivienda colectiva y social, entre otros. Ha sido galardonado con el Le\u00f3n de Oro en 2016, el Premio FAD de Arquitectura en 2012, el Premio COAM 2012, el Premio AIA New York Housing 2015, el Premio de Arquitectura Emergente 2011, el Premio Hauser 2011 y el Design Vanguard 2011, entre otros.<\/p>\n<p>Ha impartido clases en Espa\u00f1a y en el extranjero, principalmente en Estados Unidos. Otras actividades internacionales son el co-comisariado del Pabell\u00f3n de Espa\u00f1a en la Bienal de Venecia 2016 con la exposici\u00f3n \u00abUnfinished\u00bb, premiada con el m\u00e1ximo galard\u00f3n, el Le\u00f3n de Oro al mejor pabell\u00f3n nacional.<\/p>\n","protected":false},"featured_media":8751,"template":"","meta":{"_price":"","_stock":"","_tribe_ticket_header":"","_tribe_default_ticket_provider":"","_tribe_ticket_capacity":"0","_ticket_start_date":"","_ticket_end_date":"","_tribe_ticket_show_description":"","_tribe_ticket_show_not_going":false,"_tribe_ticket_use_global_stock":"","_tribe_ticket_global_stock_level":"","_global_stock_mode":"","_global_stock_cap":"","_tribe_rsvp_for_event":"","_tribe_ticket_going_count":"","_tribe_ticket_not_going_count":"","_tribe_tickets_list":[],"_tribe_ticket_has_attendee_info_fields":false},"categories":[],"barrera":[117],"pais":[],"acf":[],"_links":{"self":[{"href":"https:\/\/affordablehousingactivation.org\/es\/wp-json\/wp\/v2\/experts\/8750"}],"collection":[{"href":"https:\/\/affordablehousingactivation.org\/es\/wp-json\/wp\/v2\/experts"}],"about":[{"href":"https:\/\/affordablehousingactivation.org\/es\/wp-json\/wp\/v2\/types\/experts"}],"wp:featuredmedia":[{"embeddable":true,"href":"https:\/\/affordablehousingactivation.org\/es\/wp-json\/wp\/v2\/media\/8751"}],"wp:attachment":[{"href":"https:\/\/affordablehousingactivation.org\/es\/wp-json\/wp\/v2\/media?parent=8750"}],"wp:term":[{"taxonomy":"category","embeddable":true,"href":"https:\/\/affordablehousingactivation.org\/es\/wp-json\/wp\/v2\/categories?post=8750"},{"taxonomy":"barrera","embeddable":true,"href":"https:\/\/affordablehousingactivation.org\/es\/wp-json\/wp\/v2\/barrera?post=8750"},{"taxonomy":"pais","embeddable":true,"href":"https:\/\/affordablehousingactivation.org\/es\/wp-json\/wp\/v2\/pais?post=8750"}],"curies":[{"name":"wp","href":"https:\/\/api.w.org\/{rel}","templated":true}]}}

Iñaqui Carnicero

<p>Se doctoró en arquitectura por la Universidad Politécnica de Madrid. Además de su labor profesional como arquitecto, ha desarrollado su actividad en los campos de la docencia, la investigación y el comisariado, respondiendo a cuestiones de vivienda, urbanismo y revitalización del tejido arquitectónico existente.</p>
<p>Su obra construida ha sido el resultado, en su mayoría, de primeros premios en concursos públicos con una variedad de programas que incluye la vivienda colectiva y social, entre otros. Ha sido galardonado con el León de Oro en 2016, el Premio FAD de Arquitectura en 2012, el Premio COAM 2012, el Premio AIA New York Housing 2015, el Premio de Arquitectura Emergente 2011, el Premio Hauser 2011 y el Design Vanguard 2011, entre otros.</p>
<p>Ha impartido clases en España y en el extranjero, principalmente en Estados Unidos. Otras actividades internacionales son el co-comisariado del Pabellón de España en la Bienal de Venecia 2016 con la exposición «Unfinished», premiada con el máximo galardón, el León de Oro al mejor pabellón nacional.</p>
