{"id":8791,"date":"2022-05-10T17:30:36","date_gmt":"2022-05-10T15:30:36","guid":{"rendered":"https:\/\/affordablehousingactivation.org\/?post_type=experts&#038;p=8791"},"modified":"2022-05-10T17:54:31","modified_gmt":"2022-05-10T15:54:31","slug":"pascual-ignacio-navarro","status":"publish","type":"experts","link":"https:\/\/affordablehousingactivation.org\/es\/experts\/pascual-ignacio-navarro\/","title":{"rendered":"Pascual Ignacio Navarro"},"content":{"rendered":"<p>Licenciado en Derecho por la Universidad de Murcia y diplomado en Derecho Internacional P\u00fablico por la Universidad de Paris I Sorbonne y en Relaciones Internacionales por la London School of Economics, es miembro de la carrera diplom\u00e1tica desde 1987. Ha servido en las Embajadas de Espa\u00f1a en Damasco, Copenhague y Brasilia. Ha sido Jefe de \u00c1rea de Extranjer\u00eda y Asilo, Subdirector General de Cooperaci\u00f3n para Am\u00e9rica Central y Subdirector General para Asuntos de Terrorismo.<\/p>\n<p>Ha sido Consejero en la Representaci\u00f3n Permanente de Espa\u00f1a ante la Uni\u00f3n Europea, Director del Gabinete del Secretario de Estado para la Uni\u00f3n Europea, Embajador de Espa\u00f1a en la Rep\u00fablica Checa y Asesor para Asuntos Institucionales de la Uni\u00f3n Europea. Recientemente, era Director General de Mercado Interior y otras Pol\u00edticas Comunitarias en la Secretar\u00eda de Estado para la Uni\u00f3n Europea.<\/p>\n","protected":false},"featured_media":8800,"template":"","meta":{"_price":"","_stock":"","_tribe_ticket_header":"","_tribe_default_ticket_provider":"","_tribe_ticket_capacity":"0","_ticket_start_date":"","_ticket_end_date":"","_tribe_ticket_show_description":"","_tribe_ticket_show_not_going":false,"_tribe_ticket_use_global_stock":"","_tribe_ticket_global_stock_level":"","_global_stock_mode":"","_global_stock_cap":"","_tribe_rsvp_for_event":"","_tribe_ticket_going_count":"","_tribe_ticket_not_going_count":"","_tribe_tickets_list":[],"_tribe_ticket_has_attendee_info_fields":false},"categories":[],"barrera":[115],"pais":[],"acf":[],"_links":{"self":[{"href":"https:\/\/affordablehousingactivation.org\/es\/wp-json\/wp\/v2\/experts\/8791"}],"collection":[{"href":"https:\/\/affordablehousingactivation.org\/es\/wp-json\/wp\/v2\/experts"}],"about":[{"href":"https:\/\/affordablehousingactivation.org\/es\/wp-json\/wp\/v2\/types\/experts"}],"wp:featuredmedia":[{"embeddable":true,"href":"https:\/\/affordablehousingactivation.org\/es\/wp-json\/wp\/v2\/media\/8800"}],"wp:attachment":[{"href":"https:\/\/affordablehousingactivation.org\/es\/wp-json\/wp\/v2\/media?parent=8791"}],"wp:term":[{"taxonomy":"category","embeddable":true,"href":"https:\/\/affordablehousingactivation.org\/es\/wp-json\/wp\/v2\/categories?post=8791"},{"taxonomy":"barrera","embeddable":true,"href":"https:\/\/affordablehousingactivation.org\/es\/wp-json\/wp\/v2\/barrera?post=8791"},{"taxonomy":"pais","embeddable":true,"href":"https:\/\/affordablehousingactivation.org\/es\/wp-json\/wp\/v2\/pais?post=8791"}],"curies":[{"name":"wp","href":"https:\/\/api.w.org\/{rel}","templated":true}]}}

<p>Licenciado en Derecho por la Universidad de Murcia y diplomado en Derecho Internacional Público por la Universidad de Paris I Sorbonne y en Relaciones Internacionales por la London School of Economics, es miembro de la carrera diplomática desde 1987. Ha servido en las Embajadas de España en Damasco, Copenhague y Brasilia. Ha sido Jefe de Área de Extranjería y Asilo, Subdirector General de Cooperación para América Central y Subdirector General para Asuntos de Terrorismo.</p>
<p>Ha sido Consejero en la Representación Permanente de España ante la Unión Europea, Director del Gabinete del Secretario de Estado para la Unión Europea, Embajador de España en la República Checa y Asesor para Asuntos Institucionales de la Unión Europea. Recientemente, era Director General de Mercado Interior y otras Políticas Comunitarias en la Secretaría de Estado para la Unión Europea.</p>
