{"id":8794,"date":"2022-05-10T17:45:25","date_gmt":"2022-05-10T15:45:25","guid":{"rendered":"https:\/\/affordablehousingactivation.org\/?post_type=experts&#038;p=8794"},"modified":"2022-05-10T18:23:15","modified_gmt":"2022-05-10T16:23:15","slug":"natalia-martinez","status":"publish","type":"experts","link":"https:\/\/affordablehousingactivation.org\/es\/experts\/natalia-martinez\/","title":{"rendered":"Natalia Mart\u00ednez"},"content":{"rendered":"<p>Licenciada en Ciencias Econ\u00f3micas en la especialidad de Ciencia Pol\u00edtica y Sociolog\u00eda (Barcelona, 1991), realiz\u00f3 un Erasmus de postgrado en Ocio y Turismo en la Universiteit Gent y en la Cheltenham School of Higher Education. Cabe destacar sus trabajos de investigaci\u00f3n: \u201cVacaciones organizadas y discapacidades visuales\u201d (1992) y \u201cCentros Especiales de Talleres Ocupacionales en Barcelona\u201d con el profesor Sebasti\u00e0 Sarasa Urdiola de la Universidad Pompeu Fabra (1994).<\/p>\n<p>Su actividad profesional se desarrolla en el sector inmobiliario. Es titulada como Agente de la Propiedad Inmobiliaria (1993) y Administradora de Fincas colegiada (1994). Fue titular y directora de la empresa familiar Inogar dedicada a la intermediaci\u00f3n inmobiliaria, la gesti\u00f3n de patrimonios y alquileres y la administraci\u00f3n de comunidades hasta 2011, posteriormente esta empresa se fusion\u00f3 con Amat Immobiliaris, en la que trabaj\u00f3 durante cuatro a\u00f1os en el departamento de patrimonios. En octubre de 2015 se incorpora al equipo de la Fundaci\u00f3n H\u00e0bitat3, vivienda para la inclusi\u00f3n social, como Responsable del \u00c1rea de captaci\u00f3n de viviendas.<\/p>\n<p>Es miembro del Patronato de Som \u2013 Fundaci\u00f3 desde el a\u00f1o 2009.<\/p>\n","protected":false},"featured_media":8804,"template":"","meta":{"_price":"","_stock":"","_tribe_ticket_header":"","_tribe_default_ticket_provider":"","_tribe_ticket_capacity":"0","_ticket_start_date":"","_ticket_end_date":"","_tribe_ticket_show_description":"","_tribe_ticket_show_not_going":false,"_tribe_ticket_use_global_stock":"","_tribe_ticket_global_stock_level":"","_global_stock_mode":"","_global_stock_cap":"","_tribe_rsvp_for_event":"","_tribe_ticket_going_count":"","_tribe_ticket_not_going_count":"","_tribe_tickets_list":[],"_tribe_ticket_has_attendee_info_fields":false},"categories":[],"barrera":[118],"pais":[],"acf":[],"_links":{"self":[{"href":"https:\/\/affordablehousingactivation.org\/es\/wp-json\/wp\/v2\/experts\/8794"}],"collection":[{"href":"https:\/\/affordablehousingactivation.org\/es\/wp-json\/wp\/v2\/experts"}],"about":[{"href":"https:\/\/affordablehousingactivation.org\/es\/wp-json\/wp\/v2\/types\/experts"}],"wp:featuredmedia":[{"embeddable":true,"href":"https:\/\/affordablehousingactivation.org\/es\/wp-json\/wp\/v2\/media\/8804"}],"wp:attachment":[{"href":"https:\/\/affordablehousingactivation.org\/es\/wp-json\/wp\/v2\/media?parent=8794"}],"wp:term":[{"taxonomy":"category","embeddable":true,"href":"https:\/\/affordablehousingactivation.org\/es\/wp-json\/wp\/v2\/categories?post=8794"},{"taxonomy":"barrera","embeddable":true,"href":"https:\/\/affordablehousingactivation.org\/es\/wp-json\/wp\/v2\/barrera?post=8794"},{"taxonomy":"pais","embeddable":true,"href":"https:\/\/affordablehousingactivation.org\/es\/wp-json\/wp\/v2\/pais?post=8794"}],"curies":[{"name":"wp","href":"https:\/\/api.w.org\/{rel}","templated":true}]}}

Natalia Martínez

<p>Licenciada en Ciencias Económicas en la especialidad de Ciencia Política y Sociología (Barcelona, 1991), realizó un Erasmus de postgrado en Ocio y Turismo en la Universiteit Gent y en la Cheltenham School of Higher Education. Cabe destacar sus trabajos de investigación: “Vacaciones organizadas y discapacidades visuales” (1992) y “Centros Especiales de Talleres Ocupacionales en Barcelona” con el profesor Sebastià Sarasa Urdiola de la Universidad Pompeu Fabra (1994).</p>
<p>Su actividad profesional se desarrolla en el sector inmobiliario. Es titulada como Agente de la Propiedad Inmobiliaria (1993) y Administradora de Fincas colegiada (1994). Fue titular y directora de la empresa familiar Inogar dedicada a la intermediación inmobiliaria, la gestión de patrimonios y alquileres y la administración de comunidades hasta 2011, posteriormente esta empresa se fusionó con Amat Immobiliaris, en la que trabajó durante cuatro años en el departamento de patrimonios. En octubre de 2015 se incorpora al equipo de la Fundación Hàbitat3, vivienda para la inclusión social, como Responsable del Área de captación de viviendas.</p>
<p>Es miembro del Patronato de Som – Fundació desde el año 2009.</p>
